{"text_format":"3","workbook":"xlsx","n_sheets":4,"sheets":["Club","Joueur","classement club","Code couleur"],"not_rendered":{"macros":1,"external_links":1,"defined_names":4},"read":"whole","date_system":"1900"}

{"sheet":"Club","index":0,"n_rows":631,"n_cols":56,"rows_kept":631,"merged":[[0,10,0,11],[0,13,0,14],[0,38,0,39],[0,40,0,41],[0,49,0,50],[2,18,628,18]]}
[{"$nulls":5},"Chuisnes","B.O.C.","Crécy","Charpont","Bonneval","Luray",null,"Vichères","Challet - Bailleau",null,"Cloyes","St G.M.","Bonneval","Yèvres","St Eliph","Blévy M","Challet - B","Cloyes","Charpont","Chuisnes","Cheminots","Cheminots","B.O.C.","Ouarville","Luray","St G.M.","La Gauloise","Gas","Charpont","B.O.C.","Blévy M","La Gauloise","Ouarville","Luray",null,"Yèvres",null,"Crécy","St Eliph","Challet - B","Vichères","B.O.C.","Charpont","Luray","La Gauloise",null,"Gas","St Eliph","TOTAL"]
[null,"Club","nom prénom","concours nbs",{"$f":"NumCouleur(D2)","v":{"$error":"#NAME?"}},"2024-09-01","2024-09-07","2024-09-08","2024-09-14","2024-09-15","21/09/2024   TRI","21/09/2024         DM","22/09/2024    QUA","28/09/2024   TRI","28/09/2024         DF","2024-09-29","2024-10-05","2024-10-06","2024-10-12","2024-10-13","2024-10-19","2024-10-20","2024-10-26","2024-10-27","2024-11-02","2024-11-03","2024-11-09","2024-11-10","2024-11-16","2024-11-17","2024-11-23","2024-11-24","2024-11-30","2025-03-01","2025-03-02","2025-03-08","2025-03-09","2025-03-15","16/03/2025      DOU","16/03/2025    DM","22/03/2025      DOU","22/03/2025    DM","2025-03-23","2025-03-29","2025-04-05","06/04/2025   TRI-M","2025-04-12","2025-04-13","2025-04-19","26/04/2025      DOU","26/04/2025    DM","2025-04-27","2025-05-03","individuel"]
[1,"BLEVY MAILLEBOIS","BIDARD Philippe",{"$f":"COUNTIF(F3:BA3,\">1\")","v":6},"HVS",{"$nulls":13},"ANNULÉ",12,15,10,null,10,10,10,{"$nulls":27},{"$f":"SUM(F3:BA3)","v":67},2]
[2,"BLEVY MAILLEBOIS","BOULAY Christophe",0,"HAD",{"$nulls":48},0,2]
[3,"BLEVY MAILLEBOIS","BRETAGNE Fabien",1,"HAS",{"$nulls":15},10,{"$nulls":32},10,2]
[4,"BLEVY MAILLEBOIS","BURSON Anthony",3,"HAS",{"$nulls":3},12,{"$nulls":7},12,{"$nulls":3},10,{"$nulls":32},34,2]
[5,"BLEVY MAILLEBOIS","DUFOSSE Anthony",1,"HAS",{"$nulls":15},10,{"$nulls":32},10,2]
[6,"BLEVY MAILLEBOIS","FREMONT Benoît",12,"HVS",22,20,16,30,null,10,null,null,10,null,null,20,null,null,15,10,10,null,null,30,12,{"$nulls":27},205,2]
[7,"BLEVY MAILLEBOIS","FREMONT Denis",9,"HVS",null,null,12,10,null,10,null,null,10,null,null,16,null,null,15,{"$nulls":3},10,10,10,{"$nulls":27},103,2]
[8,"BLEVY MAILLEBOIS","FREMONT Stéphane",12,"HAS",22,20,16,30,null,10,null,null,10,null,null,20,null,null,15,10,10,null,null,30,12,{"$nulls":27},205,2]
[9,"BLEVY MAILLEBOIS","GAJAS Gaspard",0,"HAS",{"$nulls":48},0,2]
[10,"BLEVY MAILLEBOIS","GAUTIER Laurent",5,"HVS",{"$nulls":14},10,10,10,null,10,10,{"$nulls":28},50,2]
[11,"BLEVY MAILLEBOIS","GILLOT Julien",3,"HAS",{"$nulls":3},12,{"$nulls":10},10,10,{"$nulls":32},32,2]
[12,"BLEVY MAILLEBOIS","GILLOT Moïse",9,"HVS",null,null,12,10,null,10,null,null,10,null,null,16,null,null,15,{"$nulls":3},10,10,10,{"$nulls":27},103,2]
[13,"BLEVY MAILLEBOIS","GLOTIN Julien",1,"HAS",{"$nulls":11},12,{"$nulls":36},12,2]
[14,"BLEVY MAILLEBOIS","GREVIN Kaëlig",1,"HJS",{"$nulls":11},12,{"$nulls":36},12,2]
[15,"BLEVY MAILLEBOIS","GREVIN Michel",11,"HVS",null,10,10,10,{"$nulls":4},10,null,null,12,null,null,10,15,10,null,10,12,10,{"$nulls":27},119,2]
[16,"BLEVY MAILLEBOIS","GUGGENBUHL Claude",3,"HVS",{"$nulls":3},10,{"$nulls":6},10,{"$nulls":4},10,{"$nulls":32},30,2]
[17,"BLEVY MAILLEBOIS","HANDZICH Maryse",4,"FVS",{"$nulls":15},10,10,null,10,12,{"$nulls":28},42,2]
[18,"BLEVY MAILLEBOIS","JURE Eric",4,"HVS",{"$nulls":8},10,null,null,16,null,null,15,{"$nulls":3},10,{"$nulls":29},51,2]
[19,"BLEVY MAILLEBOIS","LARHANTEC Louis",3,"HVS",null,10,{"$nulls":6},10,{"$nulls":6},30,{"$nulls":32},50,2]
[20,"BLEVY MAILLEBOIS","LAUVRAY Raymonde",4,"FVD",{"$nulls":15},10,10,null,10,10,{"$nulls":28},40,2]
[21,"BLEVY MAILLEBOIS","LEMAIRE Raphael",5,"HAS",null,null,10,10,{"$nulls":4},10,{"$nulls":5},10,{"$nulls":3},10,{"$nulls":29},50,2]
[22,"BLEVY MAILLEBOIS","MACHADO Federico",4,"HVD",{"$nulls":14},10,10,10,null,10,{"$nulls":29},40,2]
[23,"BLEVY MAILLEBOIS","MAIA Christophe",10,"HAS",null,null,12,12,null,10,null,null,10,null,null,12,null,null,10,10,null,null,10,10,10,{"$nulls":27},106,2]
[24,"BLEVY MAILLEBOIS","MARTIN Antoine",1,"HAS",{"$nulls":15},10,{"$nulls":32},10,2]
[25,"BLEVY MAILLEBOIS","MARTIN Eric",9,"HVS",null,10,10,{"$nulls":5},10,null,null,12,null,null,12,30,10,null,null,12,10,{"$nulls":27},116,2]
[26,"BLEVY MAILLEBOIS","MARTIN Gaëtan",6,"HAS",null,null,10,{"$nulls":5},10,{"$nulls":5},12,30,10,{"$nulls":3},10,{"$nulls":27},82,2]
[27,"BLEVY MAILLEBOIS","MARTIN Pierre",3,"HAS",null,null,10,{"$nulls":13},10,{"$nulls":3},10,{"$nulls":27},30,2]
[28,"BLEVY MAILLEBOIS","MOREAU Baptiste",2,"HAS",{"$nulls":3},10,{"$nulls":6},10,{"$nulls":37},20,2]
[29,"BLEVY MAILLEBOIS","MORIN Anthony",0,"HAS",{"$nulls":48},0,2]
[30,"BLEVY MAILLEBOIS","SMIESCZAK Thibaut",3,"HAS",null,null,10,{"$nulls":12},15,{"$nulls":4},10,{"$nulls":27},35,2]
[31,"BLEVY MAILLEBOIS","TROUILLET Baptiste",0,"HAS",{"$nulls":48},0,2]
[32,"BLEVY MAILLEBOIS","VAZQUEZ Baptiste",8,"HAS",null,20,16,null,null,10,{"$nulls":5},20,{"$nulls":3},10,10,null,null,30,12,{"$nulls":27},128,2]
[33,"BLEVY MAILLEBOIS","WEISS Julien",{"$f":"COUNTIF(F35:BA35,\">1\")","v":2},"HAS",{"$nulls":8},10,{"$nulls":6},10,{"$nulls":32},20,2,{"$f":"SUM(BB3:BB35)","v":1812}]
[34,"BONNEVAL","BEDOT Frédéric",3,"HVS",{"$nulls":4},14,{"$nulls":5},10,{"$nulls":6},15,{"$nulls":30},39,3]
[35,"BONNEVAL","BEDOT Marie Claire",0,"FVS",{"$nulls":48},0,3]
[36,"BONNEVAL","BOUILLY Eric",5,"HVS",{"$nulls":4},15,{"$nulls":5},10,{"$nulls":4},10,null,15,null,10,{"$nulls":28},60,3]
[37,"BONNEVAL","BRETON Gilbert",2,"HVD",{"$nulls":4},14,{"$nulls":5},10,{"$nulls":37},24,3]
[38,"BONNEVAL","BRETON Patricia",1,"FVD",{"$nulls":10},10,{"$nulls":37},10,3]
[39,"BONNEVAL","COUDRAY Sylvain",2,"HAD",{"$nulls":12},10,{"$nulls":6},10,{"$nulls":28},20,3]
[40,"BONNEVAL","COURTOIS Victor",2,"HJS",{"$nulls":4},14,{"$nulls":5},10,{"$nulls":37},24,3]
[41,"BONNEVAL","DUVIGNEAU Jean François",1,"HVD",{"$nulls":20},12,{"$nulls":27},12,3]
[42,"BONNEVAL","FAVRÉ Mickael",2,"HAD",{"$nulls":4},16,{"$nulls":7},15,{"$nulls":35},31,3]
[43,"BONNEVAL","GALLAIS Janny",4,"HVD",{"$nulls":4},10,{"$nulls":7},10,{"$nulls":4},10,null,10,{"$nulls":28},40,3]
[44,"BONNEVAL","LACOSTE Phillippe",6,"HVD",{"$nulls":4},15,{"$nulls":5},10,null,15,null,null,10,null,15,null,10,{"$nulls":28},75,3]
[45,"BONNEVAL","LINGET Martine",3,"FVS",{"$nulls":10},10,null,10,{"$nulls":4},10,{"$nulls":30},30,3]
[46,"BONNEVAL","MATHIEU Maxime",1,"HAS",{"$nulls":4},16,{"$nulls":43},16,3]
[47,"BONNEVAL","MAUGET Bruno",3,"HVS",{"$nulls":4},15,{"$nulls":10},10,{"$nulls":3},10,{"$nulls":28},35,3]
[48,"BONNEVAL","PERRICHOT Denis",2,"HVS",{"$nulls":12},15,{"$nulls":7},12,{"$nulls":27},27,3]
[49,"BONNEVAL","THOMAS Eric",3,"HVD",{"$nulls":12},10,{"$nulls":6},10,12,{"$nulls":27},32,3]
[50,"BONNEVAL","VAUGLIN Marcel",4,"HVD",{"$nulls":4},10,{"$nulls":5},10,null,10,{"$nulls":4},10,{"$nulls":30},40,3]
[51,"BONNEVAL","VINCENZI Sylvain",1,"HVS",{"$nulls":4},16,{"$nulls":43},16,3,{"$f":"SUM(BB36:BB53)","v":531}]
[52,"BOUGLAINVAL","ALLOUIS Corentin",14,"HAD",10,15,18,10,10,15,null,10,10,null,10,10,18,null,15,{"$nulls":3},10,null,20,{"$nulls":27},181,4]
[53,"BOUGLAINVAL","ALLOUIS Stéphane",9,"HVS",20,18,null,12,null,15,null,10,10,{"$nulls":5},15,{"$nulls":3},10,null,10,{"$nulls":27},120,4]
[54,"BOUGLAINVAL","BATAYER Gilberte",0,"FVS",{"$nulls":48},0,4]
[55,"BOUGLAINVAL","BATAYER Yves",0,"HVS",{"$nulls":48},0,4]
[56,"BOUGLAINVAL","BOILLOD Sylvain",7,"HVS",null,10,{"$nulls":3},12,null,null,10,null,null,10,{"$nulls":3},15,null,null,10,10,{"$nulls":28},77,4]
[57,"BOUGLAINVAL","BREMAUD André",4,"HVD",null,null,10,null,null,12,{"$nulls":9},10,10,{"$nulls":31},42,4]
[58,"BOUGLAINVAL","CANALES Corinne",null,"FVD",{"$nulls":48},0,4]
[59,"BOUGLAINVAL","CAUSERET Gilles",{"$f":"COUNTIF(F61:BA61,\">1\")","v":8},"HVD",{"$nulls":3},10,12,10,null,null,10,null,10,{"$nulls":6},25,10,10,{"$nulls":28},97,4]
[60,"BOUGLAINVAL","CHALLE Sébastien",11,"HAS",10,10,10,14,10,10,null,15,null,null,12,{"$nulls":3},10,null,12,null,10,{"$nulls":29},123,4]
[61,"BOUGLAINVAL","CHALLE Stéphane",5,"HAS",null,10,{"$nulls":6},12,null,null,14,{"$nulls":3},14,{"$nulls":3},10,{"$nulls":28},60,4]
[62,"BOUGLAINVAL","CHARTIER Bernard",11,"HVS",null,25,10,12,10,{"$nulls":3},10,null,null,12,{"$nulls":3},10,null,10,10,10,10,{"$nulls":27},129,4]
[63,"BOUGLAINVAL","COUELLAUD Walter",13,"HAS",null,10,null,10,10,10,null,10,10,null,10,10,null,null,10,null,10,10,10,25,{"$nulls":28},145,4]
[64,"BOUGLAINVAL","COUPECHOUX Gérard",1,"HVS",null,20,{"$nulls":46},20,4]
[65,"BOUGLAINVAL","CRAMPOND Yannick",3,"HVD",{"$nulls":18},10,10,10,{"$nulls":27},{"$f":"SUM(F67:BA67)","v":30},4]
[66,"BOUGLAINVAL","CRETON Michel",10,"HVD",10,10,null,10,12,10,{"$nulls":5},10,{"$nulls":4},10,10,10,10,{"$nulls":28},102,4]
[67,"BOUGLAINVAL","CRETON Renée",10,"FVD",10,10,null,10,12,10,{"$nulls":5},10,{"$nulls":4},10,10,10,10,{"$nulls":28},102,4]
[68,"BOUGLAINVAL","DENEFF Anne",8,"FAS",10,15,{"$nulls":4},10,15,{"$nulls":3},10,{"$nulls":3},10,10,null,null,10,{"$nulls":28},90,4]
[69,"BOUGLAINVAL","DENEFF Estéban",7,"HJS",10,10,{"$nulls":4},15,15,{"$nulls":3},10,{"$nulls":3},10,10,{"$nulls":31},80,4]
[70,"BOUGLAINVAL","DENEFF Guillaume",8,"HAS",10,15,{"$nulls":4},10,15,{"$nulls":3},12,{"$nulls":3},10,22,null,null,10,{"$nulls":28},104,4]
[71,"BOUGLAINVAL","DHERVILLIERS Patrice",4,"HVS",null,10,null,10,{"$nulls":4},12,null,null,10,{"$nulls":36},42,4]
[72,"BOUGLAINVAL","ESLAN Pierre",8,"HVD",{"$nulls":3},10,12,10,null,null,10,{"$nulls":5},15,10,null,10,10,{"$nulls":29},87,4]
[73,"BOUGLAINVAL","FABRY Emmanuel",8,"HVS",null,25,null,22,{"$nulls":4},10,null,15,{"$nulls":3},15,14,null,null,14,15,{"$nulls":28},130,4]
[74,"BOUGLAINVAL","FRESNEDA Angelo",6,"HVD",null,10,null,10,null,null,10,{"$nulls":8},10,22,null,null,10,{"$nulls":28},72,4]
[75,"BOUGLAINVAL","GAMMUTO Giovanna",1,"FAS",{"$nulls":7},16,{"$nulls":40},16,4]
[76,"BOUGLAINVAL","GARGASSON Jacky",8,"HVD",20,12,{"$nulls":6},10,null,10,{"$nulls":4},10,14,null,10,null,10,{"$nulls":27},96,4]
[77,"BOUGLAINVAL","GARGASSON Patricia",5,"FVD",10,12,{"$nulls":7},15,10,{"$nulls":9},10,{"$nulls":27},57,4]
[78,"BOUGLAINVAL","GARNIER Michel",3,"HVS",10,10,{"$nulls":5},10,{"$nulls":40},30,4]
[79,"BOUGLAINVAL","GASTINEL Patrice",4,"HVS",null,10,null,22,null,15,null,null,10,{"$nulls":39},57,4]
[80,"BOUGLAINVAL","GAUDEFROY Patrice",7,"HVS",15,20,{"$nulls":3},15,null,null,10,null,null,10,{"$nulls":3},25,{"$nulls":3},10,{"$nulls":28},105,4]
[81,"BOUGLAINVAL","GESTIN Emmanuelle",6,"FAD",{"$nulls":3},10,null,null,10,null,null,20,null,12,{"$nulls":4},10,null,null,10,{"$nulls":28},72,4]
[82,"BOUGLAINVAL","GESTIN Jean Philippe",6,"HVD",{"$nulls":3},10,null,null,10,null,10,{"$nulls":6},10,22,null,null,10,{"$nulls":28},72,4]
[83,"BOUGLAINVAL","GESTIN Luyana",2,"FJD",{"$nulls":6},10,10,{"$nulls":40},20,4]
[84,"BOUGLAINVAL","GOLLION Stephane",7,"HAS",null,10,{"$nulls":5},16,null,null,10,{"$nulls":3},10,null,10,null,10,25,{"$nulls":28},91,4]
[85,"BOUGLAINVAL","GOURDAIN Pascal",1,"HVD",{"$nulls":5},15,{"$nulls":42},15,4]
[86,"BOUGLAINVAL","GUILLAMOT David",3,"HAS",{"$nulls":3},10,10,{"$nulls":14},15,{"$nulls":28},35,4]
[87,"BOUGLAINVAL","HALGRAIN Francis",3,"HVS",{"$nulls":8},10,{"$nulls":3},18,{"$nulls":4},25,{"$nulls":30},53,4]
[88,"BOUGLAINVAL","HERY Vincent",7,"HVS",{"$nulls":3},22,10,{"$nulls":3},10,null,15,{"$nulls":3},15,{"$nulls":3},14,15,{"$nulls":28},101,4]
[89,"BOUGLAINVAL","HICGUET Anne-Claire",9,"FAS",10,10,10,14,10,{"$nulls":5},10,{"$nulls":3},10,null,12,null,10,{"$nulls":29},96,4]
[90,"BOUGLAINVAL","LE BARS Didier",3,"HVD",null,10,null,18,{"$nulls":14},10,{"$nulls":29},{"$f":"SUM(F92:BA92)","v":38},4]
[91,"BOUGLAINVAL","LE BRIS Fabrice",15,"HVS",15,18,null,null,10,15,null,10,10,null,12,14,null,null,10,25,10,10,10,10,10,{"$nulls":27},189,4]
[92,"BOUGLAINVAL","LIBERT Didier",5,"HAD",null,10,null,10,12,10,null,null,10,{"$nulls":39},52,4]
[93,"BOUGLAINVAL","LOREILLER Bruno",12,"HVD",10,null,10,10,null,12,null,16,10,null,null,10,null,null,15,25,12,null,10,25,{"$nulls":28},165,4]
[94,"BOUGLAINVAL","MACHILS Didier",{"$f":"COUNTIF(F96:BA96,\">1\")","v":0},"HVD",{"$nulls":48},0,4]
[95,"BOUGLAINVAL","MANIEZ Evan",3,"HJS",null,null,10,{"$nulls":12},10,{"$nulls":3},14,{"$nulls":28},34,4]
[96,"BOUGLAINVAL","MANIEZ Grégory",5,"HAS",15,null,10,{"$nulls":5},10,{"$nulls":6},10,{"$nulls":3},14,{"$nulls":28},59,4]
[97,"BOUGLAINVAL","MANIEZ Hugo",6,"HAS",null,null,10,10,{"$nulls":11},10,null,25,10,14,{"$nulls":28},79,4]
[98,"BOUGLAINVAL","MARTEL Laurent",3,"HAS",null,18,{"$nulls":10},18,{"$nulls":3},10,{"$nulls":31},46,4]
[99,"BOUGLAINVAL","MARTIN Gérard",11,"HVD",20,12,null,null,10,10,null,10,10,null,10,{"$nulls":4},15,14,null,10,null,20,{"$nulls":27},141,4]
[100,"BOUGLAINVAL","MARTIN Nadine",10,"FVD",10,10,null,null,10,10,null,10,null,15,10,{"$nulls":4},15,null,null,10,null,20,{"$nulls":27},120,4]
[101,"BOUGLAINVAL","MEHANECHE Roger",8,"HVS",10,10,null,12,null,10,{"$nulls":10},10,null,10,10,10,{"$nulls":27},82,4]
[102,"BOUGLAINVAL","MENAGER Jean Paul",8,"HVD",null,20,null,10,{"$nulls":4},12,null,10,{"$nulls":5},14,null,10,10,10,{"$nulls":27},96,4]
[103,"BOUGLAINVAL","PENON Damien",4,"HAS",null,25,null,null,10,{"$nulls":3},10,{"$nulls":9},14,{"$nulls":29},59,4]
[104,"BOUGLAINVAL","POLVE Jacques",7,"HVD",10,10,{"$nulls":3},10,null,16,{"$nulls":6},10,{"$nulls":3},10,10,{"$nulls":28},76,4]
[105,"BOUGLAINVAL","POUPEAU Henri",1,"HVS",{"$nulls":4},10,{"$nulls":43},10,4]
[106,"BOUGLAINVAL","POUSSET Alexandre",4,"HAS",null,10,null,10,{"$nulls":7},14,{"$nulls":3},14,{"$nulls":32},48,4]
[107,"BOUGLAINVAL","PREVOST Francoise",5,"FVD",10,null,10,10,null,null,15,{"$nulls":4},10,{"$nulls":36},55,4]
[108,"BOUGLAINVAL","RANVIER Marcel",7,"HVD",null,10,null,10,12,10,{"$nulls":5},10,{"$nulls":3},10,null,null,10,{"$nulls":29},72,4]
[109,"BOUGLAINVAL","ROLLET Patrick",7,"HAS",null,10,null,10,null,10,null,null,10,null,null,10,{"$nulls":4},10,null,10,{"$nulls":29},70,4]
[110,"BOUGLAINVAL","SANCHEZ Antoine",{"$f":"COUNTIF(F112:BA112,\">1\")","v":0},"HVS",{"$nulls":48},{"$f":"SUM(F112:BA112)","v":0},4]
[111,"BOUGLAINVAL","TOUTAIN Sylvie",5,"FVS",null,10,null,14,{"$nulls":5},20,{"$nulls":6},10,null,null,10,{"$nulls":28},64,4,{"$f":"SUM(BB54:BB113)","v":4304}]
[112,"BOULES CLUB CLOYSIEN","ALEXANDRE Marc",{"$f":"COUNTIF(F114:BA114,\">1\")","v":0},"HVS",{"$nulls":48},{"$f":"SUM(F114:BA114)","v":0},17]
[113,"BOULES CLUB CLOYSIEN","ALEXANDRE Maxence",0,"HAS",{"$nulls":48},0,17]
[114,"BOULES CLUB CLOYSIEN","BELAN Christophe",6,"HAS",{"$nulls":4},10,18,null,null,10,null,10,{"$nulls":4},10,{"$nulls":3},10,{"$nulls":28},68,17]
[115,"BOULES CLUB CLOYSIEN","BORTOLI cyril",{"$f":"COUNTIF(F117:BA117,\">1\")","v":0},"HAS",{"$nulls":48},0,17]
[116,"BOULES CLUB CLOYSIEN","BOSSOIS Christian",2,"HAD",{"$nulls":16},20,20,{"$nulls":30},40,17]
[117,"BOULES CLUB CLOYSIEN","BOULARD Celia",1,"FAS",{"$nulls":10},10,{"$nulls":37},10,17]
[118,"BOULES CLUB CLOYSIEN","BOULARD Christophe",0,"HVS",{"$nulls":48},0,17]
[119,"BOULES CLUB CLOYSIEN","CAVALLI Hervé",3,"HAS",{"$nulls":10},18,{"$nulls":5},12,null,10,{"$nulls":29},40,17]
[120,"BOULES CLUB CLOYSIEN","CHAUVEAU Denis",4,"HVS",{"$nulls":4},25,{"$nulls":5},30,{"$nulls":5},12,null,10,{"$nulls":29},77,17]
[121,"BOULES CLUB CLOYSIEN","FRANCOIS André",1,"HVD",{"$nulls":10},10,{"$nulls":37},{"$f":"SUM(F123:BA123)","v":10},17]
[122,"BOULES CLUB CLOYSIEN","GAUGUIN Alain",6,"HAS",{"$nulls":8},10,{"$nulls":7},20,20,10,10,10,{"$nulls":27},80,17]
[123,"BOULES CLUB CLOYSIEN","GERARD Frederique",9,"HAS",20,{"$nulls":3},22,null,20,null,10,null,18,{"$nulls":3},22,10,null,30,null,12,{"$nulls":28},164,17]
[124,"BOULES CLUB CLOYSIEN","GERARD MARINE",6,"FAS",{"$nulls":4},22,null,15,null,null,15,10,{"$nulls":3},12,10,{"$nulls":32},84,17]
[125,"BOULES CLUB CLOYSIEN","GERARD Marie-Laure",8,"FAS",{"$nulls":4},12,10,{"$nulls":3},22,10,null,15,null,12,10,{"$nulls":3},12,{"$nulls":28},103,17]
[126,"BOULES CLUB CLOYSIEN","GERARD Michel",6,"HVS",{"$nulls":4},12,null,null,12,10,null,10,{"$nulls":3},10,{"$nulls":4},12,{"$nulls":28},{"$f":"SUM(F128:BA128)","v":66},17]
[127,"BOULES CLUB CLOYSIEN","HOUE Jean Pierre",7,"HVS",{"$nulls":4},20,{"$nulls":5},10,10,{"$nulls":3},22,14,22,10,{"$nulls":29},108,17]
[128,"BOULES CLUB CLOYSIEN","LALLIOT Clement",{"$f":"COUNTIF(F130:BA130,\">1\")","v":4},"HAS",{"$nulls":4},10,{"$nulls":5},16,{"$nulls":3},10,{"$nulls":3},10,{"$nulls":29},{"$f":"SUM(F130:BA130)","v":46},17]
[129,"BOULES CLUB CLOYSIEN","LALLIOT Gildas",8,"HAS",20,null,10,null,12,{"$nulls":5},10,null,15,null,22,null,10,null,30,{"$nulls":29},129,17]
[130,"BOULES CLUB CLOYSIEN","LALLIOT Manon",6,"FAS",null,null,10,{"$nulls":3},20,null,null,15,10,{"$nulls":5},10,null,null,10,{"$nulls":28},75,17]
[131,"BOULES CLUB CLOYSIEN","LALLIOT Priscilla",7,"FAS",null,null,10,null,null,10,{"$nulls":3},22,10,null,10,null,12,{"$nulls":4},10,{"$nulls":28},84,17]
[132,"BOULES CLUB CLOYSIEN","LASCAUX Yohann",{"$f":"COUNTIF(F134:BA134,\">1\")","v":0},"HAS",{"$nulls":48},0,17]
[133,"BOULES CLUB CLOYSIEN","MAURICE Marc",12,"HVS",{"$nulls":4},20,null,null,12,14,null,12,10,null,null,10,22,14,22,10,10,10,{"$nulls":27},{"$f":"SUM(F135:BA135)","v":166},17]
[134,"BOULES CLUB CLOYSIEN","PATEYRON Michel",11,"HVS",{"$nulls":4},20,null,null,12,null,null,12,10,10,null,10,22,14,null,10,10,10,{"$nulls":27},140,17]
[135,"BOULES CLUB CLOYSIEN","PEAUGER Christian",11,"HVS",null,null,10,null,10,18,null,null,10,null,10,null,15,null,10,10,10,null,30,10,{"$nulls":28},{"$f":"SUM(F137:BA137)","v":143},17]
[136,"BOULES CLUB CLOYSIEN","QUINTAIS LUCIA",4,"FVS",{"$nulls":4},25,{"$nulls":5},10,{"$nulls":5},12,null,10,{"$nulls":29},57,17]
[137,"BOULES CLUB CLOYSIEN","ROLANDEAU Mehdi",3,"HAS",{"$nulls":4},25,{"$nulls":5},30,{"$nulls":7},10,{"$nulls":29},65,17]
[138,"BOULES CLUB CLOYSIEN","SOLLET Stéphane",{"$f":"COUNTIF(F140:BA140,\">1\")","v":0},"HVS",{"$nulls":48},0,17]
[139,"BOULES CLUB CLOYSIEN","TANCRE Catherine",10,"FVS",null,null,10,{"$nulls":4},12,10,null,10,null,10,null,10,null,10,22,10,10,{"$nulls":28},{"$f":"SUM(F141:BA141)","v":114},17]
[140,"BOULES CLUB CLOYSIEN","TOURNAY Quentin",6,"HAS",{"$nulls":4},10,null,15,null,10,null,10,{"$nulls":3},22,10,{"$nulls":32},77,17]
[141,"BOULES CLUB CLOYSIEN","TRIAN Annie",0,"FVS",{"$nulls":48},{"$f":"SUM(F143:BA143)","v":0},17]
[142,"BOULES CLUB CLOYSIEN","TRIAU Lucas",7,"HAS",{"$nulls":4},10,18,{"$nulls":4},16,{"$nulls":3},10,null,10,30,10,{"$nulls":29},104,17]
[143,"BOULES CLUB CLOYSIEN","TRIAU Fabrice",7,"HAS",20,{"$nulls":3},22,{"$nulls":3},10,null,10,{"$nulls":3},10,null,10,null,30,{"$nulls":29},112,17]
[144,"BOULES CLUB CLOYSIEN","VIMEUX Rene",3,"HVS",{"$nulls":8},10,null,10,{"$nulls":6},30,{"$nulls":30},50,17]
[145,"BOULES CLUB CLOYSIEN","VINCENT Cyril",2,"HAD",{"$nulls":16},20,20,{"$nulls":30},{"$f":"SUM(F147:BA147)","v":40},17]
[146,"BOULES CLUB CLOYSIEN","VINCENZI Julie",7,"FAS",null,null,10,null,10,10,{"$nulls":4},10,{"$nulls":3},10,{"$nulls":3},10,10,{"$nulls":28},70,17,{"$f":"SUM(BB114:BB148)","v":2322}]
[147,"CHALLET-BAILLEAU L'EVEQUE","BOIS Daniel",2,"HVS",{"$nulls":8},10,{"$nulls":7},12,{"$nulls":31},22,5]
[148,"CHALLET-BAILLEAU L'EVEQUE","BOISSAY Agès",6,"FVS",null,null,12,null,10,{"$nulls":4},16,null,10,{"$nulls":4},10,null,null,10,{"$nulls":28},{"$f":"SUM(F150:BA150)","v":68},5]
[149,"CHALLET-BAILLEAU L'EVEQUE","BORGES DE MORAIS Frédéric",4,"HAS",{"$nulls":3},10,{"$nulls":4},10,{"$nulls":5},10,null,10,{"$nulls":31},{"$f":"SUM(F151:BA151)","v":40},5]
[150,"CHALLET-BAILLEAU L'EVEQUE","BORGES DE MORAIS José",5,"HVS",10,{"$nulls":6},10,10,{"$nulls":5},10,null,10,{"$nulls":31},{"$f":"SUM(F152:BA152)","v":50},5]
[151,"CHALLET-BAILLEAU L'EVEQUE","BOUFFERAIT Dominique",{"$f":"COUNTIF(F153:BA153,\">1\")","v":0},"HVS",{"$nulls":48},{"$f":"SUM(F153:BA153)","v":0},5]
[152,"CHALLET-BAILLEAU L'EVEQUE","BRABANT Annick",4,"FVS",null,10,{"$nulls":4},12,null,null,30,10,{"$nulls":37},62,5]
[153,"CHALLET-BAILLEAU L'EVEQUE","CATTANEO Brigitte",4,"FVS",{"$nulls":7},15,null,12,{"$nulls":6},15,{"$nulls":3},10,{"$nulls":27},52,5]
[154,"CHALLET-BAILLEAU L'EVEQUE","CATTANEO Didier",5,"HVS",null,10,{"$nulls":5},15,10,{"$nulls":7},15,{"$nulls":3},10,{"$nulls":27},60,5]
[155,"CHALLET-BAILLEAU L'EVEQUE","COUDIER Alain",6,"HVS",null,10,null,10,null,10,null,null,10,null,10,{"$nulls":3},10,{"$nulls":33},60,5]
[156,"CHALLET-BAILLEAU L'EVEQUE","DEMONCAY Florence",6,"FAS",10,null,null,10,null,null,15,null,null,30,10,{"$nulls":5},10,{"$nulls":31},85,5]
[157,"CHALLET-BAILLEAU L'EVEQUE","DEMONCAY Patrick",9,"HVS",10,10,null,10,null,null,15,10,10,null,10,15,{"$nulls":4},10,{"$nulls":31},100,5]
[158,"CHALLET-BAILLEAU L'EVEQUE","DENIEAULT Patrice",6,"HVS",10,10,{"$nulls":6},10,null,null,10,null,null,10,null,10,{"$nulls":31},60,5]
[159,"CHALLET-BAILLEAU L'EVEQUE","DUMONT Isabelle",9,"FVS",null,null,12,10,10,null,null,15,10,null,null,10,null,null,10,null,15,{"$nulls":3},10,{"$nulls":27},102,5]
[160,"CHALLET-BAILLEAU L'EVEQUE","DURQUETY Catherine",5,"FVS",null,10,{"$nulls":4},10,null,null,16,null,10,{"$nulls":7},10,{"$nulls":28},56,5]
[161,"CHALLET-BAILLEAU L'EVEQUE","FROGER Cédric",1,"HAS",{"$nulls":16},10,{"$nulls":31},10,5]
[162,"CHALLET-BAILLEAU L'EVEQUE","FROGER Didier",1,"HVS",{"$nulls":16},10,{"$nulls":31},10,5]
[163,"CHALLET-BAILLEAU L'EVEQUE","FROGER Muriel",1,"FVS",{"$nulls":16},10,{"$nulls":31},10,5]
[164,"CHALLET-BAILLEAU L'EVEQUE","IMPERIALE Chantal",4,"FVS",{"$nulls":6},12,null,null,12,10,{"$nulls":5},10,{"$nulls":31},44,5]
[165,"CHALLET-BAILLEAU L'EVEQUE","IMPERIALE Claude",8,"HVS",null,10,{"$nulls":4},12,null,10,null,10,15,null,null,10,null,10,null,null,10,{"$nulls":28},87,5]
[166,"CHALLET-BAILLEAU L'EVEQUE","LATIMIER Jean Jacques",4,"HVS",{"$nulls":8},10,null,null,10,{"$nulls":4},12,null,null,10,{"$nulls":28},42,5]
[167,"CHALLET-BAILLEAU L'EVEQUE","LATIMIER Michel",4,"HVS",{"$nulls":5},10,null,null,10,null,null,10,{"$nulls":7},10,{"$nulls":28},40,5]
[168,"CHALLET-BAILLEAU L'EVEQUE","LATIMIER Pascal",10,"HVS",10,10,12,10,null,10,null,15,10,null,null,10,{"$nulls":4},10,null,null,10,{"$nulls":28},107,5]
[169,"CHALLET-BAILLEAU L'EVEQUE","LE PAGE Jean Pierre",1,"HVS",{"$nulls":8},10,{"$nulls":39},10,5]
[170,"CHALLET-BAILLEAU L'EVEQUE","MOISSON David",4,"HAS",null,10,null,10,null,10,null,null,10,{"$nulls":39},40,5]
[171,"CHALLET-BAILLEAU L'EVEQUE","NICOLAS Brigitte",2,"FVS",{"$nulls":8},10,{"$nulls":7},10,{"$nulls":31},20,5]
[172,"CHALLET-BAILLEAU L'EVEQUE","PAMBRUN Anthony",1,"HAS",{"$nulls":8},10,{"$nulls":39},10,5]
[173,"CHALLET-BAILLEAU L'EVEQUE","PRIEUR Patrice",2,"HAS",null,10,{"$nulls":3},10,{"$nulls":42},20,5]
[174,"CHALLET-BAILLEAU L'EVEQUE","ROBILLARD Gilles",5,"HVS",null,10,{"$nulls":6},10,null,null,10,{"$nulls":4},12,null,null,10,{"$nulls":28},52,5]
[175,"CHALLET-BAILLEAU L'EVEQUE","SOIRAT Brigitte",1,"FVS",{"$nulls":8},10,{"$nulls":39},10,5]
[176,"CHALLET-BAILLEAU L'EVEQUE","SOIRAT Philippe",5,"HVD",{"$nulls":3},10,null,10,null,null,10,null,null,15,{"$nulls":4},10,{"$nulls":31},55,5]
[177,"CHALLET-BAILLEAU L'EVEQUE","TAUPIN Arnaud",2,"HAS",{"$nulls":8},14,{"$nulls":7},10,{"$nulls":31},24,5]
[178,"CHALLET-BAILLEAU L'EVEQUE","TAUPIN Maxime",4,"HJS",{"$nulls":4},10,null,null,10,14,{"$nulls":7},10,{"$nulls":31},44,5]
[179,"CHALLET-BAILLEAU L'EVEQUE","VAN ELSLANDER Paul",4,"HAS",10,10,null,10,null,null,12,{"$nulls":41},42,5]
[180,"CHALLET-BAILLEAU L'EVEQUE","WINGEL Lionel",6,"HVS",null,10,{"$nulls":4},10,10,10,{"$nulls":7},10,null,null,10,{"$nulls":28},60,5,{"$f":"SUM(BB149:BB182)","v":1554}]
[181,"CHARPONT","BECHE Roland",6,"HVS",null,14,null,15,{"$nulls":4},10,{"$nulls":6},10,10,null,10,{"$nulls":29},69,6]
[182,"CHARPONT","BESSONEAU Lionel",0,"HVS",{"$nulls":48},0,6]
[183,"CHARPONT","BOISSEAU Laurent",0,"HVS",{"$nulls":48},0,6]
[184,"CHARPONT","BONHOMME Loic",0,"HAS",{"$nulls":48},0,6]
[185,"CHARPONT","BOUCHERY Anne Marie",2,"FVS",{"$nulls":11},10,{"$nulls":6},10,{"$nulls":29},20,6]
[186,"CHARPONT","BOUCHERY Michel",2,"HVS",{"$nulls":11},10,{"$nulls":6},10,{"$nulls":29},20,6]
[187,"CHARPONT","BOUILLON Isabelle",2,"FVD",{"$nulls":15},10,10,{"$nulls":31},20,6]
[188,"CHARPONT","BOUVIER Carl",13,"HVS",15,10,10,10,null,10,null,12,15,{"$nulls":5},10,10,10,null,10,10,10,{"$nulls":27},142,6]
[189,"CHARPONT","BRETON Gerard",1,"HAS",{"$nulls":18},10,{"$nulls":29},10,6]
[190,"CHARPONT","BRETON Timéo",1,"HJS",{"$nulls":18},10,{"$nulls":29},10,6]
[191,"CHARPONT","BROSCRITTO Luigi",6,"HVS",12,null,10,null,null,12,{"$nulls":5},18,null,null,10,{"$nulls":3},10,{"$nulls":29},72,6]
[192,"CHARPONT","CASSAGNABERE Franck",7,"HVS",null,null,10,10,null,10,{"$nulls":5},15,null,null,10,null,10,{"$nulls":3},12,{"$nulls":27},77,6]
[193,"CHARPONT","CEULEMANS Cédric",13,"HAS",null,10,10,null,null,30,null,25,10,null,null,10,null,null,15,10,15,12,10,20,10,{"$nulls":27},187,6]
[194,"CHARPONT","CHAMPAGNAT Jean Pierre",1,"HV",{"$nulls":3},10,{"$nulls":44},10,6]
[195,"CHARPONT","COMPAIN Francois",{"$f":"COUNTIF(F197:BA197,\">1\")","v":9},"HVS",null,10,10,10,null,15,null,null,10,{"$nulls":5},10,{"$nulls":3},10,10,10,{"$nulls":27},95,6]
[196,"CHARPONT","COMPAIN Xavier",4,"HAD",{"$nulls":8},10,{"$nulls":5},10,{"$nulls":4},10,10,{"$nulls":27},40,6]
[197,"CHARPONT","DAVIAU Noel",2,"HVS",null,10,null,10,{"$nulls":44},20,6]
[198,"CHARPONT","DELAHAYE Mickael",9,"HAS",15,14,null,10,null,null,14,null,10,null,null,15,{"$nulls":4},15,null,10,20,{"$nulls":28},123,6]
[199,"CHARPONT","DELAMARE Hervé",12,"HVD",10,{"$nulls":4},10,null,10,15,null,null,10,10,null,10,12,12,12,10,null,10,{"$nulls":27},131,6]
[200,"CHARPONT","DERANGERE Patricia",1,"FVS",{"$nulls":8},10,{"$nulls":39},10,6]
[201,"CHARPONT","DOERRHOEFER Dominique",0,"HVS",{"$nulls":48},{"$f":"SUM(F203:BA203)","v":0},6]
[202,"CHARPONT","DULOQUIN Dominique",1,"HVS",{"$nulls":10},10,{"$nulls":37},10,6]
[203,"CHARPONT","EMILE Antoine",6,"HVS",null,10,12,{"$nulls":7},10,null,10,{"$nulls":3},10,null,10,{"$nulls":29},62,6]
[204,"CHARPONT","EMILE Béatrice",3,"FVS",null,10,{"$nulls":14},10,null,10,{"$nulls":29},30,6]
[205,"CHARPONT","FAURE Christophe",8,"HVS",null,16,10,10,{"$nulls":7},18,null,null,10,12,10,null,10,{"$nulls":29},96,6]
[206,"CHARPONT","FAYARD Lionel",3,"HVS",{"$nulls":3},15,{"$nulls":12},10,null,10,{"$nulls":29},35,6]
[207,"CHARPONT","FERE Olivier",3,"HAS",{"$nulls":11},15,{"$nulls":6},10,null,12,{"$nulls":27},37,6]
[208,"CHARPONT","FLORIN Terry",5,"HAS",{"$nulls":3},10,{"$nulls":7},15,{"$nulls":4},10,15,null,null,12,{"$nulls":27},62,6]
[209,"CHARPONT","FOSSE Emeline",10,"FJS",null,12,10,10,null,null,10,12,10,null,null,10,null,null,10,{"$nulls":4},10,12,{"$nulls":27},106,6]
[210,"CHARPONT","FRANCOIS Alex",0,"HVS",{"$nulls":48},0,6]
[211,"CHARPONT","FREBOURG Dominique",1,"HVS",{"$nulls":18},10,{"$nulls":29},10,6]
[212,"CHARPONT","GUERITAULT Micheline",3,"FVS",{"$nulls":3},10,{"$nulls":7},10,{"$nulls":6},10,{"$nulls":29},30,6]
[213,"CHARPONT","GUERZA Ylies",4,"HAS",{"$nulls":3},30,null,10,{"$nulls":10},10,null,null,10,{"$nulls":28},60,6]
[214,"CHARPONT","HENRY Fabrice",1,"HVS",{"$nulls":3},10,{"$nulls":44},10,6]
[215,"CHARPONT","JANNIN Luc",2,"HAD",{"$nulls":11},15,{"$nulls":4},10,{"$nulls":31},25,6]
[216,"CHARPONT","JEANNOT Lucie",11,"FAS",null,10,10,{"$nulls":3},14,25,null,15,{"$nulls":4},10,10,15,null,10,10,10,{"$nulls":27},139,6]
[217,"CHARPONT","JOLIBOIS Jérome",4,"HAS",{"$nulls":3},10,null,10,{"$nulls":5},15,{"$nulls":8},10,{"$nulls":27},45,6]
[218,"CHARPONT","JOSSE Marcel",11,"HVS",null,10,12,10,10,15,null,18,{"$nulls":6},10,12,null,null,10,10,10,{"$nulls":27},127,6]
[219,"CHARPONT","JOSSE Marie Helene",10,"FVS",null,16,10,10,10,null,16,10,{"$nulls":7},10,null,null,10,10,10,{"$nulls":27},112,6]
[220,"CHARPONT","LAUVRAY sébastien",12,"HAS",15,14,10,10,null,null,16,10,10,{"$nulls":5},10,10,10,null,10,10,{"$nulls":28},135,6]
[221,"CHARPONT","LE MANACH Pascal",11,"HVD",10,null,10,10,null,12,null,10,16,null,null,10,10,null,null,12,10,{"$nulls":3},15,{"$nulls":27},125,6]
[222,"CHARPONT","LEGOFF Philippe",1,"HVS",{"$nulls":3},10,{"$nulls":44},10,6]
[223,"CHARPONT","LELOUTRE André",1,"HVS",{"$nulls":18},10,{"$nulls":29},10,6]
[224,"CHARPONT","LOYER Jean François",9,"HVD",16,null,null,10,null,12,null,null,15,null,null,10,10,null,10,{"$nulls":4},10,15,{"$nulls":27},108,6]
[225,"CHARPONT","MAILLARD Guy",7,"HVS",null,null,12,10,null,10,null,null,10,null,null,10,{"$nulls":3},10,null,null,12,{"$nulls":29},74,6]
[226,"CHARPONT","MARIGNIER Pascal",0,"HVS",{"$nulls":48},0,6]
[227,"CHARPONT","MATHURIN Alain",4,"HVS",{"$nulls":11},10,10,{"$nulls":3},12,null,10,{"$nulls":29},42,6]
[228,"CHARPONT","MATHURIN Elodie",0,"FAD",{"$nulls":48},0,6]
[229,"CHARPONT","MATHURIN Odile",3,"FVD",{"$nulls":11},10,{"$nulls":4},10,null,10,{"$nulls":29},30,6]
[230,"CHARPONT","MILLET Valentin",4,"HJS",null,16,null,10,10,{"$nulls":13},10,{"$nulls":29},46,6]
[231,"CHARPONT","MOREL Didier",3,"HVS",{"$nulls":4},20,null,null,18,{"$nulls":10},10,{"$nulls":29},48,6]
[232,"CHARPONT","NICHOLAS Maxime",0,"HAS",{"$nulls":48},0,6]
[233,"CHARPONT","NICHOLAS Thierry",12,"HVS",10,10,10,10,null,10,null,18,10,{"$nulls":6},10,10,null,15,20,10,{"$nulls":27},143,6]
[234,"CHARPONT","NOVEL Jean François",7,"HVD",10,null,null,10,{"$nulls":3},10,{"$nulls":4},10,{"$nulls":3},10,null,10,null,15,{"$nulls":27},75,6]
[235,"CHARPONT","OCHI Samy",4,"HAD",{"$nulls":5},16,null,null,10,{"$nulls":7},15,null,10,{"$nulls":29},51,6]
[236,"CHARPONT","ONDO Jean-Hilaire",7,"HVD",{"$nulls":3},10,null,10,null,null,10,{"$nulls":5},10,null,12,null,10,null,12,{"$nulls":27},74,6]
[237,"CHARPONT","ORIARD Sylvain",1,"HVS",null,10,{"$nulls":46},10,6]
[238,"CHARPONT","PALARIC Nathalie",8,"FVS",{"$nulls":3},10,10,null,null,18,null,15,{"$nulls":5},10,null,null,10,10,15,{"$nulls":27},98,6]
[239,"CHARPONT","PANARO Brigitte",0,"FVS",{"$nulls":48},0,6]
[240,"CHARPONT","PANARO Christophe",0,"HVS",{"$nulls":48},0,6]
[241,"CHARPONT","PAROT Jean-Louis",1,"HVS",{"$nulls":18},12,{"$nulls":29},12,6]
[242,"CHARPONT","PEGO Lisandro",4,"HJ",{"$nulls":5},16,{"$nulls":10},10,null,10,10,{"$nulls":28},46,6]
[243,"CHARPONT","PERRIN Cyril",6,"HAD",14,10,{"$nulls":3},30,{"$nulls":10},10,null,10,10,{"$nulls":28},84,6]
[244,"CHARPONT","PERRIN Raphael",6,"HJS",14,10,{"$nulls":3},16,{"$nulls":10},10,null,10,10,{"$nulls":28},70,6]
[245,"CHARPONT","PITOT Cédric",10,"HAD",null,10,10,10,null,null,10,12,{"$nulls":8},15,15,10,10,10,{"$nulls":27},112,6]
[246,"CHARPONT","PITOT Didier",10,"HVS",10,null,10,15,20,null,null,12,16,{"$nulls":7},10,null,10,10,10,{"$nulls":27},123,6]
[247,"CHARPONT","PITOT Jean Patrick",5,"HVS",null,null,10,15,{"$nulls":3},12,{"$nulls":10},10,null,10,{"$nulls":27},57,6]
[248,"CHARPONT","PITOT Micheline",10,"FVS",16,null,10,10,10,null,null,12,null,15,{"$nulls":6},10,null,10,10,15,{"$nulls":27},118,6]
[249,"CHARPONT","PITOT Wilfrid",5,"HAS",null,10,{"$nulls":5},25,{"$nulls":6},15,{"$nulls":3},10,null,10,{"$nulls":27},70,6]
[250,"CHARPONT","POMMEREUIL Johann",5,"HAS",{"$nulls":8},10,null,null,10,{"$nulls":3},10,null,null,10,null,10,{"$nulls":27},50,6]
[251,"CHARPONT","POTIER Frédéric",2,"HAS",{"$nulls":3},10,null,10,{"$nulls":42},20,6]
[252,"CHARPONT","PRESTVOINE Mickael",7,"HAS",{"$nulls":3},15,{"$nulls":6},10,{"$nulls":4},10,10,null,10,10,12,{"$nulls":27},77,6]
[253,"CHARPONT","PRIEUR Alain",11,"HVS",10,null,10,10,10,null,null,10,10,null,10,{"$nulls":4},12,10,null,10,null,16,{"$nulls":27},118,6]
[254,"CHARPONT","PRIEUR Laure",9,"FVS",16,null,10,10,{"$nulls":3},10,null,15,10,{"$nulls":4},12,null,null,15,null,10,{"$nulls":27},108,6]
[255,"CHARPONT","RIBEIRO Manuel",8,"HVS",12,null,10,10,{"$nulls":3},12,10,null,null,18,null,null,10,{"$nulls":3},15,{"$nulls":29},97,6]
[256,"CHARPONT","RICOLLEAU Laurent",1,"HAS",{"$nulls":18},10,{"$nulls":29},10,6]
[257,"CHARPONT","ROUSSEAU Marielle",7,"FVS",null,12,null,10,{"$nulls":4},10,null,10,{"$nulls":7},10,10,10,{"$nulls":27},72,6]
[258,"CHARPONT","ROUSSEAU Patrick",8,"HVS",null,12,null,15,20,{"$nulls":3},16,null,10,{"$nulls":7},10,10,15,{"$nulls":27},108,6]
[259,"CHARPONT","ROUSSELET Pascal",{"$f":"COUNTIF(F261:BA261,\">1\")","v":5},"HVD",{"$nulls":3},10,{"$nulls":3},10,{"$nulls":9},12,12,10,{"$nulls":28},54,6]
[260,"CHARPONT","ROUX Gérard",1,"HVS",{"$nulls":3},10,{"$nulls":44},10,6]
[261,"CHARPONT","SRIPRAMONG Maitri",7," HVS",12,10,10,null,null,15,null,12,10,null,10,{"$nulls":37},79,6]
[262,"CHARPONT","TOULOUSE Louis",8,"HAD",null,null,10,null,null,30,null,25,{"$nulls":6},15,null,15,15,10,null,10,{"$nulls":27},130,6,{"$f":"SUM(BB183:BB264)","v":4756}]
[263,"CHEMINOTS","BARBERA Alain",3,"HVS",10,{"$nulls":18},12,10,{"$nulls":27},32,7]
[264,"CHEMINOTS","BEN KADDOUR Cyrille",0,"HAS",{"$nulls":48},0,7]
[265,"CHEMINOTS","BLANDEL Evan",0,"HJD",{"$nulls":48},{"$f":"SUM(F267:BA267)","v":0},7]
[266,"CHEMINOTS","BLANDEL Franck",0,"HAS",{"$nulls":48},0,7]
[267,"CHEMINOTS","BONTHOUX Bruno",0,"HVS",{"$nulls":48},0,7]
[268,"CHEMINOTS","BOUCHEREAU Quentin",1,"HAS",{"$nulls":4},10,{"$nulls":43},10,7]
[269,"CHEMINOTS","CHAPELLE Thomas",0,"HAS",{"$nulls":48},0,7]
[270,"CHEMINOTS","DAVID Charly",1,"HVS",{"$nulls":20},10,{"$nulls":27},10,7]
[271,"CHEMINOTS","DAVORY Karl",0,"HAS",{"$nulls":48},0,7]
[272,"CHEMINOTS","DERRIEN Titouan",0,"HAS",{"$nulls":48},0,7]
[273,"CHEMINOTS","DREAN Julien",2,"HAS",{"$nulls":4},10,{"$nulls":11},30,{"$nulls":31},40,7]
[274,"CHEMINOTS","DUBOIS Bruno",1,"HAS",{"$nulls":16},10,{"$nulls":31},10,7]
[275,"CHEMINOTS","DUBOURG Nathan",0,"HAD",{"$nulls":48},0,7]
[276,"CHEMINOTS","ETENNE Pascal",0,"HVS",{"$nulls":48},0,7]
[277,"CHEMINOTS","FONTAINE Enzo",0,"HAS",{"$nulls":48},0,7]
[278,"CHEMINOTS","FOUCAULT José",0,"HVS",{"$nulls":48},0,7]
[279,"CHEMINOTS","FOUCAULT Yoan",0,"HAS",{"$nulls":48},0,7]
[280,"CHEMINOTS","GAMET David",1,"HAS",10,{"$nulls":47},10,7]
[281,"CHEMINOTS","GARNON Daniel",0,"HVS",{"$nulls":48},0,7]
[282,"CHEMINOTS","HAYE-BARBERA Amelie",2,"FAS",{"$nulls":15},16,{"$nulls":4},10,{"$nulls":27},26,7]
[283,"CHEMINOTS","HIRIEL Fabrice",5,"HAS",10,{"$nulls":14},16,30,null,null,12,10,{"$nulls":27},78,7]
[284,"CHEMINOTS","HUDAN Olivia",0,"FAS",{"$nulls":48},0,7]
[285,"CHEMINOTS","LE BRIS Rodolphe",0,"HAS",{"$nulls":48},0,7]
[286,"CHEMINOTS","LE BRIS Nino",0,"HAD",{"$nulls":48},0,7]
[287,"CHEMINOTS","LECLERC Jean-Michel",0,"HAS",{"$nulls":48},0,7]
[288,"CHEMINOTS","LESAGE Benjamin",0,"HAS",{"$nulls":48},0,7]
[289,"CHEMINOTS","LHOTE Jérome",1,"HVS",{"$nulls":20},10,{"$nulls":27},10,7]
[290,"CHEMINOTS","MEISSNER Simon",0,"HAS",{"$nulls":48},0,7]
[291,"CHEMINOTS","MOREAU Chloé",0,"FAS",{"$nulls":48},0,7]
[292,"CHEMINOTS","MOREAU Frédéric",2,"HAS",{"$nulls":16},10,{"$nulls":3},10,{"$nulls":27},20,7]
[293,"CHEMINOTS","MOREAU Maxime",5,"HAS",{"$nulls":4},10,{"$nulls":10},16,30,null,null,12,10,{"$nulls":27},78,7]
[294,"CHEMINOTS","PASQUERON Corentin",0,"HAS",{"$nulls":48},0,7]
[295,"CHEMINOTS","PASQUERON Denis",0,"HVS",{"$nulls":48},0,7]
[296,"CHEMINOTS","PEIGNEAU Richard",1,"HVS",{"$nulls":16},10,{"$nulls":31},10,7]
[297,"CHEMINOTS","PERRIOT Vanessa",1,"FAS",{"$nulls":20},10,{"$nulls":27},10,7]
[298,"CHEMINOTS","PICOT Patrick",0,"HVS",{"$nulls":48},0,7]
[299,"CHEMINOTS","RANDOUILLE Claude",0,"HVS",{"$nulls":48},0,7]
[300,"CHEMINOTS","RANDOUILLE Nadine",0,"FVS",{"$nulls":48},0,7]
[301,"CHEMINOTS","RINCON Fabio",0,"HAS",{"$nulls":48},0,7]
[302,"CHEMINOTS","ROULEAU Julien",0,"HAS",{"$nulls":48},0,7]
[303,"CHEMINOTS","VASSARD Noé",0,"HAS",{"$nulls":48},0,7,{"$f":"SUM(BB265:BB305)","v":344}]
[304,"CHUISNES","AUGER Jean Batiste",2,"HAS",0,{"$nulls":13},10,{"$nulls":4},10,{"$nulls":28},20,8]
[305,"CHUISNES","BASTHISTE Kevin",6,"HAS",{"$nulls":14},10,15,10,null,10,10,10,{"$nulls":27},65,8]
[306,"CHUISNES","BASTHISTE Olivier",2,"HVS",0,{"$nulls":15},10,null,null,10,{"$nulls":28},20,8]
[307,"CHUISNES","BAZOGE Nicilas",{"$f":"COUNTIF(F309:BA309,\">1\")","v":3},"HAS",{"$nulls":18},10,10,10,{"$nulls":27},{"$f":"SUM(F309:BA309)","v":30},8]
[308,"CHUISNES","BIGOT Sebastien",5,"HAS",0,{"$nulls":13},16,null,10,null,10,10,10,{"$nulls":27},56,8]
[309,"CHUISNES","BLANCHARD Christophe ",{"$f":"COUNTIF(F311:BA311,\">1\")","v":0},"HAS",{"$nulls":48},0,8]
[310,"CHUISNES","BLONDEAU Diane",0,"FAS",{"$nulls":48},0,8]
[311,"CHUISNES","DEPUSSAY Thierry",5,"HVS",{"$nulls":14},16,15,null,null,10,10,10,{"$nulls":27},61,8]
[312,"CHUISNES","DODIN Joris",3,"HAS",{"$nulls":18},10,10,10,{"$nulls":27},30,8]
[313,"CHUISNES","DODIN Thibault",{"$f":"COUNTIF(F315:BA315,\">1\")","v":3},"HAS",{"$nulls":14},10,{"$nulls":3},10,10,{"$nulls":28},30,8]
[314,"CHUISNES","DUBESSET Aurelien",4,"HAS",0,{"$nulls":13},16,{"$nulls":3},10,10,10,{"$nulls":27},46,8]
[315,"CHUISNES","DUBESSET Noel",1,"HVS",{"$nulls":16},10,{"$nulls":31},10,8]
[316,"CHUISNES","DUBOIS Thiefaine",3,"HAS",0,{"$nulls":13},10,{"$nulls":4},10,10,{"$nulls":27},30,8]
[317,"CHUISNES","FLESCH Alain",2,"HVS",0,{"$nulls":15},10,null,null,10,{"$nulls":28},20,8]
[318,"CHUISNES","GILLET Arnaud",{"$f":"COUNTIF(F320:BA320,\">1\")","v":2},"HAS",{"$nulls":19},10,10,{"$nulls":27},20,8]
[319,"CHUISNES","HERNANDEZ Patrice",4,"HVS",0,{"$nulls":14},15,null,null,10,10,10,{"$nulls":27},45,8]
[320,"CHUISNES","LAURENCE HAULTCOEUR Laetitia",3,"FAS",0,{"$nulls":13},10,null,10,null,null,10,{"$nulls":28},30,8]
[321,"CHUISNES","LEITE CASTRO Bruno",{"$f":"COUNTIF(F323:BA323,\">1\")","v":1},"HAS",{"$nulls":16},10,{"$nulls":31},{"$f":"SUM(F323:BA323)","v":10},8]
[322,"CHUISNES","LEITE CASTRO Enzo",1,"HAS",{"$nulls":16},10,{"$nulls":31},10,8]
[323,"CHUISNES","MALBET Aline",2,"FVS",0,{"$nulls":13},10,null,10,{"$nulls":31},20,8]
[324,"CHUISNES","MALBET Olivier",0,"HVS",0,{"$nulls":47},0,8]
[325,"CHUISNES","VIVIEN Cédric",{"$f":"COUNTIF(F327:BA327,\">1\")","v":1},"HAS",{"$nulls":18},10,{"$nulls":29},10,8,{"$f":"SUM(BB306:BB327)","v":563}]
[326,"CRECY- COUVE","AUVARD Claude",0,"HVD",{"$nulls":48},0,9]
[327,"CRECY- COUVE","BAZIRE Cédric",6,"HAD",25,null,null,18,{"$nulls":4},25,null,null,15,null,null,30,{"$nulls":5},30,{"$nulls":27},143,9]
[328,"CRECY- COUVE","BEFFROY Daniel",6,"HVD",10,{"$nulls":6},20,{"$nulls":7},12,10,null,null,10,16,{"$nulls":27},78,9]
[329,"CRECY- COUVE","BEGAL Dimitri",3,"HAS",null,null,10,{"$nulls":4},10,{"$nulls":10},15,{"$nulls":29},35,9]
[330,"CRECY- COUVE","BEGAL Pascal",{"$f":"COUNTIF(F332:BA332,\">1\")","v":6},"HVD",null,null,10,10,{"$nulls":4},10,{"$nulls":5},10,12,null,null,10,{"$nulls":29},62,9]
[331,"CRECY- COUVE","BEGAL William",8,"HVS",null,null,10,null,15,null,null,20,15,{"$nulls":5},10,10,15,null,10,{"$nulls":29},105,9]
[332,"CRECY- COUVE","BRAUD Claude",3,"HVS",{"$nulls":7},15,{"$nulls":9},15,null,null,10,{"$nulls":27},40,9]
[333,"CRECY- COUVE","BRAUD Oceanne",0,"FAS",{"$nulls":48},0,9]
[334,"CRECY- COUVE","BRAUD Stephanie",2,"FAS",{"$nulls":7},10,{"$nulls":12},10,{"$nulls":27},20,9]
[335,"CRECY- COUVE","BROU David",14,"HAD",15,15,30,null,null,15,null,10,15,null,null,10,22,null,10,10,10,null,22,10,10,{"$nulls":27},204,9]
[336,"CRECY- COUVE","BUCHET Gwendal",6,"HJD",null,null,15,{"$nulls":5},10,null,null,10,{"$nulls":3},10,null,null,20,16,{"$nulls":28},{"$f":"SUM(F338:BA338)","v":81},9]
[337,"CRECY- COUVE","CAMART Michel",7,"HAS",15,null,30,{"$nulls":4},10,{"$nulls":3},10,null,null,10,10,null,null,12,{"$nulls":29},97,9]
[338,"CRECY- COUVE","CANELAS David",5,"HVD",{"$nulls":4},15,{"$nulls":10},12,15,null,10,null,10,{"$nulls":27},62,9]
[339,"CRECY- COUVE","COLOMBEL Jean François",11,"HVD",null,15,15,25,null,null,30,null,25,null,null,15,null,null,30,null,25,null,25,10,30,{"$nulls":27},245,9]
[340,"CRECY- COUVE","COUTANCE Martine",6,"FVD",10,{"$nulls":6},20,{"$nulls":7},12,10,null,null,10,15,{"$nulls":27},77,9]
[341,"CRECY- COUVE","DAAGE Laetitia",5,"FAD",null,null,15,{"$nulls":4},12,null,12,null,10,{"$nulls":6},20,{"$nulls":29},69,9]
[342,"CRECY- COUVE","DEBERLE Claudine",0,"FVD",{"$nulls":48},0,9]
[343,"CRECY- COUVE","DEMEGLIO Yves",7,"HVD",10,null,18,18,null,15,null,null,10,null,15,10,{"$nulls":36},96,9]
[344,"CRECY- COUVE","ELIE Christine",6,"FVD",{"$nulls":3},15,{"$nulls":11},12,10,null,10,15,15,{"$nulls":27},77,9]
[345,"CRECY- COUVE","FASSEUR Jean Michel",2,"HVD",{"$nulls":8},10,{"$nulls":9},25,{"$nulls":29},35,9]
[346,"CRECY- COUVE","FERREIRA CORREIA Paulo",4,"HAD",{"$nulls":11},10,null,null,10,null,10,{"$nulls":3},10,{"$nulls":27},40,9]
[347,"CRECY- COUVE","FOURE James",3,"HAD",{"$nulls":12},12,null,10,{"$nulls":3},10,{"$nulls":29},32,9]
[348,"CRECY- COUVE","GANDON Chantal",5,"FVD",null,null,15,{"$nulls":4},10,{"$nulls":6},12,{"$nulls":3},22,null,10,{"$nulls":27},69,9]
[349,"CRECY- COUVE","GASSE MARGAT Jacky",7,"HVD",{"$nulls":3},15,null,20,null,null,10,{"$nulls":6},10,null,null,22,15,15,{"$nulls":27},107,9]
[350,"CRECY- COUVE","GAUDIN Jean Marc",7,"HVD",null,null,10,10,15,null,null,20,{"$nulls":7},12,10,{"$nulls":3},15,{"$nulls":27},92,9]
[351,"CRECY- COUVE","GERMAIN Stéphane",9,"HAD",15,null,null,15,null,14,null,10,15,null,null,22,12,null,10,{"$nulls":3},10,{"$nulls":29},123,9]
[352,"CRECY- COUVE","GOSNET Franck",9,"HAD",null,15,null,25,null,20,null,15,25,null,10,15,null,null,30,{"$nulls":3},25,{"$nulls":29},180,9]
[353,"CRECY- COUVE","GOUVEIA DE OLIVERA Maria",2,"FVS",{"$nulls":8},15,{"$nulls":6},10,{"$nulls":32},25,9]
[354,"CRECY- COUVE","HEBERT Ludovic",7,"HAS",25,15,20,null,null,25,null,null,10,{"$nulls":6},10,null,null,10,{"$nulls":29},115,9]
[355,"CRECY- COUVE","LAMY Laurent",9,"HVS",15,15,20,10,{"$nulls":3},10,15,null,10,null,12,{"$nulls":5},10,{"$nulls":29},117,9]
[356,"CRECY- COUVE","LANOE Christophe",11,"HVD",15,15,15,10,null,10,null,15,10,null,15,10,null,null,10,{"$nulls":3},10,{"$nulls":29},135,9]
[357,"CRECY- COUVE","LE BIHAN Olivier",3,"HAD",null,null,10,{"$nulls":5},15,{"$nulls":9},15,{"$nulls":29},40,9]
[358,"CRECY- COUVE","LE COINT Frédéric",8,"HAD",22,null,10,10,{"$nulls":3},10,15,{"$nulls":5},10,10,null,null,15,{"$nulls":29},102,9]
[359,"CRECY- COUVE","LE FLOHIC Bruno",8,"HVD",null,null,15,15,null,10,null,10,10,null,10,10,{"$nulls":6},10,{"$nulls":29},90,9]
[360,"CRECY- COUVE","LE GARREC Mauricette",5,"FVD",{"$nulls":7},10,null,12,{"$nulls":8},10,15,10,{"$nulls":27},57,9]
[361,"CRECY- COUVE","LE HELLEY Kevin",9,"HAS",10,{"$nulls":4},14,{"$nulls":5},10,22,null,10,null,12,null,12,10,10,{"$nulls":27},110,9]
[362,"CRECY- COUVE","LE HELLEY Marcel",13,"HVS",10,15,15,null,null,10,null,10,{"$nulls":3},22,22,null,10,10,10,null,20,10,30,{"$nulls":27},194,9]
[363,"CRECY- COUVE","LE MEUR Yoan",13,"HAS",10,15,20,10,null,15,null,null,15,null,null,22,null,null,10,10,12,null,12,10,10,{"$nulls":27},171,9]
[364,"CRECY- COUVE","LECOMTE Alexandra",8,"FAS",null,null,20,{"$nulls":3},30,15,{"$nulls":3},15,{"$nulls":3},10,25,null,10,10,{"$nulls":28},135,9]
[365,"CRECY- COUVE","LECONTE Luc",6,"HVS",null,15,20,25,{"$nulls":4},15,null,null,15,{"$nulls":7},15,{"$nulls":28},105,9]
[366,"CRECY- COUVE","LECONTE Steven",6,"HAD",{"$nulls":3},15,null,14,{"$nulls":5},15,{"$nulls":4},25,null,null,15,10,{"$nulls":27},94,9]
[367,"CRECY- COUVE","LECONTE Sylvain",8,"HAS",null,15,30,15,{"$nulls":3},10,10,{"$nulls":9},20,15,10,{"$nulls":27},125,9]
[368,"CRECY- COUVE","LHEMERY Mathieu",5,"HAS",null,15,20,null,null,25,null,null,10,{"$nulls":9},20,{"$nulls":29},90,9]
[369,"CRECY- COUVE","LOPES Carlos",7,"HAS",null,null,15,{"$nulls":4},12,{"$nulls":6},12,null,10,15,10,null,15,{"$nulls":27},89,9]
[370,"CRECY- COUVE","PIREAULT Christian",9,"HVD",15,null,15,{"$nulls":4},12,10,{"$nulls":5},12,10,null,null,20,16,10,{"$nulls":27},120,9]
[371,"CRECY- COUVE","SAULU Christophe",5,"HAS",25,{"$nulls":4},25,null,null,10,{"$nulls":6},10,null,null,10,{"$nulls":29},80,9]
[372,"CRECY- COUVE","TACHAT Bruno",10,"HVD",null,15,{"$nulls":3},20,null,12,10,null,10,{"$nulls":4},10,10,null,10,16,15,{"$nulls":27},128,9]
[373,"CRECY- COUVE","TACHEAU Jacques",2,"HVD",{"$nulls":16},15,15,{"$nulls":30},30,9,{"$f":"SUM(BB328:BB375)","v":4321}]
[374,"GAS","BRIANCEAU Frederique",3,"FVS",null,12,{"$nulls":5},10,{"$nulls":10},10,{"$nulls":29},32,10]
[375,"GAS","BRIANCEAU Patrice",2,"HVS",null,12,{"$nulls":16},10,{"$nulls":29},22,10]
[376,"GAS","BROU Jean-Claude",4,"HVS",null,12,null,10,{"$nulls":3},10,10,{"$nulls":39},42,10]
[377,"GAS","BROU Marie-France",4,"FVS",null,12,null,10,{"$nulls":3},10,10,{"$nulls":39},42,10]
[378,"GAS","BUZZI Sandra",4,"FVS",{"$nulls":3},10,null,null,15,14,{"$nulls":3},12,{"$nulls":36},51,10]
[379,"GAS","CASTILLO Philippe",3,"HVS",{"$nulls":3},10,{"$nulls":4},10,{"$nulls":6},10,{"$nulls":32},30,10]
[380,"GAS","DELAHAYE Eric",0,"HVS",{"$nulls":48},0,10]
[381,"GAS","DESILES Bernard",3,"HVS",{"$nulls":7},14,10,null,null,10,{"$nulls":36},34,10]
[382,"GAS","DESILES Ludovic",3,"HAS",{"$nulls":7},14,10,null,null,10,{"$nulls":36},34,10]
[383,"GAS","ESCALDA Carlos",0,"HVS",{"$nulls":48},0,10]
[384,"GAS","FAGOT François",0,"HAS",{"$nulls":48},0,10]
[385,"GAS","FERRAND Claude",2,"HVS",{"$nulls":3},10,{"$nulls":11},10,{"$nulls":32},20,10]
[386,"GAS","FROMENTIN Alain",5,"HVD",null,12,{"$nulls":5},10,10,{"$nulls":6},10,null,null,10,{"$nulls":29},52,10]
[387,"GAS","GAGNEBIEN René",2,"HVS",null,12,{"$nulls":6},10,{"$nulls":39},22,10]
[388,"GAS","HAMELIN Serge",2,"HVS",{"$nulls":8},10,null,null,10,{"$nulls":36},20,10]
[389,"GAS","LE FLOCH Isabelle",1,"HVS",{"$nulls":11},12,{"$nulls":36},12,10]
[390,"GAS","LIENARD Franck",3,"HVS",{"$nulls":8},10,null,null,10,{"$nulls":6},16,{"$nulls":29},36,10]
[391,"GAS","LIENARD Gerard",2,"HVS",{"$nulls":8},10,null,null,10,{"$nulls":36},20,10]
[392,"GAS","MALHADO Pédro",1,"HVS",{"$nulls":11},10,{"$nulls":36},10,10]
[393,"GAS","MARCHAND Patrick",1,"HVS",{"$nulls":11},10,{"$nulls":36},10,10]
[394,"GAS","MORIN Laurent",{"$f":"COUNTIF(F396:BA396,\">1\")","v":4},"HAS",{"$nulls":3},10,null,null,15,14,{"$nulls":3},12,{"$nulls":36},51,10]
[395,"GAS","PEZET Michel",3,"HVS",{"$nulls":8},10,null,null,10,{"$nulls":6},16,{"$nulls":29},36,10]
[396,"GAS","TOMAS Lydie",3,"FVS",{"$nulls":8},10,null,null,10,{"$nulls":6},16,{"$nulls":29},36,10,{"$f":"SUM(BB376:BB398)","v":612}]
[397,"LA GAULOISE","ANGELY Ludovic",4,"HAS",{"$nulls":12},10,null,10,10,null,10,{"$nulls":30},40,11]
[398,"LA GAULOISE","BROQUIN Michel",5,"HVS",{"$nulls":12},10,null,10,10,10,10,{"$nulls":30},50,11]
[399,"LA GAULOISE","BROSSIN Irène",6,"FVS",{"$nulls":10},10,null,10,null,null,10,null,14,12,12,{"$nulls":28},68,11]
[400,"LA GAULOISE","CABART BENOIT",4,"HAS",{"$nulls":10},10,null,10,null,10,null,10,{"$nulls":31},{"$f":"SUM(F402:BA402)","v":40},11]
[401,"LA GAULOISE","CABART CLEM",4,"FJS",{"$nulls":10},10,null,10,null,10,null,10,{"$nulls":31},40,11]
[402,"LA GAULOISE","CABART Georgette",9,"FVS",{"$nulls":9},15,10,null,16,null,10,10,10,10,10,10,{"$nulls":28},101,11]
[403,"LA GAULOISE","CABART KAREN",4,"HAS",{"$nulls":10},10,null,10,null,10,null,10,{"$nulls":31},40,11]
[404,"LA GAULOISE","CABART LUAN",6,"FJS",{"$nulls":10},10,null,12,null,10,null,10,10,10,{"$nulls":29},62,11]
[405,"LA GAULOISE","CABART Myriam",1,"FAS",{"$nulls":10},10,{"$nulls":37},10,11]
[406,"LA GAULOISE","CHANTEAU Didier",4,"HVS",{"$nulls":10},10,null,12,null,10,null,10,{"$nulls":31},42,11]
[407,"LA GAULOISE","COLIN Jérome",5,"HAS",{"$nulls":10},12,null,10,null,10,null,10,null,null,10,{"$nulls":28},52,11]
[408,"LA GAULOISE","COLOMINA Laetitia",5,"FAS",{"$nulls":9},15,null,null,16,{"$nulls":3},10,10,10,{"$nulls":29},61,11]
[409,"LA GAULOISE","FEZARD Magaly",3,"FAS",{"$nulls":14},10,null,10,null,null,12,{"$nulls":28},32,11]
[410,"LA GAULOISE","GALLAY David",4,"HAS",{"$nulls":10},10,null,10,null,10,10,{"$nulls":32},40,11]
[411,"LA GAULOISE","GRISVAL Sébastien",2,"HAS",{"$nulls":17},14,null,10,{"$nulls":28},24,11]
[412,"LA GAULOISE","LABRUYÈRE Patricia",5,"FAS",{"$nulls":10},10,null,10,null,10,null,10,null,null,10,{"$nulls":28},50,11]
[413,"LA GAULOISE","LEFRANC Bernard",0,"HVS",{"$nulls":48},0,11]
[414,"LA GAULOISE","LEROUX Bruno",0,"HAS",{"$nulls":48},0,11]
[415,"LA GAULOISE","TOURNEREAU COLIN Arthur",4,"HJS",{"$nulls":10},12,null,12,null,10,{"$nulls":4},10,{"$nulls":28},44,11]
[416,"LA GAULOISE","TRIGUEL Alexandre",4,"HAS",{"$nulls":14},10,null,10,14,null,12,{"$nulls":28},46,11]
[417,"LA GAULOISE","TRIGUEL Flavie",2,"FJS",{"$nulls":14},10,null,10,{"$nulls":31},20,11]
[418,"LA GAULOISE","VERRIER Hugo",3,"HJS",{"$nulls":16},10,10,12,{"$nulls":29},32,11]
[419,"LA GAULOISE","VERRIER Nicolas",5,"HAS",{"$nulls":10},10,null,16,{"$nulls":3},10,null,12,10,{"$nulls":28},58,11,{"$f":"SUM(BB399:BB421)","v":952}]
[420,"LURAY","AUBERT Olivier",4,"HVS",null,10,null,10,{"$nulls":7},10,{"$nulls":7},10,{"$nulls":28},40,12]
[421,"LURAY","AUBRY Michel",5,"HVD",null,10,15,10,{"$nulls":7},10,{"$nulls":7},10,{"$nulls":28},55,12]
[422,"LURAY","AZEVEDO Antonio",7,"HVD",{"$nulls":3},15,null,10,null,null,20,null,null,15,null,null,25,{"$nulls":4},15,20,{"$nulls":27},120,12]
[423,"LURAY","BAZEMONT Bruno",10,"HAD",null,22,10,10,{"$nulls":4},10,null,null,10,null,null,10,10,10,null,12,null,22,{"$nulls":27},126,12]
[424,"LURAY","BLIN Jean-Jacques",3,"HVD",{"$nulls":3},16,{"$nulls":14},10,15,{"$nulls":28},41,12]
[425,"LURAY","BLONDEL Jacky",1,"HVD",{"$nulls":11},10,{"$nulls":36},10,12]
[426,"LURAY","BOUDVIN Jérome",12,"HAS",10,12,10,10,null,null,10,null,10,null,null,10,null,null,10,10,20,null,15,null,10,{"$nulls":27},137,12]
[427,"LURAY","BURSON Denis",10,"HVS",10,10,10,10,30,10,null,20,15,null,20,{"$nulls":4},10,{"$nulls":32},145,12]
[428,"LURAY","BURSON Ghislaine",13,"FAS",10,null,12,12,15,null,10,12,null,20,15,{"$nulls":4},15,20,null,10,10,14,{"$nulls":27},175,12]
[429,"LURAY","CARNEVALE VINCENZO",2,"HVS",{"$nulls":3},10,{"$nulls":14},10,{"$nulls":29},20,12]
[430,"LURAY","DESESQUELLES Philippe",10,"HVS",10,10,null,16,10,12,null,10,12,{"$nulls":6},10,10,null,10,{"$nulls":29},110,12]
[431,"LURAY","DUPONT Michel",9,"HVS",10,12,null,10,null,10,{"$nulls":5},10,null,null,15,10,null,null,10,null,10,{"$nulls":27},97,12]
[432,"LURAY","FORET Christelle",10,"FAS",15,10,null,10,{"$nulls":4},10,null,null,10,null,null,15,10,10,18,null,10,{"$nulls":28},118,12]
[433,"LURAY","GEHAN Michel",3,"HAS",{"$nulls":4},12,{"$nulls":3},15,{"$nulls":6},10,{"$nulls":32},37,12]
[434,"LURAY","GLIZE Elisabheth",9,"FVD",null,null,15,10,{"$nulls":5},18,10,{"$nulls":3},10,10,null,null,10,12,14,{"$nulls":27},109,12]
[435,"LURAY","GLIZE Joel",5,"HVD",null,null,15,16,{"$nulls":4},10,{"$nulls":5},10,{"$nulls":3},10,{"$nulls":29},61,12]
[436,"LURAY","GOSSE Amandine",6,"FAD",15,null,12,null,null,12,{"$nulls":9},15,null,null,10,null,10,{"$nulls":27},74,12]
[437,"LURAY","GRANDIAU Dominique",4,"HVD",{"$nulls":3},15,null,10,{"$nulls":13},15,20,{"$nulls":27},60,12]
[438,"LURAY","GRASSAUD Charline",4,"FAS",null,null,10,12,null,null,10,null,null,16,{"$nulls":38},48,12]
[439,"LURAY","GRASSAUD Maxime",4,"HAS",null,null,10,12,null,null,10,null,12,{"$nulls":39},44,12]
[440,"LURAY","GRECO Benoit",1,"HVD",{"$nulls":8},10,{"$nulls":39},10,12]
[441,"LURAY","GRECO Florian",5,"HAD",{"$nulls":3},10,null,12,null,null,10,null,null,10,{"$nulls":6},12,{"$nulls":29},54,12]
[442,"LURAY","GUYON Thierry",5,"HVS",null,10,null,20,null,null,22,{"$nulls":8},10,null,null,18,{"$nulls":29},80,12]
[443,"LURAY","LARUE  Franck",8,"HVS",10,null,null,10,null,10,null,null,10,null,null,10,{"$nulls":3},10,null,null,10,null,10,{"$nulls":27},80,12]
[444,"LURAY","LAVERGNE Alain",8,"HVS",12,null,null,12,null,10,null,10,{"$nulls":3},10,null,null,10,null,10,{"$nulls":3},10,{"$nulls":27},84,12]
[445,"LURAY","LAVIGNE Daniel",2,"HVS",{"$nulls":5},10,{"$nulls":12},10,{"$nulls":29},20,12]
[446,"LURAY","LE BRIERE Michel",9,"HAD",null,22,null,10,null,12,null,12,{"$nulls":3},10,null,null,10,10,10,{"$nulls":3},22,{"$nulls":27},118,12]
[447,"LURAY","LE MEUR Fabrice",4,"HVS",{"$nulls":11},10,null,null,10,{"$nulls":3},10,null,10,{"$nulls":27},40,12]
[448,"LURAY","LHUILLERY Philippe",0,"HVD",{"$nulls":48},0,12]
[449,"LURAY","LIGAVAN Cyril",6,"HAS",10,{"$nulls":3},12,null,null,10,null,null,10,{"$nulls":7},10,null,10,{"$nulls":27},62,12]
[450,"LURAY","LIGAVAN Karine",14,"FAS",10,null,12,10,30,10,null,20,null,20,10,null,15,null,12,15,10,10,null,null,14,{"$nulls":27},198,12]
[451,"LURAY","LIGAVAN Philippe",12,"HVD",10,10,15,10,15,null,null,20,null,null,20,15,15,null,25,null,null,10,null,10,{"$nulls":28},175,12]
[452,"LURAY","MACHAL Pierre",2,"HVS",{"$nulls":5},10,{"$nulls":12},10,{"$nulls":29},20,12]
[453,"LURAY","MARCHIORI Joel",14,"HVS",30,10,10,15,10,12,null,10,12,null,15,10,{"$nulls":3},10,null,null,10,12,10,{"$nulls":27},176,12]
[454,"LURAY","MARECHAL Eric",7,"HVS",null,null,10,10,15,null,null,12,null,null,25,null,15,null,12,{"$nulls":33},99,12]
[455,"LURAY","MARECHAL Maxime",16,"HAS",10,null,10,10,12,10,null,12,15,null,25,null,20,null,12,20,20,18,10,10,10,{"$nulls":27},224,12]
[456,"LURAY","MAUVAIS Eric",4,"HVS",null,10,null,10,{"$nulls":7},10,{"$nulls":7},10,{"$nulls":28},40,12]
[457,"LURAY","MAZAS Nadine",5,"FVS",12,null,null,10,{"$nulls":3},10,null,18,10,{"$nulls":37},60,12]
[458,"LURAY","MAZAS Pascal",{"$f":"COUNTIF(F460:BA460,\">1\")","v":9},"HVD",10,null,null,10,null,10,null,10,10,null,10,{"$nulls":4},10,null,null,10,null,10,{"$nulls":27},90,12]
[459,"LURAY","MONTEIRO Joaquina",7,"FVS",10,null,10,null,10,null,null,10,null,null,10,{"$nulls":7},10,null,10,{"$nulls":27},70,12]
[460,"LURAY","NICHAU Gerard",6,"HVD",{"$nulls":3},20,null,10,null,null,12,null,null,10,{"$nulls":3},10,{"$nulls":4},16,{"$nulls":27},78,12]
[461,"LURAY","NICHAU Jonathan",6,"HAS",{"$nulls":3},20,null,null,25,null,12,null,null,10,{"$nulls":3},18,{"$nulls":4},22,{"$nulls":27},107,12]
[462,"LURAY","OVERMANN Guy",6,"HVS",null,null,12,12,null,10,{"$nulls":5},10,{"$nulls":3},10,null,null,10,{"$nulls":29},64,12]
[463,"LURAY","PAPIN Jasmine",12,"FVD",15,10,15,10,null,null,25,10,null,16,10,{"$nulls":4},10,null,null,18,12,10,{"$nulls":27},161,12]
[464,"LURAY","PELTRIAUX Frédéric",8,"HAS",12,22,10,null,12,12,null,null,10,null,null,10,{"$nulls":3},10,{"$nulls":32},{"$f":"SUM(F466:BA466)","v":98},12]
[465,"LURAY","PERCHER Patrick",7,"HVS",null,10,null,10,null,10,null,20,{"$nulls":3},10,{"$nulls":4},10,null,10,{"$nulls":29},80,12]
[466,"LURAY","POINÇON Gaétan",6,"HAS",10,null,10,10,null,12,{"$nulls":12},10,10,{"$nulls":28},62,12]
[467,"LURAY","POIRIER Philippe",13,"HAS",15,30,10,null,30,12,null,10,null,null,15,null,20,null,15,20,10,null,10,10,{"$nulls":28},207,12]
[468,"LURAY","RICOIS Clara",4,"FJS",null,null,15,{"$nulls":3},22,{"$nulls":11},18,null,10,{"$nulls":27},65,12]
[469,"LURAY","ROSSIGNOL Françoise",11,"FVS",10,10,10,{"$nulls":5},10,null,null,10,null,null,10,10,10,10,10,null,10,{"$nulls":27},110,12]
[470,"LURAY","ROSSIGNOL Pascal",10,"HVS",30,12,12,{"$nulls":5},10,null,null,10,null,null,10,10,10,null,15,null,10,{"$nulls":27},129,12]
[471,"LURAY","ROULEAU Jean-Charles",14,"HVS",30,12,12,12,12,10,null,10,12,null,15,{"$nulls":3},10,10,null,null,15,15,10,{"$nulls":27},185,12]
[472,"LURAY","RUDEAUX Olivier",3,"HAS",null,null,10,{"$nulls":4},10,{"$nulls":10},10,{"$nulls":29},30,12]
[473,"LURAY","SORTAIS Guy",8,"HVS",12,null,10,null,null,10,null,null,10,null,null,10,null,null,10,10,{"$nulls":4},10,{"$nulls":27},82,12]
[474,"LURAY","SORTAIS Luc",12,"HVS",15,12,null,10,{"$nulls":4},12,null,null,10,null,null,10,18,10,18,12,10,10,{"$nulls":27},147,12]
[475,"LURAY","TEILLEUX BENJAMIN",5,"HAS",12,null,10,null,12,{"$nulls":3},12,null,null,10,{"$nulls":36},56,12]
[476,"LURAY","TRUBERT Jacky",6,"HVD",{"$nulls":5},10,null,null,20,null,null,15,null,null,25,{"$nulls":4},15,20,{"$nulls":27},105,12]
[477,"LURAY","VALLEE Louis",14,"HAS",15,30,10,null,null,12,null,10,20,null,10,null,20,null,15,20,10,null,10,15,10,{"$nulls":27},207,12]
[478,"LURAY","VILLETTE ALAIN",4,"HVD",12,30,{"$nulls":6},12,{"$nulls":6},18,{"$nulls":32},72,12,{"$f":"SUM(BB422:BB480)","v":5372}]
[479,"SAINT ELIPH","BOUJU Marion",11,"FAS",10,null,10,10,null,null,20,{"$nulls":3},12,{"$nulls":3},14,10,15,15,10,null,10,{"$nulls":27},{"$f":"SUM(F481:BA481)","v":136},13]
[480,"SAINT ELIPH","BLANCHE Julien",{"$f":"COUNTIF(F482:BA482,\">1\")","v":4},"HAS",{"$nulls":8},12,null,14,{"$nulls":3},20,10,{"$nulls":32},56,13]
[481,"SAINT ELIPH","COMTAMIN Jonathan",9,"HAD",{"$nulls":8},10,{"$nulls":3},20,null,10,10,12,10,10,10,10,{"$nulls":27},102,13]
[482,"SAINT ELIPH","DE ALMEIDE NEVES Lilyan",1,"HAS",{"$nulls":8},12,{"$nulls":39},12,13]
[483,"SAINT ELIPH","DURAND Florian",1,"HAS",{"$nulls":8},12,{"$nulls":39},12,13]
[484,"SAINT ELIPH","FERREIRA Daniel",4,"HAS",{"$nulls":4},12,{"$nulls":3},10,{"$nulls":7},10,null,12,{"$nulls":29},44,13]
[485,"SAINT ELIPH","FERREIRA BARATTTE Nathalie",3,"FAS",null,null,10,{"$nulls":5},10,{"$nulls":7},10,{"$nulls":31},{"$f":"SUM(F487:BA487)","v":30},13]
[486,"SAINT ELIPH","GAGNEBIEN Boris",7,"HAS",10,null,10,10,{"$nulls":6},12,{"$nulls":3},14,{"$nulls":3},12,null,10,{"$nulls":27},78,13]
[487,"SAINT ELIPH","GAGNEBIEN Clement ",2,"HAS",10,{"$nulls":19},10,{"$nulls":27},{"$f":"SUM(F489:BA489)","v":20},13]
[488,"SAINT ELIPH","GATEAU Armelle",{"$f":"COUNTIF(F490:BA490,\">1\")","v":0},"FAD",{"$nulls":48},{"$f":"SUM(F490:BA490)","v":0},13]
[489,"SAINT ELIPH","GATEAU Dominiqe",0,"HAD",{"$nulls":48},0,13]
[490,"SAINT ELIPH","GOBLET Alexis",3,"HAS",12,null,10,{"$nulls":5},22,{"$nulls":39},{"$f":"SUM(F492:BA492)","v":44},13]
[491,"SAINT ELIPH","HARDY Aurelien",9,"HAS",12,{"$nulls":7},22,null,14,10,null,null,20,10,15,15,10,{"$nulls":29},128,13]
[492,"SAINT ELIPH","LAISNÉ Florian",3,"HAD",{"$nulls":5},20,{"$nulls":13},10,10,{"$nulls":27},40,13]
[493,"SAINT ELIPH","LAISNÉ Jonathan",3,"HAD",{"$nulls":5},20,{"$nulls":13},10,10,{"$nulls":27},40,13]
[494,"SAINT ELIPH","LE BLANC Frédéric",5,"HAD",{"$nulls":6},20,null,12,{"$nulls":5},14,null,null,10,12,{"$nulls":29},68,13]
[495,"SAINT ELIPH","LELONG Lilian",6,"HAD",{"$nulls":4},12,20,null,null,12,{"$nulls":5},10,{"$nulls":3},10,null,10,{"$nulls":27},74,13]
[496,"SAINT ELIPH","LEPROUST Kelian",2,"HAS",{"$nulls":14},10,{"$nulls":3},10,{"$nulls":29},20,13]
[497,"SAINT ELIPH","LEPROUST Olivier",4,"HAS",{"$nulls":14},10,null,10,null,10,10,{"$nulls":28},40,13]
[498,"SAINT ELIPH","LOMBARD Richard",11,"HAD",12,null,10,10,{"$nulls":7},10,20,null,10,10,12,10,10,null,10,{"$nulls":27},124,13]
[499,"SAINT ELIPH","LOMBARD Roméo",9,"HAS",{"$nulls":8},22,null,null,10,20,null,20,10,15,15,10,10,{"$nulls":28},{"$f":"SUM(F501:BA501)","v":132},13]
[500,"SAINT ELIPH","MARAS Alexandre",3,"HA",{"$nulls":15},10,12,{"$nulls":3},10,{"$nulls":27},32,13]
[501,"SAINT ELIPH","MASSANT Juliette",0,"FAS",{"$nulls":48},0,13]
[502,"SAINT ELIPH","PELLE Cyprien",1,"HAS",{"$nulls":8},12,{"$nulls":39},12,13]
[503,"SAINT ELIPH","RIACAUX Joel",3,"HVD",{"$nulls":4},12,{"$nulls":10},10,{"$nulls":3},10,{"$nulls":28},32,13]
[504,"SAINT ELIPH","SEVER Guillaume",{"$f":"COUNTIF(F506:BA506,\">1\")","v":2},"HAD",{"$nulls":15},10,null,null,10,{"$nulls":29},20,13,{"$f":"SUM(BB481:BB506)","v":1296}]
[505,"SAINT GEORGES MOTEL","ABDELESSELAMI Kader",6,"HA",{"$nulls":11},20,null,null,12,null,18,null,10,22,12,{"$nulls":27},{"$f":"SUM(F507:BA507)","v":94},14]
[506,"SAINT GEORGES MOTEL","ADE Jeremy",4,"HA",{"$nulls":3},12,{"$nulls":7},10,null,null,12,{"$nulls":3},15,{"$nulls":29},49,14]
[507,"SAINT GEORGES MOTEL","ANDRIANDRAINIBE Rasamoelinary",2,"HA",{"$nulls":18},10,10,{"$nulls":28},20,14]
[508,"SAINT GEORGES MOTEL","AUCHERIE Jean Marc",4,"HV",{"$nulls":3},10,{"$nulls":7},10,{"$nulls":6},10,10,{"$nulls":28},40,14]
[509,"SAINT GEORGES MOTEL","AUFFRET Stéphane",1,"HA",{"$nulls":18},15,{"$nulls":29},15,14]
[510,"SAINT GEORGES MOTEL","AZEAMBOURG Ginette",3,"FV",{"$nulls":3},10,{"$nulls":4},10,{"$nulls":9},10,{"$nulls":29},30,14]
[511,"SAINT GEORGES MOTEL","AZEAMBOURG Jacky",0,"HV",{"$nulls":48},0,14]
[512,"SAINT GEORGES MOTEL","BALLAND Alexis",1,"HA",{"$nulls":11},10,{"$nulls":36},10,14]
[513,"SAINT GEORGES MOTEL","BALLAND Olivier",2,"HA",{"$nulls":11},12,{"$nulls":6},10,{"$nulls":29},{"$f":"SUM(F515:BA515)","v":22},14]
[514,"SAINT GEORGES MOTEL","BLONDEL Julien",1,"HA",{"$nulls":20},18,{"$nulls":27},{"$f":"SUM(F516:BA516)","v":18},14]
[515,"SAINT GEORGES MOTEL","CHARPIN Jean-Yves",2,"HV",{"$nulls":3},10,{"$nulls":14},10,{"$nulls":29},{"$f":"SUM(F517:BA517)","v":20},14]
[516,"SAINT GEORGES MOTEL","COUVIGNY Nadine",{"$f":"COUNTIF(F518:BA518,\">1\")","v":0},"FV",{"$nulls":48},{"$f":"SUM(F518:BA518)","v":0},14]
[517,"SAINT GEORGES MOTEL","CUSTODIO MENDES Frédéric",0,"HA",{"$nulls":48},{"$f":"SUM(F519:BA519)","v":0},14]
[518,"SAINT GEORGES MOTEL","DAUTRICHE Philippe",4,"HV",{"$nulls":3},10,null,22,{"$nulls":5},10,{"$nulls":6},10,{"$nulls":29},{"$f":"SUM(F520:BA520)","v":52},14]
[519,"SAINT GEORGES MOTEL","DEFRANCE Jean-Charles",1,"HA",{"$nulls":11},10,{"$nulls":36},{"$f":"SUM(F521:BA521)","v":10},14]
[520,"SAINT GEORGES MOTEL","DESJARDINS Kevin",0,"HA",{"$nulls":48},{"$f":"SUM(F522:BA522)","v":0},14]
[521,"SAINT GEORGES MOTEL","DIEU Joël",3,"HV",{"$nulls":5},15,{"$nulls":12},10,null,10,{"$nulls":27},{"$f":"SUM(F523:BA523)","v":35},14]
[522,"SAINT GEORGES MOTEL","DUPART Didier",{"$f":"COUNTIF(F524:BA524,\">1\")","v":6},"HV",{"$nulls":3},15,{"$nulls":7},12,{"$nulls":3},12,null,null,10,10,10,{"$nulls":27},{"$f":"SUM(F524:BA524)","v":69},14]
[523,"SAINT GEORGES MOTEL","GARNIER Denis",1,"HV",{"$nulls":3},12,{"$nulls":44},{"$f":"SUM(F525:BA525)","v":12},14]
[524,"SAINT GEORGES MOTEL","GOSNET Eric",0,"HA",{"$nulls":48},{"$f":"SUM(F526:BA526)","v":0},14]
[525,"SAINT GEORGES MOTEL","HEULAND Arnaud",3,"HA",{"$nulls":11},10,{"$nulls":6},10,10,{"$nulls":28},{"$f":"SUM(F527:BA527)","v":30},14]
[526,"SAINT GEORGES MOTEL","KEROMNES Michel",2,"HV",{"$nulls":11},25,{"$nulls":6},10,{"$nulls":29},{"$f":"SUM(F528:BA528)","v":35},14]
[527,"SAINT GEORGES MOTEL","LAIZÉ Christophe",1,"HA",{"$nulls":18},15,{"$nulls":29},{"$f":"SUM(F529:BA529)","v":15},14]
[528,"SAINT GEORGES MOTEL","LEFEBVRE Robert",0,"HV",{"$nulls":48},{"$f":"SUM(F530:BA530)","v":0},14]
[529,"SAINT GEORGES MOTEL","LOCQUENEUX Sylvain",1,"HV",{"$nulls":19},10,{"$nulls":28},{"$f":"SUM(F531:BA531)","v":10},14]
[530,"SAINT GEORGES MOTEL","LOISON Nicolas",1,"HA",{"$nulls":20},12,{"$nulls":27},{"$f":"SUM(F532:BA532)","v":12},14]
[531,"SAINT GEORGES MOTEL","MARCHESSEAU Philippe",1,"HV",{"$nulls":19},10,{"$nulls":28},{"$f":"SUM(F533:BA533)","v":10},14]
[532,"SAINT GEORGES MOTEL","MOLINARI Giovanni",0,"HA",{"$nulls":48},{"$f":"SUM(F534:BA534)","v":0},14]
[533,"SAINT GEORGES MOTEL","MOLINARI Sandra",0,"FA",{"$nulls":48},{"$f":"SUM(F535:BA535)","v":0},14]
[534,"SAINT GEORGES MOTEL","NGAMBE Guy",6,"HV",{"$nulls":5},15,null,null,10,null,null,12,{"$nulls":3},10,12,null,15,{"$nulls":29},{"$f":"SUM(F536:BA536)","v":74},14]
[535,"SAINT GEORGES MOTEL","NOURRY Gilles",4,"HV",{"$nulls":3},15,{"$nulls":7},12,{"$nulls":6},10,10,{"$nulls":28},{"$f":"SUM(F537:BA537)","v":47},14]
[536,"SAINT GEORGES MOTEL","PESQUEUX Olivier",4,"HA",{"$nulls":5},22,{"$nulls":10},18,null,10,22,{"$nulls":28},{"$f":"SUM(F538:BA538)","v":72},14]
[537,"SAINT GEORGES MOTEL","PICHON Bernard",5,"HV",{"$nulls":3},15,{"$nulls":11},12,null,null,10,10,10,{"$nulls":27},{"$f":"SUM(F539:BA539)","v":57},14]
[538,"SAINT GEORGES MOTEL","PIERRE Philippe",0,"HV",{"$nulls":48},{"$f":"SUM(F540:BA540)","v":0},14]
[539,"SAINT GEORGES MOTEL","PLESSIS Emmanuel  ",5,"HA",{"$nulls":11},20,null,null,12,null,15,null,10,null,12,{"$nulls":27},{"$f":"SUM(F541:BA541)","v":69},14]
[540,"SAINT GEORGES MOTEL","POINÇON Stéphane",7,"HA",{"$nulls":3},12,null,22,{"$nulls":5},20,{"$nulls":4},18,null,10,22,15,{"$nulls":27},{"$f":"SUM(F542:BA542)","v":119},14]
[541,"SAINT GEORGES MOTEL","RAJOT Pascal",4,"HA",{"$nulls":3},10,{"$nulls":7},10,{"$nulls":6},10,10,{"$nulls":28},{"$f":"SUM(F543:BA543)","v":40},14]
[542,"SAINT GEORGES MOTEL","RAMDANI Karim",4,"HA",{"$nulls":11},25,{"$nulls":4},15,null,10,null,18,{"$nulls":27},{"$f":"SUM(F544:BA544)","v":68},14]
[543,"SAINT GEORGES MOTEL","RANDRIANTAHINA Roger",6,"HV",{"$nulls":5},15,null,null,10,null,null,12,{"$nulls":3},10,null,null,15,null,15,{"$nulls":27},{"$f":"SUM(F545:BA545)","v":77},14]
[544,"SAINT GEORGES MOTEL","RATSIMBASAFY Raphël",2,"HA",{"$nulls":5},12,{"$nulls":5},10,{"$nulls":36},{"$f":"SUM(F546:BA546)","v":22},14]
[545,"SAINT GEORGES MOTEL","RATSIMBASAFY Patricia",5,"FV",{"$nulls":5},12,{"$nulls":5},10,{"$nulls":6},10,10,10,{"$nulls":27},{"$f":"SUM(F547:BA547)","v":52},14]
[546,"SAINT GEORGES MOTEL","RATSIMBASAFY Hajalalaina",4,"HA",{"$nulls":5},12,{"$nulls":5},10,{"$nulls":6},10,null,10,{"$nulls":27},{"$f":"SUM(F548:BA548)","v":42},14]
[547,"SAINT GEORGES MOTEL","REDON Mathys",0,"HA",{"$nulls":48},0,14]
[548,"SAINT GEORGES MOTEL","REDON Wesley",4,"HA",{"$nulls":11},25,{"$nulls":4},15,null,10,null,18,{"$nulls":27},{"$f":"SUM(F550:BA550)","v":68},14]
[549,"SAINT GEORGES MOTEL","ROSSARD Jean-Michel",0,"HV",{"$nulls":48},{"$f":"SUM(F551:BA551)","v":0},14]
[550,"SAINT GEORGES MOTEL","RUELLE Dominique",6,"HV",null,null,10,{"$nulls":8},12,{"$nulls":3},12,null,null,15,10,15,{"$nulls":27},74,14]
[551,"SAINT GEORGES MOTEL","SARPAUX Sonia",0,"FA",{"$nulls":48},{"$f":"SUM(F553:BA553)","v":0},14]
[552,"SAINT GEORGES MOTEL","SIMONELLI Nathalie",{"$f":"COUNTIF(F554:BA554,\">1\")","v":2},"FV",{"$nulls":3},10,{"$nulls":7},10,{"$nulls":36},{"$f":"SUM(F554:BA554)","v":20},14]
[553,"SAINT GEORGES MOTEL","TASSERIE Gérard",0,"HV",{"$nulls":48},0,14]
[554,"SAINT GEORGES MOTEL","TECHER Joserh",{"$f":"COUNTIF(F556:BA556,\">1\")","v":2},"HV",{"$nulls":18},10,10,{"$nulls":28},{"$f":"SUM(F556:BA556)","v":20},14,{"$f":"SUM(BB507:BB556)","v":1529}]
[555,"VICHERES","BELT Alban",5,"HAD",null,null,18,{"$nulls":4},30,10,{"$nulls":5},10,null,null,10,{"$nulls":30},78,15]
[556,"VICHERES","BRISSONNET Angelique",11,"FAS",null,10,10,null,null,15,null,10,{"$nulls":4},15,null,10,15,null,12,10,18,10,{"$nulls":27},135,15]
[557,"VICHERES","BROZILLE Benoît",15,"HAS",10,null,22,10,null,null,18,30,20,null,15,null,15,null,18,15,10,15,10,15,15,{"$nulls":27},238,15]
[558,"VICHERES","CAILLEZ Bruno",4,"HVS",null,10,{"$nulls":5},22,{"$nulls":8},10,12,{"$nulls":30},54,15]
[559,"VICHERES","CAILLON Jérome",7,"HAS",10,10,{"$nulls":3},10,{"$nulls":6},15,null,10,null,10,null,15,{"$nulls":29},80,15]
[560,"VICHERES","CAILLON Tom",3,"HAS",10,{"$nulls":6},15,{"$nulls":8},10,{"$nulls":31},35,15]
[561,"VICHERES","CHALLIER Romain",0,"HAS",{"$nulls":48},0,15]
[562,"VICHERES","CHASSIN Jean-Paul",9,"HAS",null,10,14,10,{"$nulls":4},15,null,10,null,10,null,10,null,null,16,null,null,10,{"$nulls":27},105,15]
[563,"VICHERES","COHIN Nicolas",4,"HAS",{"$nulls":3},12,{"$nulls":4},20,{"$nulls":3},15,null,10,{"$nulls":33},57,15]
[564,"VICHERES","CORMIER - JALU Léa",4,"FAS",{"$nulls":12},12,null,10,{"$nulls":3},10,null,12,{"$nulls":27},44,15]
[565,"VICHERES","DECAYEUX Lauralée",5,"FAS",null,null,10,10,null,null,18,22,null,null,10,{"$nulls":37},70,15]
[566,"VICHERES","DENIS Yoann",1,"HAS",{"$nulls":3},10,{"$nulls":44},10,15]
[567,"VICHERES","DENIS Joachim",1,"HAS",12,{"$nulls":47},12,15]
[568,"VICHERES","DORDOIGNE Jérome",5,"HAS",12,{"$nulls":6},15,{"$nulls":4},30,{"$nulls":3},10,12,{"$nulls":30},{"$f":"SUM(F570:BA570)","v":79},15]
[569,"VICHERES","DUBILLOT Théo",4,"HAS",null,null,25,{"$nulls":5},10,{"$nulls":6},15,{"$nulls":4},25,{"$nulls":27},75,15]
[570,"VICHERES","DUBRE Pascal",4,"HAS",{"$nulls":3},10,null,10,{"$nulls":8},10,null,null,20,{"$nulls":30},50,15]
[571,"VICHERES","EGGER Bruno",3,"HVS",{"$nulls":15},15,null,15,null,20,{"$nulls":28},50,15]
[572,"VICHERES","EGGER Ludovic",5,"HAD",null,null,15,{"$nulls":5},30,{"$nulls":3},15,{"$nulls":4},10,null,20,{"$nulls":28},90,15]
[573,"VICHERES","ESCULIER Christian",10,"HVS",10,null,12,20,{"$nulls":3},15,30,null,10,{"$nulls":3},10,null,10,null,null,18,15,{"$nulls":27},150,15]
[574,"VICHERES","ESNAULT Didier",5,"HVS",18,null,14,12,18,{"$nulls":5},10,{"$nulls":37},72,15]
[575,"VICHERES","FONTAINE Enzo",4,"HJS",{"$nulls":14},10,null,null,10,10,null,12,{"$nulls":27},42,15]
[576,"VICHERES","GIRARD Laurent",13,"HAS",10,15,22,null,null,15,null,30,10,{"$nulls":3},10,null,10,20,null,12,10,18,10,{"$nulls":27},192,15]
[577,"VICHERES","GIRONDEAU Nicolas",0,"HAS",{"$nulls":48},0,15]
[578,"VICHERES","GUILLOU Mayvis",6,"HAS",null,null,25,{"$nulls":5},10,{"$nulls":3},25,null,12,{"$nulls":3},15,null,25,{"$nulls":27},112,15]
[579,"VICHERES","HEUZE Nans",6,"HAS",{"$nulls":8},18,null,20,null,12,null,10,{"$nulls":3},10,null,10,{"$nulls":27},80,15]
[580,"VICHERES","LE TEXIER Pascal ",6,"HVS",10,15,null,10,{"$nulls":3},10,{"$nulls":8},10,{"$nulls":3},10,{"$nulls":27},65,15]
[581,"VICHERES","LEBACLE Sébastien",9,"HAS",10,null,null,10,{"$nulls":3},15,10,null,10,{"$nulls":3},20,null,10,null,10,null,10,{"$nulls":27},105,15]
[582,"VICHERES","LEBOSSE Brice",10,"HAS",null,null,22,{"$nulls":5},30,null,15,null,14,null,20,15,null,15,10,20,10,{"$nulls":27},171,15]
[583,"VICHERES","LETOURNEUR Annick",10,"FVS",10,null,12,10,15,{"$nulls":4},25,null,null,10,null,10,null,10,20,null,15,{"$nulls":28},137,15]
[584,"VICHERES","LETOURNEUR Christian",11,"HVS",10,null,15,10,15,null,null,15,15,{"$nulls":3},15,null,12,null,10,20,null,15,{"$nulls":28},152,15]
[585,"VICHERES","MENAGER Antoine",6,"HAS",{"$nulls":8},18,null,22,null,12,null,10,{"$nulls":3},10,null,10,{"$nulls":27},82,15]
[586,"VICHERES","PASQUET Sylvie",6,"FVS",null,10,{"$nulls":5},15,null,25,10,null,10,{"$nulls":4},16,{"$nulls":30},86,15]
[587,"VICHERES","PODWOJEWSKI Murielle",5,"FVS",{"$nulls":3},10,{"$nulls":4},10,{"$nulls":5},10,20,{"$nulls":4},10,{"$nulls":27},60,15]
[588,"VICHERES","PODWOJEWSKI Patrice",11,"HVD",{"$nulls":3},20,{"$nulls":3},22,10,null,20,null,30,null,10,20,null,12,10,12,10,{"$nulls":27},176,15]
[589,"VICHERES","POIRIER Anthony",6,"HAS",{"$nulls":8},18,null,22,{"$nulls":3},10,15,null,null,10,null,10,{"$nulls":27},85,15]
[590,"VICHERES","PROUST Julien",9,"HAS",10,15,15,10,15,15,null,15,20,{"$nulls":3},10,{"$nulls":35},125,15]
[591,"VICHERES","RIQUET André",8,"HVS",10,10,{"$nulls":5},10,null,null,10,null,14,null,10,null,null,16,null,null,10,{"$nulls":27},90,15]
[592,"VICHERES","SAGOT Didier",13,"HVS",18,null,12,10,18,{"$nulls":3},10,null,10,null,30,null,20,null,10,12,10,12,10,{"$nulls":27},182,15]
[593,"VICHERES","SALOMON Carine",6,"FAD",12,null,null,10,{"$nulls":3},30,null,null,10,{"$nulls":3},18,{"$nulls":5},15,{"$nulls":27},95,15]
[594,"VICHERES","SALOMON Dimitri",7,"HAD",{"$nulls":3},20,{"$nulls":3},22,null,null,15,null,14,null,18,{"$nulls":4},12,10,{"$nulls":27},111,15]
[595,"VICHERES","SEDILLOT-BUISSON Mael",6,"HJS",null,null,10,10,null,10,null,15,15,null,15,{"$nulls":37},75,15]
[596,"VICHERES","SIMONKLEIN Lola",5,"FAS",{"$nulls":8},10,{"$nulls":3},25,null,10,{"$nulls":3},10,null,12,{"$nulls":27},67,15]
[597,"VICHERES","SURCIN Tanguy",6,"HAS",null,null,25,{"$nulls":7},10,null,25,null,12,{"$nulls":3},15,null,25,{"$nulls":27},112,15]
[598,"VICHERES","THIROUARD Christian",1,"HVS",{"$nulls":7},10,{"$nulls":40},10,15]
[599,"VICHERES","TUFFIER Benoist",5,"HAS",18,null,null,12,18,{"$nulls":5},10,{"$nulls":5},10,{"$nulls":31},68,15]
[600,"VICHERES","WEHRLE Jocelyne",5,"FVS",10,null,14,10,{"$nulls":6},10,null,10,{"$nulls":35},{"$f":"SUM(F602:BA602)","v":54},15,{"$f":"SUM(BB557:BB602)","v":4018}]
[601,"YEVRES","ALLARD Jean Marie",{"$f":"COUNTIF(F603:BA603,\">1\")","v":5},"HVD",{"$nulls":4},10,null,null,12,10,{"$nulls":6},12,null,10,{"$nulls":30},54,16]
[602,"YEVRES","ALLARD Madeleine",1,"FVS",{"$nulls":10},10,{"$nulls":37},10,16]
[603,"YEVRES","BRUNET Matthias",2,"HAD",{"$nulls":7},15,{"$nulls":4},12,{"$nulls":35},27,16]
[604,"YEVRES","BRUNET Pascal",4,"HAS",{"$nulls":7},10,{"$nulls":4},10,{"$nulls":4},10,null,10,{"$nulls":28},40,16]
[605,"YEVRES","BRUNET Yoan",1,"HAS",{"$nulls":19},10,{"$nulls":28},10,16]
[606,"YEVRES","CALVET Serge",0,"HVS",{"$nulls":48},0,16]
[607,"YEVRES","CHEVALLIER Ludovic",4,"HAS",{"$nulls":7},15,{"$nulls":4},12,null,10,null,null,12,{"$nulls":30},49,16]
[608,"YEVRES","DEMAIS Serge",2,"HVS",{"$nulls":8},10,{"$nulls":6},12,{"$nulls":32},22,16]
[609,"YEVRES","FORT Philippe",1,"HVS",{"$nulls":19},10,{"$nulls":28},10,16]
[610,"YEVRES","GUIBERT Quentin",3,"HAS",{"$nulls":7},12,null,null,12,{"$nulls":7},10,{"$nulls":29},34,16]
[611,"YEVRES","HOUDIERE Alain",5,"HVD",{"$nulls":7},12,10,{"$nulls":6},12,null,10,null,10,{"$nulls":28},54,16]
[612,"YEVRES","HOUDIERE Michele",0,"FVS",{"$nulls":48},0,16]
[613,"YEVRES","LAURENT Carole",3,"FAS",{"$nulls":7},12,null,null,12,{"$nulls":7},10,{"$nulls":29},34,16]
[614,"YEVRES","LEFEBVRE Benoit",4,"HAS",{"$nulls":7},10,{"$nulls":4},10,{"$nulls":4},10,null,10,{"$nulls":28},40,16]
[615,"YEVRES","LEFEBVRE Marjorie",3,"FAS",{"$nulls":7},10,{"$nulls":4},12,{"$nulls":6},10,{"$nulls":28},32,16]
[616,"YEVRES","LETERTRE Christian",5,"HVS",{"$nulls":7},15,null,null,12,null,12,null,10,null,null,12,{"$nulls":30},61,16]
[617,"YEVRES","LETERTRE Claudine",0,"FVS",{"$nulls":48},0,16]
[618,"YEVRES","LETERTRE Marion",2,"FAS",{"$nulls":7},15,{"$nulls":4},12,{"$nulls":35},27,16]
[619,"YEVRES","LOISELET Daniel",0,"HVD",{"$nulls":48},0,16]
[620,"YEVRES","POTHIER Romain",0,"HAS",{"$nulls":48},0,16]
[621,"YEVRES","RENARD Dominique",3,"HVS",{"$nulls":4},10,{"$nulls":12},10,null,10,{"$nulls":28},30,16]
[622,"YEVRES","RENARD Maryline",3,"FVS",{"$nulls":4},10,{"$nulls":5},10,{"$nulls":8},10,{"$nulls":28},30,16]
[623,"YEVRES","ROUSSEAU Julien",1,"HAS",{"$nulls":18},10,{"$nulls":29},10,16]
[624,"YEVRES","SOUCHARD Kevin",4,"HAS",{"$nulls":7},10,{"$nulls":4},10,{"$nulls":4},10,null,10,{"$nulls":28},40,16]
[625,"YEVRES","THERY Yoann",0,"HAS",{"$nulls":48},0,16]
[626,"YEVRES","TOUPET Pierre-Jean",0,"HVS",{"$nulls":48},0,16]
[627,"YEVRES","VEAU Gaetan",4,"HAS",{"$nulls":10},12,null,12,null,10,null,null,12,{"$nulls":30},46,16,{"$f":"SUM(BB603:BB629)","v":660}]
[null,"Z     Nombre","de participant",{"$f":"SUM(F630:BA630)","v":2790},null,{"$f":"COUNTA(F3:F629)","v":131},130,134,186,92,120,42,136,194,30,128,149,86,0,{"$f":"COUNTA(T3:T629)","v":172},163,194,81,252,193,177,0,0,0,0,0,0,0,0,0,0,0,0,0,0,0,0,0,0,0,0,0,0,0,0,0,0,0]
[null,"Z    Moyenne","de participant",{"$f":"AVERAGE(F630:BB630)","v":{"v":58.125,"d":"58"}}]

{"sheet":"Joueur","index":1,"n_rows":629,"n_cols":54,"rows_kept":629,"merged":[[0,10,0,11],[0,13,0,14],[0,38,0,39],[0,40,0,41],[0,49,0,50]]}
[{"$nulls":5},"Chuisnes","B.O.C.","Crécy","Charpont","Bonneval","Luray",null,"Vichères","Challet - Bailleau",null,"Cloyes","St G.M.","Bonneval","Yèvres","St Eliph","Blévy M","Challet - B","Cloyes","Charpont","Chuisnes","Cheminots","Cheminots","B.O.C.","Ouarville","Luray","St G.M.","La Gauloise","Gas","Charpont","B.O.C.","Blévy M","La Gauloise","Ouarville","Luray",null,"Yèvres",null,"Crécy","St Eliph","Challet - B","Vichères","B.O.C.","Charpont","Luray","La Gauloise",null,"Gas","St Eliph","TOTAL"]
[null,"Club","nom prénom","concours nbs",{"$f":"NumCouleur(D2)","v":{"$error":"#NAME?"}},"2024-09-01","2024-09-07","2024-09-08","2024-09-14","2024-09-15","21/09/2024   TRI","21/09/2024         DM","22/09/2024    QUA","28/09/2024   TRI","28/09/2024         DF","2024-09-29","2024-10-05","2024-10-06","2024-10-12","2024-10-13","2024-10-19","2024-10-20","2024-10-26","2024-10-27","2024-11-02","2024-11-03","2024-11-09","2024-11-10","2024-11-16","2024-11-17","2024-11-23","2024-11-24","2024-11-30","2025-03-01","2025-03-02","2025-03-08","2025-03-09","2025-03-15","16/03/2025      DOU","16/03/2025    DM","22/03/2025      DOU","22/03/2025    DM","2025-03-23","2025-03-29","2025-04-05","06/04/2025   TRI-M","2025-04-12","2025-04-13","2025-04-19","26/04/2025      DOU","26/04/2025    DM","2025-04-27","2025-05-03","individuel"]
[1,"CRECY- COUVE","COLOMBEL Jean François",{"$f":"COUNTIF(F3:BA3,\">1\")","v":11},"HVD",null,15,15,25,null,null,30,null,25,null,null,15,null,null,30,null,25,null,25,10,30,{"$nulls":27},{"$f":"SUM(F3:BA3)","v":245}]
[2,"VICHERES","BROZILLE Benoît",15,"HAS",10,null,22,10,null,null,18,30,20,null,15,null,15,null,18,15,10,15,10,15,15,{"$nulls":27},238]
[3,"LURAY","MARECHAL Maxime",16,"HAS",10,null,10,10,12,10,null,12,15,null,25,null,20,null,12,20,20,18,10,10,10,{"$nulls":27},224]
[4,"LURAY","POIRIER Philippe",13,"HAS",15,30,10,null,30,12,null,10,null,null,15,null,20,null,15,20,10,null,10,10,{"$nulls":28},207]
[5,"LURAY","VALLEE Louis",14,"HAS",15,30,10,null,null,12,null,10,20,null,10,null,20,null,15,20,10,null,10,15,10,{"$nulls":27},207]
[6,"BLEVY MAILLEBOIS","FREMONT Benoît",12,"HVS",22,20,16,30,null,10,null,null,10,null,null,20,null,null,15,10,10,null,null,30,12,{"$nulls":27},205]
[7,"BLEVY MAILLEBOIS","FREMONT Stéphane",12,"HAS",22,20,16,30,null,10,null,null,10,null,null,20,null,null,15,10,10,null,null,30,12,{"$nulls":27},205]
[8,"CRECY- COUVE","BROU David",14,"HAD",15,15,30,null,null,15,null,10,15,null,null,10,22,null,10,10,10,null,22,10,10,{"$nulls":27},204]
[9,"LURAY","LIGAVAN Karine",14,"FAS",10,null,12,10,30,10,null,20,null,20,10,null,15,null,12,15,10,10,null,null,14,{"$nulls":27},198]
[10,"CRECY- COUVE","LE HELLEY Marcel",13,"HVS",10,15,15,null,null,10,null,10,{"$nulls":3},22,22,null,10,10,10,null,20,10,30,{"$nulls":27},194]
[11,"VICHERES","GIRARD Laurent",13,"HAS",10,15,22,null,null,15,null,30,10,{"$nulls":3},10,null,10,20,null,12,10,18,10,{"$nulls":27},192]
[12,"BOUGLAINVAL","LE BRIS Fabrice",15,"HVS",15,18,null,null,10,15,null,10,10,null,12,14,null,null,10,25,10,10,10,10,10,{"$nulls":27},189]
[13,"CHARPONT","CEULEMANS Cédric",13,"HAS",null,10,10,null,null,30,null,25,10,null,null,10,null,null,15,10,15,12,10,20,10,{"$nulls":27},187]
[14,"LURAY","ROULEAU Jean-Charles",14,"HVS",30,12,12,12,12,10,null,10,12,null,15,{"$nulls":3},10,10,null,null,15,15,10,{"$nulls":27},185]
[15,"VICHERES","SAGOT Didier",13,"HVS",18,null,12,10,18,{"$nulls":3},10,null,10,null,30,null,20,null,10,12,10,12,10,{"$nulls":27},182]
[16,"BOUGLAINVAL","ALLOUIS Corentin",14,"HAD",10,15,18,10,10,15,null,10,10,null,10,10,18,null,15,{"$nulls":3},10,null,20,{"$nulls":27},181]
[17,"CRECY- COUVE","GOSNET Franck",9,"HAD",null,15,null,25,null,20,null,15,25,null,10,15,null,null,30,{"$nulls":3},25,{"$nulls":29},180]
[18,"LURAY","MARCHIORI Joel",14,"HVS",30,10,10,15,10,12,null,10,12,null,15,10,{"$nulls":3},10,null,null,10,12,10,{"$nulls":27},176]
[19,"VICHERES","PODWOJEWSKI Patrice",11,"HVD",{"$nulls":3},20,{"$nulls":3},22,10,null,20,null,30,null,10,20,null,12,10,12,10,{"$nulls":27},176]
[20,"LURAY","BURSON Ghislaine",13,"FAS",10,null,12,12,15,null,10,12,null,20,15,{"$nulls":4},15,20,null,10,10,14,{"$nulls":27},175]
[21,"LURAY","LIGAVAN Philippe",12,"HVD",10,10,15,10,15,null,null,20,null,null,20,15,15,null,25,null,null,10,null,10,{"$nulls":28},175]
[22,"CRECY- COUVE","LE MEUR Yoan",13,"HAS",10,15,20,10,null,15,null,null,15,null,null,22,null,null,10,10,12,null,12,10,10,{"$nulls":27},171]
[23,"VICHERES","LEBOSSE Brice",10,"HAS",null,null,22,{"$nulls":5},30,null,15,null,14,null,20,15,null,15,10,20,10,{"$nulls":27},171]
[24,"BOULES CLUB CLOYSIEN","MAURICE Marc",12,"HVS",{"$nulls":4},20,null,null,12,14,null,12,10,null,null,10,22,14,22,10,10,10,{"$nulls":27},166]
[25,"BOUGLAINVAL","LOREILLER Bruno",12,"HVD",10,null,10,10,null,12,null,16,10,null,null,10,null,null,15,25,12,null,10,25,{"$nulls":28},165]
[26,"BOULES CLUB CLOYSIEN","GERARD Frederique",9,"HAS",20,{"$nulls":3},22,null,20,null,10,null,18,{"$nulls":3},22,10,null,30,null,12,{"$nulls":28},164]
[27,"LURAY","PAPIN Jasmine",12,"FVD",15,10,15,10,null,null,25,10,null,16,10,{"$nulls":4},10,null,null,18,12,10,{"$nulls":27},161]
[28,"VICHERES","LETOURNEUR Christian",11,"HVS",10,null,15,10,15,null,null,15,15,{"$nulls":3},15,null,12,null,10,20,null,15,{"$nulls":28},152]
[29,"VICHERES","ESCULIER Christian",10,"HVS",10,null,12,20,{"$nulls":3},15,30,null,10,{"$nulls":3},10,null,10,null,null,18,15,{"$nulls":27},150]
[30,"LURAY","SORTAIS Luc",12,"HVS",15,12,null,10,{"$nulls":4},12,null,null,10,null,null,10,18,10,18,12,10,10,{"$nulls":27},147]
[31,"BOUGLAINVAL","COUELLAUD Walter",13,"HAS",null,10,null,10,10,10,null,10,10,null,10,10,null,null,10,null,10,10,10,25,{"$nulls":28},145]
[32,"LURAY","BURSON Denis",10,"HVS",10,10,10,10,30,10,null,20,15,null,20,{"$nulls":4},10,{"$nulls":32},145]
[33,"BOULES CLUB CLOYSIEN","PEAUGER Christian",11,"HVS",null,null,10,null,10,18,null,null,10,null,10,null,15,null,10,10,10,null,30,10,{"$nulls":28},143]
[34,"CHARPONT","NICHOLAS Thierry",12,"HVS",10,10,10,10,null,10,null,18,10,{"$nulls":6},10,10,null,15,20,10,{"$nulls":27},143]
[35,"CRECY- COUVE","BAZIRE Cédric",6,"HAD",25,null,null,18,{"$nulls":4},25,null,null,15,null,null,30,{"$nulls":5},30,{"$nulls":27},143]
[36,"CHARPONT","BOUVIER Carl",13,"HVS",15,10,10,10,null,10,null,12,15,{"$nulls":5},10,10,10,null,10,10,10,{"$nulls":27},142]
[37,"BOUGLAINVAL","MARTIN Gérard",11,"HVD",20,12,null,null,10,10,null,10,10,null,10,{"$nulls":4},15,14,null,10,null,20,{"$nulls":27},141]
[38,"BOULES CLUB CLOYSIEN","PATEYRON Michel",11,"HVS",{"$nulls":4},20,null,null,12,null,null,12,10,10,null,10,22,14,null,10,10,10,{"$nulls":27},140]
[39,"CHARPONT","JEANNOT Lucie",11,"FAS",null,10,10,{"$nulls":3},14,25,null,15,{"$nulls":4},10,10,15,null,10,10,10,{"$nulls":27},139]
[40,"LURAY","BOUDVIN Jérome",12,"HAS",10,12,10,10,null,null,10,null,10,null,null,10,null,null,10,10,20,null,15,null,10,{"$nulls":27},137]
[41,"VICHERES","LETOURNEUR Annick",10,"FVS",10,null,12,10,15,{"$nulls":4},25,null,null,10,null,10,null,10,20,null,15,{"$nulls":28},137]
[42,"SAINT ELIPH","BOUJU Marion",11,"FAS",10,null,10,10,null,null,20,{"$nulls":3},12,{"$nulls":3},14,10,15,15,10,null,10,{"$nulls":27},136]
[43,"CHARPONT","LAUVRAY sébastien",12,"HAS",15,14,10,10,null,null,16,10,10,{"$nulls":5},10,10,10,null,10,10,{"$nulls":28},135]
[44,"CRECY- COUVE","LANOE Christophe",11,"HVD",15,15,15,10,null,10,null,15,10,null,15,10,null,null,10,{"$nulls":3},10,{"$nulls":29},135]
[45,"CRECY- COUVE","LECOMTE Alexandra",8,"FAS",null,null,20,{"$nulls":3},30,15,{"$nulls":3},15,{"$nulls":3},10,25,null,10,10,{"$nulls":28},135]
[46,"VICHERES","BRISSONNET Angelique",11,"FAS",null,10,10,null,null,15,null,10,{"$nulls":4},15,null,10,15,null,12,10,18,10,{"$nulls":27},135]
[47,"SAINT ELIPH","LOMBARD Roméo",9,"HAS",{"$nulls":8},22,null,null,10,20,null,20,10,15,15,10,10,{"$nulls":28},132]
[48,"CHARPONT","DELAMARE Hervé",12,"HVD",10,{"$nulls":4},10,null,10,15,null,null,10,10,null,10,12,12,12,10,null,10,{"$nulls":27},131]
[49,"BOUGLAINVAL","FABRY Emmanuel",8,"HVS",null,25,null,22,{"$nulls":4},10,null,15,{"$nulls":3},15,14,null,null,14,15,{"$nulls":28},130]
[50,"CHARPONT","TOULOUSE Louis",8,"HAD",null,null,10,null,null,30,null,25,{"$nulls":6},15,null,15,15,10,null,10,{"$nulls":27},130]
[51,"BOUGLAINVAL","CHARTIER Bernard",11,"HVS",null,25,10,12,10,{"$nulls":3},10,null,null,12,{"$nulls":3},10,null,10,10,10,10,{"$nulls":27},129]
[52,"BOULES CLUB CLOYSIEN","LALLIOT Gildas",8,"HAS",20,null,10,null,12,{"$nulls":5},10,null,15,null,22,null,10,null,30,{"$nulls":29},129]
[53,"LURAY","ROSSIGNOL Pascal",10,"HVS",30,12,12,{"$nulls":5},10,null,null,10,null,null,10,10,10,null,15,null,10,{"$nulls":27},129]
[54,"BLEVY MAILLEBOIS","VAZQUEZ Baptiste",8,"HAS",null,20,16,null,null,10,{"$nulls":5},20,{"$nulls":3},10,10,null,null,30,12,{"$nulls":27},128]
[55,"CRECY- COUVE","TACHAT Bruno",10,"HVD",null,15,{"$nulls":3},20,null,12,10,null,10,{"$nulls":4},10,10,null,10,16,15,{"$nulls":27},128]
[56,"SAINT ELIPH","HARDY Aurelien",9,"HAS",12,{"$nulls":7},22,null,14,10,null,null,20,10,15,15,10,{"$nulls":29},128]
[57,"CHARPONT","JOSSE Marcel",11,"HVS",null,10,12,10,10,15,null,18,{"$nulls":6},10,12,null,null,10,10,10,{"$nulls":27},127]
[58,"LURAY","BAZEMONT Bruno",10,"HAD",null,22,10,10,{"$nulls":4},10,null,null,10,null,null,10,10,10,null,12,null,22,{"$nulls":27},126]
[59,"CHARPONT","LE MANACH Pascal",11,"HVD",10,null,10,10,null,12,null,10,16,null,null,10,10,null,null,12,10,{"$nulls":3},15,{"$nulls":27},125]
[60,"CRECY- COUVE","LECONTE Sylvain",8,"HAS",null,15,30,15,{"$nulls":3},10,10,{"$nulls":9},20,15,10,{"$nulls":27},125]
[61,"VICHERES","PROUST Julien",9,"HAS",10,15,15,10,15,15,null,15,20,{"$nulls":3},10,{"$nulls":35},125]
[62,"SAINT ELIPH","LOMBARD Richard",11,"HAD",12,null,10,10,{"$nulls":7},10,20,null,10,10,12,10,10,null,10,{"$nulls":27},124]
[63,"BOUGLAINVAL","CHALLE Sébastien",11,"HAS",10,10,10,14,10,10,null,15,null,null,12,{"$nulls":3},10,null,12,null,10,{"$nulls":29},123]
[64,"CHARPONT","DELAHAYE Mickael",9,"HAS",15,14,null,10,null,null,14,null,10,null,null,15,{"$nulls":4},15,null,10,20,{"$nulls":28},123]
[65,"CHARPONT","PITOT Didier",{"$f":"COUNTIF(F67:BA67,\">1\")","v":10},"HVS",10,null,10,15,20,null,null,12,16,{"$nulls":7},10,null,10,10,10,{"$nulls":27},{"$f":"SUM(F67:BA67)","v":123}]
[66,"CRECY- COUVE","GERMAIN Stéphane",9,"HAD",15,null,null,15,null,14,null,10,15,null,null,22,12,null,10,{"$nulls":3},10,{"$nulls":29},123]
[67,"BOUGLAINVAL","ALLOUIS Stéphane",9,"HVS",20,18,null,12,null,15,null,10,10,{"$nulls":5},15,{"$nulls":3},10,null,10,{"$nulls":27},120]
[68,"BOUGLAINVAL","MARTIN Nadine",10,"FVD",10,10,null,null,10,10,null,10,null,15,10,{"$nulls":4},15,null,null,10,null,20,{"$nulls":27},120]
[69,"CRECY- COUVE","PIREAULT Christian",9,"HVD",15,null,15,{"$nulls":4},12,10,{"$nulls":5},12,10,null,null,20,16,10,{"$nulls":27},120]
[70,"LURAY","AZEVEDO Antonio",7,"HVD",{"$nulls":3},15,null,10,null,null,20,null,null,15,null,null,25,{"$nulls":4},15,20,{"$nulls":27},120]
[71,"BLEVY MAILLEBOIS","GREVIN Michel",11,"HVS",null,10,10,10,{"$nulls":4},10,null,null,12,null,null,10,15,10,null,10,12,10,{"$nulls":27},119]
[72,"SAINT GEORGES MOTEL","POINÇON Stéphane",7,"HA",{"$nulls":3},12,null,22,{"$nulls":5},20,{"$nulls":4},18,null,10,22,15,{"$nulls":27},119]
[73,"CHARPONT","PITOT Micheline",10,"FVS",16,null,10,10,10,null,null,12,null,15,{"$nulls":6},10,null,10,10,15,{"$nulls":27},118]
[74,"CHARPONT","PRIEUR Alain",11,"HVS",10,null,10,10,10,null,null,10,10,null,10,{"$nulls":4},12,10,null,10,null,16,{"$nulls":27},118]
[75,"LURAY","FORET Christelle",10,"FAS",15,10,null,10,{"$nulls":4},10,null,null,10,null,null,15,10,10,18,null,10,{"$nulls":28},118]
[76,"LURAY","LE BRIERE Michel",9,"HAD",null,22,null,10,null,12,null,12,{"$nulls":3},10,null,null,10,10,10,{"$nulls":3},22,{"$nulls":27},118]
[77,"CRECY- COUVE","LAMY Laurent",9,"HVS",15,15,20,10,{"$nulls":3},10,15,null,10,null,12,{"$nulls":5},10,{"$nulls":29},117]
[78,"BLEVY MAILLEBOIS","MARTIN Eric",9,"HVS",null,10,10,{"$nulls":5},10,null,null,12,null,null,12,30,10,null,null,12,10,{"$nulls":27},116]
[79,"CRECY- COUVE","HEBERT Ludovic",7,"HAS",25,15,20,null,null,25,null,null,10,{"$nulls":6},10,null,null,10,{"$nulls":29},115]
[80,"BOULES CLUB CLOYSIEN","TANCRE Catherine",10,"FVS",null,null,10,{"$nulls":4},12,10,null,10,null,10,null,10,null,10,22,10,10,{"$nulls":28},114]
[81,"BOULES CLUB CLOYSIEN","TRIAU Fabrice",7,"HAS",20,{"$nulls":3},22,{"$nulls":3},10,null,10,{"$nulls":3},10,null,10,null,30,{"$nulls":29},112]
[82,"CHARPONT","JOSSE Marie Helene",10,"FVS",null,16,10,10,10,null,16,10,{"$nulls":7},10,null,null,10,10,10,{"$nulls":27},112]
[83,"CHARPONT","PITOT Cédric",10,"HAD",null,10,10,10,null,null,10,12,{"$nulls":8},15,15,10,10,10,{"$nulls":27},112]
[84,"VICHERES","GUILLOU Mayvis",6,"HAS",null,null,25,{"$nulls":5},10,{"$nulls":3},25,null,12,{"$nulls":3},15,null,25,{"$nulls":27},112]
[85,"VICHERES","SURCIN Tanguy",6,"HAS",null,null,25,{"$nulls":7},10,null,25,null,12,{"$nulls":3},15,null,25,{"$nulls":27},112]
[86,"VICHERES","SALOMON Dimitri",7,"HAD",{"$nulls":3},20,{"$nulls":3},22,null,null,15,null,14,null,18,{"$nulls":4},12,10,{"$nulls":27},111]
[87,"CRECY- COUVE","LE HELLEY Kevin",9,"HAS",10,{"$nulls":4},14,{"$nulls":5},10,22,null,10,null,12,null,12,10,10,{"$nulls":27},110]
[88,"LURAY","DESESQUELLES Philippe",10,"HVS",10,10,null,16,10,12,null,10,12,{"$nulls":6},10,10,null,10,{"$nulls":29},110]
[89,"LURAY","ROSSIGNOL Françoise",11,"FVS",10,10,10,{"$nulls":5},10,null,null,10,null,null,10,10,10,10,10,null,10,{"$nulls":27},110]
[90,"LURAY","GLIZE Elisabheth",9,"FVD",null,null,15,10,{"$nulls":5},18,10,{"$nulls":3},10,10,null,null,10,12,14,{"$nulls":27},109]
[91,"BOULES CLUB CLOYSIEN","HOUE Jean Pierre",7,"HVS",{"$nulls":4},20,{"$nulls":5},10,10,{"$nulls":3},22,14,22,10,{"$nulls":29},108]
[92,"CHARPONT","LOYER Jean François",9,"HVD",16,null,null,10,null,12,null,null,15,null,null,10,10,null,10,{"$nulls":4},10,15,{"$nulls":27},108]
[93,"CHARPONT","PRIEUR Laure",9,"FVS",16,null,10,10,{"$nulls":3},10,null,15,10,{"$nulls":4},12,null,null,15,null,10,{"$nulls":27},108]
[94,"CHARPONT","ROUSSEAU Patrick",8,"HVS",null,12,null,15,20,{"$nulls":3},16,null,10,{"$nulls":7},10,10,15,{"$nulls":27},108]
[95,"CHALLET-BAILLEAU L'EVEQUE","LATIMIER Pascal",10,"HVS",10,10,12,10,null,10,null,15,10,null,null,10,{"$nulls":4},10,null,null,10,{"$nulls":28},107]
[96,"CRECY- COUVE","GASSE MARGAT Jacky",7,"HVD",{"$nulls":3},15,null,20,null,null,10,{"$nulls":6},10,null,null,22,15,15,{"$nulls":27},107]
[97,"LURAY","NICHAU Jonathan",6,"HAS",{"$nulls":3},20,null,null,25,null,12,null,null,10,{"$nulls":3},18,{"$nulls":4},22,{"$nulls":27},107]
[98,"BLEVY MAILLEBOIS","MAIA Christophe",10,"HAS",null,null,12,12,null,10,null,null,10,null,null,12,null,null,10,10,null,null,10,10,10,{"$nulls":27},106]
[99,"CHARPONT","FOSSE Emeline",10,"FJS",null,12,10,10,null,null,10,12,10,null,null,10,null,null,10,{"$nulls":4},10,12,{"$nulls":27},106]
[100,"BOUGLAINVAL","GAUDEFROY Patrice",7,"HVS",15,20,{"$nulls":3},15,null,null,10,null,null,10,{"$nulls":3},25,{"$nulls":3},10,{"$nulls":28},105]
[101,"CRECY- COUVE","BEGAL William",8,"HVS",null,null,10,null,15,null,null,20,15,{"$nulls":5},10,10,15,null,10,{"$nulls":29},105]
[102,"CRECY- COUVE","LECONTE Luc",6,"HVS",null,15,20,25,{"$nulls":4},15,null,null,15,{"$nulls":7},15,{"$nulls":28},105]
[103,"LURAY","TRUBERT Jacky",6,"HVD",{"$nulls":5},10,null,null,20,null,null,15,null,null,25,{"$nulls":4},15,20,{"$nulls":27},105]
[104,"VICHERES","CHASSIN Jean-Paul",9,"HAS",null,10,14,10,{"$nulls":4},15,null,10,null,10,null,10,null,null,16,null,null,10,{"$nulls":27},105]
[105,"VICHERES","LEBACLE Sébastien",9,"HAS",10,null,null,10,{"$nulls":3},15,10,null,10,{"$nulls":3},20,null,10,null,10,null,10,{"$nulls":27},105]
[106,"BOUGLAINVAL","DENEFF Guillaume",8,"HAS",10,15,{"$nulls":4},10,15,{"$nulls":3},12,{"$nulls":3},10,22,null,null,10,{"$nulls":28},104]
[107,"BOULES CLUB CLOYSIEN","TRIAU Lucas",7,"HAS",{"$nulls":4},10,18,{"$nulls":4},16,{"$nulls":3},10,null,10,30,10,{"$nulls":29},104]
[108,"BLEVY MAILLEBOIS","FREMONT Denis",9,"HVS",null,null,12,10,null,10,null,null,10,null,null,16,null,null,15,{"$nulls":3},10,10,10,{"$nulls":27},103]
[109,"BLEVY MAILLEBOIS","GILLOT Moïse",9,"HVS",null,null,12,10,null,10,null,null,10,null,null,16,null,null,15,{"$nulls":3},10,10,10,{"$nulls":27},103]
[110,"BOULES CLUB CLOYSIEN","GERARD Marie-Laure",8,"FAS",{"$nulls":4},12,10,{"$nulls":3},22,10,null,15,null,12,10,{"$nulls":3},12,{"$nulls":28},103]
[111,"BOUGLAINVAL","CRETON Michel",10,"HVD",10,10,null,10,12,10,{"$nulls":5},10,{"$nulls":4},10,10,10,10,{"$nulls":28},102]
[112,"BOUGLAINVAL","CRETON Renée",10,"FVD",10,10,null,10,12,10,{"$nulls":5},10,{"$nulls":4},10,10,10,10,{"$nulls":28},102]
[113,"CHALLET-BAILLEAU L'EVEQUE","DUMONT Isabelle",9,"FVS",null,null,12,10,10,null,null,15,10,null,null,10,null,null,10,null,15,{"$nulls":3},10,{"$nulls":27},102]
[114,"CRECY- COUVE","LE COINT Frédéric",8,"HAD",22,null,10,10,{"$nulls":3},10,15,{"$nulls":5},10,10,null,null,15,{"$nulls":29},102]
[115,"SAINT ELIPH","COMTAMIN Jonathan",9,"HAD",{"$nulls":8},10,{"$nulls":3},20,null,10,10,12,10,10,10,10,{"$nulls":27},102]
[116,"BOUGLAINVAL","HERY Vincent",7,"HVS",{"$nulls":3},22,10,{"$nulls":3},10,null,15,{"$nulls":3},15,{"$nulls":3},14,15,{"$nulls":28},101]
[117,"LA GAULOISE","CABART Georgette",9,"FVS",{"$nulls":9},15,10,null,16,null,10,10,10,10,10,10,{"$nulls":28},101]
[118,"CHALLET-BAILLEAU L'EVEQUE","DEMONCAY Patrick",9,"HVS",10,10,null,10,null,null,15,10,10,null,10,15,{"$nulls":4},10,{"$nulls":31},100]
[119,"LURAY","MARECHAL Eric",7,"HVS",null,null,10,10,15,null,null,12,null,null,25,null,15,null,12,{"$nulls":33},99]
[120,"CHARPONT","PALARIC Nathalie",8,"FVS",{"$nulls":3},10,10,null,null,18,null,15,{"$nulls":5},10,null,null,10,10,15,{"$nulls":27},98]
[121,"LURAY","PELTRIAUX Frédéric",8,"HAS",12,22,10,null,12,12,null,null,10,null,null,10,{"$nulls":3},10,{"$nulls":32},98]
[122,"BOUGLAINVAL","CAUSERET Gilles",8,"HVD",{"$nulls":3},10,12,10,null,null,10,null,10,{"$nulls":6},25,10,10,{"$nulls":28},97]
[123,"CHARPONT","RIBEIRO Manuel",8,"HVS",12,null,10,10,{"$nulls":3},12,10,null,null,18,null,null,10,{"$nulls":3},15,{"$nulls":29},97]
[124,"CRECY- COUVE","CAMART Michel",7,"HAS",15,null,30,{"$nulls":4},10,{"$nulls":3},10,null,null,10,10,null,null,12,{"$nulls":29},97]
[125,"LURAY","DUPONT Michel",9,"HVS",10,12,null,10,null,10,{"$nulls":5},10,null,null,15,10,null,null,10,null,10,{"$nulls":27},97]
[126,"BOUGLAINVAL","GARGASSON Jacky",8,"HVD",20,12,{"$nulls":6},10,null,10,{"$nulls":4},10,14,null,10,null,10,{"$nulls":27},96]
[127,"BOUGLAINVAL","HICGUET Anne-Claire",9,"FAS",10,10,10,14,10,{"$nulls":5},10,{"$nulls":3},10,null,12,null,10,{"$nulls":29},96]
[128,"BOUGLAINVAL","MENAGER Jean Paul",8,"HVD",null,20,null,10,{"$nulls":4},12,null,10,{"$nulls":5},14,null,10,10,10,{"$nulls":27},96]
[129,"CHARPONT","FAURE Christophe",{"$f":"COUNTIF(F131:BA131,\">1\")","v":8},"HVS",null,16,10,10,{"$nulls":7},18,null,null,10,12,10,null,10,{"$nulls":29},{"$f":"SUM(F131:BA131)","v":96}]
[130,"CRECY- COUVE","DEMEGLIO Yves",7,"HVD",10,null,18,18,null,15,null,null,10,null,15,10,{"$nulls":36},96]
[131,"CHARPONT","COMPAIN Francois",9,"HVS",null,10,10,10,null,15,null,null,10,{"$nulls":5},10,{"$nulls":3},10,10,10,{"$nulls":27},95]
[132,"VICHERES","SALOMON Carine",6,"FAD",12,null,null,10,{"$nulls":3},30,null,null,10,{"$nulls":3},18,{"$nulls":5},15,{"$nulls":27},95]
[133,"CRECY- COUVE","LECONTE Steven",6,"HAD",{"$nulls":3},15,null,14,{"$nulls":5},15,{"$nulls":4},25,null,null,15,10,{"$nulls":27},94]
[134,"SAINT GEORGES MOTEL","ABDELESSELAMI Kader",6,"HA",{"$nulls":11},20,null,null,12,null,18,null,10,22,12,{"$nulls":27},94]
[135,"CRECY- COUVE","GAUDIN Jean Marc",7,"HVD",null,null,10,10,15,null,null,20,{"$nulls":7},12,10,{"$nulls":3},15,{"$nulls":27},92]
[136,"BOUGLAINVAL","GOLLION Stephane",7,"HAS",null,10,{"$nulls":5},16,null,null,10,{"$nulls":3},10,null,10,null,10,25,{"$nulls":28},91]
[137,"BOUGLAINVAL","DENEFF Anne",8,"FAS",10,15,{"$nulls":4},10,15,{"$nulls":3},10,{"$nulls":3},10,10,null,null,10,{"$nulls":28},90]
[138,"CRECY- COUVE","LE FLOHIC Bruno",8,"HVD",null,null,15,15,null,10,null,10,10,null,10,10,{"$nulls":6},10,{"$nulls":29},90]
[139,"CRECY- COUVE","LHEMERY Mathieu",5,"HAS",null,15,20,null,null,25,null,null,10,{"$nulls":9},20,{"$nulls":29},90]
[140,"LURAY","MAZAS Pascal",9,"HVD",10,null,null,10,null,10,null,10,10,null,10,{"$nulls":4},10,null,null,10,null,10,{"$nulls":27},90]
[141,"VICHERES","EGGER Ludovic",5,"HAD",null,null,15,{"$nulls":5},30,{"$nulls":3},15,{"$nulls":4},10,null,20,{"$nulls":28},90]
[142,"VICHERES","RIQUET André",8,"HVS",10,10,{"$nulls":5},10,null,null,10,null,14,null,10,null,null,16,null,null,10,{"$nulls":27},90]
[143,"CRECY- COUVE","LOPES Carlos",7,"HAS",null,null,15,{"$nulls":4},12,{"$nulls":6},12,null,10,15,10,null,15,{"$nulls":27},89]
[144,"BOUGLAINVAL","ESLAN Pierre",8,"HVD",{"$nulls":3},10,12,10,null,null,10,{"$nulls":5},15,10,null,10,10,{"$nulls":29},87]
[145,"CHALLET-BAILLEAU L'EVEQUE","IMPERIALE Claude",8,"HVS",null,10,{"$nulls":4},12,null,10,null,10,15,null,null,10,null,10,null,null,10,{"$nulls":28},87]
[146,"VICHERES","PASQUET Sylvie",6,"FVS",null,10,{"$nulls":5},15,null,25,10,null,10,{"$nulls":4},16,{"$nulls":30},86]
[147,"CHALLET-BAILLEAU L'EVEQUE","DEMONCAY Florence",6,"FAS",10,null,null,10,null,null,15,null,null,30,10,{"$nulls":5},10,{"$nulls":31},85]
[148,"VICHERES","POIRIER Anthony",6,"HAS",{"$nulls":8},18,null,22,{"$nulls":3},10,15,null,null,10,null,10,{"$nulls":27},85]
[149,"BOULES CLUB CLOYSIEN","GERARD MARINE",6,"FAS",{"$nulls":4},22,null,15,null,null,15,10,{"$nulls":3},12,10,{"$nulls":32},84]
[150,"BOULES CLUB CLOYSIEN","LALLIOT Priscilla",7,"FAS",null,null,10,null,null,10,{"$nulls":3},22,10,null,10,null,12,{"$nulls":4},10,{"$nulls":28},84]
[151,"CHARPONT","PERRIN Cyril",6,"HAD",14,10,{"$nulls":3},30,{"$nulls":10},10,null,10,10,{"$nulls":28},84]
[152,"LURAY","LAVERGNE Alain",8,"HVS",12,null,null,12,null,10,null,10,{"$nulls":3},10,null,null,10,null,10,{"$nulls":3},10,{"$nulls":27},84]
[153,"BLEVY MAILLEBOIS","MARTIN Gaëtan",6,"HAS",null,null,10,{"$nulls":5},10,{"$nulls":5},12,30,10,{"$nulls":3},10,{"$nulls":27},82]
[154,"BOUGLAINVAL","MEHANECHE Roger",8,"HVS",10,10,null,12,null,10,{"$nulls":10},10,null,10,10,10,{"$nulls":27},82]
[155,"LURAY","SORTAIS Guy",8,"HVS",12,null,10,null,null,10,null,null,10,null,null,10,null,null,10,10,{"$nulls":4},10,{"$nulls":27},82]
[156,"VICHERES","MENAGER Antoine",6,"HAS",{"$nulls":8},18,null,22,null,12,null,10,{"$nulls":3},10,null,10,{"$nulls":27},82]
[157,"CRECY- COUVE","BUCHET Gwendal",6,"HJD",null,null,15,{"$nulls":5},10,null,null,10,{"$nulls":3},10,null,null,20,16,{"$nulls":28},81]
[158,"BOUGLAINVAL","DENEFF Estéban",7,"HJS",10,10,{"$nulls":4},15,15,{"$nulls":3},10,{"$nulls":3},10,10,{"$nulls":31},80]
[159,"BOULES CLUB CLOYSIEN","GAUGUIN Alain",6,"HAS",{"$nulls":8},10,{"$nulls":7},20,20,10,10,10,{"$nulls":27},80]
[160,"CRECY- COUVE","SAULU Christophe",5,"HAS",25,{"$nulls":4},25,null,null,10,{"$nulls":6},10,null,null,10,{"$nulls":29},80]
[161,"LURAY","GUYON Thierry",5,"HVS",null,10,null,20,null,null,22,{"$nulls":8},10,null,null,18,{"$nulls":29},80]
[162,"LURAY","LARUE  Franck",8,"HVS",10,null,null,10,null,10,null,null,10,null,null,10,{"$nulls":3},10,null,null,10,null,10,{"$nulls":27},80]
[163,"LURAY","PERCHER Patrick",7,"HVS",null,10,null,10,null,10,null,20,{"$nulls":3},10,{"$nulls":4},10,null,10,{"$nulls":29},80]
[164,"VICHERES","CAILLON Jérome",7,"HAS",10,10,{"$nulls":3},10,{"$nulls":6},15,null,10,null,10,null,15,{"$nulls":29},80]
[165,"VICHERES","HEUZE Nans",6,"HAS",{"$nulls":8},18,null,20,null,12,null,10,{"$nulls":3},10,null,10,{"$nulls":27},80]
[166,"BOUGLAINVAL","MANIEZ Hugo",6,"HAS",null,null,10,10,{"$nulls":11},10,null,25,10,14,{"$nulls":28},79]
[167,"CHARPONT","SRIPRAMONG Maitri",7," HVS",12,10,10,null,null,15,null,12,10,null,10,{"$nulls":37},79]
[168,"VICHERES","DORDOIGNE Jérome",5,"HAS",12,{"$nulls":6},15,{"$nulls":4},30,{"$nulls":3},10,12,{"$nulls":30},79]
[169,"CHEMINOTS","HIRIEL Fabrice",5,"HAS",10,{"$nulls":14},16,30,null,null,12,10,{"$nulls":27},78]
[170,"CHEMINOTS","MOREAU Maxime",5,"HAS",{"$nulls":4},10,{"$nulls":10},16,30,null,null,12,10,{"$nulls":27},78]
[171,"CRECY- COUVE","BEFFROY Daniel",6,"HVD",10,{"$nulls":6},20,{"$nulls":7},12,10,null,null,10,16,{"$nulls":27},78]
[172,"LURAY","NICHAU Gerard",6,"HVD",{"$nulls":3},20,null,10,null,null,12,null,null,10,{"$nulls":3},10,{"$nulls":4},16,{"$nulls":27},78]
[173,"SAINT ELIPH","GAGNEBIEN Boris",7,"HAS",10,null,10,10,{"$nulls":6},12,{"$nulls":3},14,{"$nulls":3},12,null,10,{"$nulls":27},78]
[174,"VICHERES","BELT Alban",5,"HAD",null,null,18,{"$nulls":4},30,10,{"$nulls":5},10,null,null,10,{"$nulls":30},78]
[175,"BOUGLAINVAL","BOILLOD Sylvain",7,"HVS",null,10,{"$nulls":3},12,null,null,10,null,null,10,{"$nulls":3},15,null,null,10,10,{"$nulls":28},77]
[176,"BOULES CLUB CLOYSIEN","CHAUVEAU Denis",4,"HVS",{"$nulls":4},25,{"$nulls":5},30,{"$nulls":5},12,null,10,{"$nulls":29},77]
[177,"BOULES CLUB CLOYSIEN","TOURNAY Quentin",6,"HAS",{"$nulls":4},10,null,15,null,10,null,10,{"$nulls":3},22,10,{"$nulls":32},77]
[178,"CHARPONT","CASSAGNABERE Franck",7,"HVS",null,null,10,10,null,10,{"$nulls":5},15,null,null,10,null,10,{"$nulls":3},12,{"$nulls":27},77]
[179,"CHARPONT","PRESTVOINE Mickael",7,"HAS",{"$nulls":3},15,{"$nulls":6},10,{"$nulls":4},10,10,null,10,10,12,{"$nulls":27},77]
[180,"CRECY- COUVE","COUTANCE Martine",6,"FVD",10,{"$nulls":6},20,{"$nulls":7},12,10,null,null,10,15,{"$nulls":27},77]
[181,"CRECY- COUVE","ELIE Christine",6,"FVD",{"$nulls":3},15,{"$nulls":11},12,10,null,10,15,15,{"$nulls":27},77]
[182,"SAINT GEORGES MOTEL","RANDRIANTAHINA Roger",6,"HV",{"$nulls":5},15,null,null,10,null,null,12,{"$nulls":3},10,null,null,15,null,15,{"$nulls":27},77]
[183,"BOUGLAINVAL","POLVE Jacques",7,"HVD",10,10,{"$nulls":3},10,null,16,{"$nulls":6},10,{"$nulls":3},10,10,{"$nulls":28},76]
[184,"BONNEVAL","LACOSTE Phillippe",6,"HVD",{"$nulls":4},15,{"$nulls":5},10,null,15,null,null,10,null,15,null,10,{"$nulls":28},75]
[185,"BOULES CLUB CLOYSIEN","LALLIOT Manon",6,"FAS",null,null,10,{"$nulls":3},20,null,null,15,10,{"$nulls":5},10,null,null,10,{"$nulls":28},75]
[186,"CHARPONT","NOVEL Jean François",7,"HVD",10,null,null,10,{"$nulls":3},10,{"$nulls":4},10,{"$nulls":3},10,null,10,null,15,{"$nulls":27},75]
[187,"VICHERES","DUBILLOT Théo",4,"HAS",null,null,25,{"$nulls":5},10,{"$nulls":6},15,{"$nulls":4},25,{"$nulls":27},75]
[188,"VICHERES","SEDILLOT-BUISSON Mael",6,"HJS",null,null,10,10,null,10,null,15,15,null,15,{"$nulls":37},75]
[189,"CHARPONT","MAILLARD Guy",7,"HVS",null,null,12,10,null,10,null,null,10,null,null,10,{"$nulls":3},10,null,null,12,{"$nulls":29},74]
[190,"CHARPONT","ONDO Jean-Hilaire",7,"HVD",{"$nulls":3},10,null,10,null,null,10,{"$nulls":5},10,null,12,null,10,null,12,{"$nulls":27},74]
[191,"LURAY","GOSSE Amandine",6,"FAD",15,null,12,null,null,12,{"$nulls":9},15,null,null,10,null,10,{"$nulls":27},74]
[192,"SAINT ELIPH","LELONG Lilian",6,"HAD",{"$nulls":4},12,20,null,null,12,{"$nulls":5},10,{"$nulls":3},10,null,10,{"$nulls":27},74]
[193,"SAINT GEORGES MOTEL","NGAMBE Guy",{"$f":"COUNTIF(F195:BA195,\">1\")","v":6},"HV",{"$nulls":5},15,null,null,10,null,null,12,{"$nulls":3},10,12,null,15,{"$nulls":29},{"$f":"SUM(F195:BA195)","v":74}]
[194,"SAINT GEORGES MOTEL","RUELLE Dominique",6,"HV",null,null,10,{"$nulls":8},12,{"$nulls":3},12,null,null,15,10,15,{"$nulls":27},74]
[195,"BOUGLAINVAL","FRESNEDA Angelo",6,"HVD",null,10,null,10,null,null,10,{"$nulls":8},10,22,null,null,10,{"$nulls":28},72]
[196,"BOUGLAINVAL","GESTIN Emmanuelle",6,"FAD",{"$nulls":3},10,null,null,10,null,null,20,null,12,{"$nulls":4},10,null,null,10,{"$nulls":28},72]
[197,"BOUGLAINVAL","GESTIN Jean Philippe",6,"HVD",{"$nulls":3},10,null,null,10,null,10,{"$nulls":6},10,22,null,null,10,{"$nulls":28},72]
[198,"BOUGLAINVAL","RANVIER Marcel",7,"HVD",null,10,null,10,12,10,{"$nulls":5},10,{"$nulls":3},10,null,null,10,{"$nulls":29},72]
[199,"CHARPONT","BROSCRITTO Luigi",6,"HVS",12,null,10,null,null,12,{"$nulls":5},18,null,null,10,{"$nulls":3},10,{"$nulls":29},72]
[200,"CHARPONT","ROUSSEAU Marielle",7,"FVS",null,12,null,10,{"$nulls":4},10,null,10,{"$nulls":7},10,10,10,{"$nulls":27},72]
[201,"LURAY","VILLETTE ALAIN",4,"HVD",12,30,{"$nulls":6},12,{"$nulls":6},18,{"$nulls":32},72]
[202,"SAINT GEORGES MOTEL","PESQUEUX Olivier",4,"HA",{"$nulls":5},22,{"$nulls":10},18,null,10,22,{"$nulls":28},72]
[203,"VICHERES","ESNAULT Didier",5,"HVS",18,null,14,12,18,{"$nulls":5},10,{"$nulls":37},72]
[204,"BOUGLAINVAL","ROLLET Patrick",7,"HAS",null,10,null,10,null,10,null,null,10,null,null,10,{"$nulls":4},10,null,10,{"$nulls":29},70]
[205,"BOULES CLUB CLOYSIEN","VINCENZI Julie",7,"FAS",null,null,10,null,10,10,{"$nulls":4},10,{"$nulls":3},10,{"$nulls":3},10,10,{"$nulls":28},70]
[206,"CHARPONT","PERRIN Raphael",6,"HJS",14,10,{"$nulls":3},16,{"$nulls":10},10,null,10,10,{"$nulls":28},70]
[207,"CHARPONT","PITOT Wilfrid",5,"HAS",null,10,{"$nulls":5},25,{"$nulls":6},15,{"$nulls":3},10,null,10,{"$nulls":27},70]
[208,"LURAY","MONTEIRO Joaquina",7,"FVS",10,null,10,null,10,null,null,10,null,null,10,{"$nulls":7},10,null,10,{"$nulls":27},70]
[209,"VICHERES","DECAYEUX Lauralée",5,"FAS",null,null,10,10,null,null,18,22,null,null,10,{"$nulls":37},70]
[210,"CHARPONT","BECHE Roland",6,"HVS",null,14,null,15,{"$nulls":4},10,{"$nulls":6},10,10,null,10,{"$nulls":29},69]
[211,"CRECY- COUVE","DAAGE Laetitia",5,"FAD",null,null,15,{"$nulls":4},12,null,12,null,10,{"$nulls":6},20,{"$nulls":29},69]
[212,"CRECY- COUVE","GANDON Chantal",5,"FVD",null,null,15,{"$nulls":4},10,{"$nulls":6},12,{"$nulls":3},22,null,10,{"$nulls":27},69]
[213,"SAINT GEORGES MOTEL","DUPART Didier",6,"HV",{"$nulls":3},15,{"$nulls":7},12,{"$nulls":3},12,null,null,10,10,10,{"$nulls":27},69]
[214,"SAINT GEORGES MOTEL","PLESSIS Emmanuel  ",5,"HA",{"$nulls":11},20,null,null,12,null,15,null,10,null,12,{"$nulls":27},69]
[215,"BOULES CLUB CLOYSIEN","BELAN Christophe",6,"HAS",{"$nulls":4},10,18,null,null,10,null,10,{"$nulls":4},10,{"$nulls":3},10,{"$nulls":28},68]
[216,"CHALLET-BAILLEAU L'EVEQUE","BOISSAY Agès",6,"FVS",null,null,12,null,10,{"$nulls":4},16,null,10,{"$nulls":4},10,null,null,10,{"$nulls":28},68]
[217,"LA GAULOISE","BROSSIN Irène",6,"FVS",{"$nulls":10},10,null,10,null,null,10,null,14,12,12,{"$nulls":28},68]
[218,"SAINT ELIPH","LE BLANC Frédéric",5,"HAD",{"$nulls":6},20,null,12,{"$nulls":5},14,null,null,10,12,{"$nulls":29},68]
[219,"SAINT GEORGES MOTEL","RAMDANI Karim",4,"HA",{"$nulls":11},25,{"$nulls":4},15,null,10,null,18,{"$nulls":27},68]
[220,"SAINT GEORGES MOTEL","REDON Wesley",4,"HA",{"$nulls":11},25,{"$nulls":4},15,null,10,null,18,{"$nulls":27},68]
[221,"VICHERES","TUFFIER Benoist",5,"HAS",18,null,null,12,18,{"$nulls":5},10,{"$nulls":5},10,{"$nulls":31},68]
[222,"BLEVY MAILLEBOIS","BIDARD Philippe",6,"HVS",{"$nulls":14},12,15,10,null,10,10,10,{"$nulls":27},67]
[223,"VICHERES","SIMONKLEIN Lola",5,"FAS",{"$nulls":8},10,{"$nulls":3},25,null,10,{"$nulls":3},10,null,12,{"$nulls":27},67]
[224,"BOULES CLUB CLOYSIEN","GERARD Michel",6,"HVS",{"$nulls":4},12,null,null,12,10,null,10,{"$nulls":3},10,{"$nulls":4},12,{"$nulls":28},66]
[225,"BOULES CLUB CLOYSIEN","ROLANDEAU Mehdi",3,"HAS",{"$nulls":4},25,{"$nulls":5},30,{"$nulls":7},10,{"$nulls":29},65]
[226,"CHUISNES","BASTHISTE Kevin",6,"HAS",{"$nulls":14},10,15,10,null,10,10,10,{"$nulls":27},65]
[227,"LURAY","RICOIS Clara",4,"FJS",null,null,15,{"$nulls":3},22,{"$nulls":11},18,null,10,{"$nulls":27},65]
[228,"VICHERES","LE TEXIER Pascal ",6,"HVS",10,15,null,10,{"$nulls":3},10,{"$nulls":8},10,{"$nulls":3},10,{"$nulls":27},65]
[229,"BOUGLAINVAL","TOUTAIN Sylvie",5,"FVS",null,10,null,14,{"$nulls":5},20,{"$nulls":6},10,null,null,10,{"$nulls":28},64]
[230,"LURAY","OVERMANN Guy",6,"HVS",null,null,12,12,null,10,{"$nulls":5},10,{"$nulls":3},10,null,null,10,{"$nulls":29},64]
[231,"CHALLET-BAILLEAU L'EVEQUE","BRABANT Annick",4,"FVS",null,10,{"$nulls":4},12,null,null,30,10,{"$nulls":37},62]
[232,"CHARPONT","EMILE Antoine",6,"HVS",null,10,12,{"$nulls":7},10,null,10,{"$nulls":3},10,null,10,{"$nulls":29},62]
[233,"CHARPONT","FLORIN Terry",5,"HAS",{"$nulls":3},10,{"$nulls":7},15,{"$nulls":4},10,15,null,null,12,{"$nulls":27},62]
[234,"CRECY- COUVE","BEGAL Pascal",6,"HVD",null,null,10,10,{"$nulls":4},10,{"$nulls":5},10,12,null,null,10,{"$nulls":29},62]
[235,"CRECY- COUVE","CANELAS David",5,"HVD",{"$nulls":4},15,{"$nulls":10},12,15,null,10,null,10,{"$nulls":27},62]
[236,"LA GAULOISE","CABART LUAN",6,"FJS",{"$nulls":10},10,null,12,null,10,null,10,10,10,{"$nulls":29},62]
[237,"LURAY","LIGAVAN Cyril",6,"HAS",10,{"$nulls":3},12,null,null,10,null,null,10,{"$nulls":7},10,null,10,{"$nulls":27},62]
[238,"LURAY","POINÇON Gaétan",6,"HAS",10,null,10,10,null,12,{"$nulls":12},10,10,{"$nulls":28},62]
[239,"CHUISNES","DEPUSSAY Thierry",5,"HVS",{"$nulls":14},16,15,null,null,10,10,10,{"$nulls":27},61]
[240,"LA GAULOISE","COLOMINA Laetitia",5,"FAS",{"$nulls":9},15,null,null,16,{"$nulls":3},10,10,10,{"$nulls":29},61]
[241,"LURAY","GLIZE Joel",5,"HVD",null,null,15,16,{"$nulls":4},10,{"$nulls":5},10,{"$nulls":3},10,{"$nulls":29},61]
[242,"YEVRES","LETERTRE Christian",5,"HVS",{"$nulls":7},15,null,null,12,null,12,null,10,null,null,12,{"$nulls":30},61]
[243,"BONNEVAL","BOUILLY Eric",5,"HVS",{"$nulls":4},15,{"$nulls":5},10,{"$nulls":4},10,null,15,null,10,{"$nulls":28},60]
[244,"BOUGLAINVAL","CHALLE Stéphane",5,"HAS",null,10,{"$nulls":6},12,null,null,14,{"$nulls":3},14,{"$nulls":3},10,{"$nulls":28},60]
[245,"CHALLET-BAILLEAU L'EVEQUE","CATTANEO Didier",5,"HVS",null,10,{"$nulls":5},15,10,{"$nulls":7},15,{"$nulls":3},10,{"$nulls":27},60]
[246,"CHALLET-BAILLEAU L'EVEQUE","COUDIER Alain",6,"HVS",null,10,null,10,null,10,null,null,10,null,10,{"$nulls":3},10,{"$nulls":33},60]
[247,"CHALLET-BAILLEAU L'EVEQUE","DENIEAULT Patrice",6,"HVS",10,10,{"$nulls":6},10,null,null,10,null,null,10,null,10,{"$nulls":31},60]
[248,"CHALLET-BAILLEAU L'EVEQUE","WINGEL Lionel",6,"HVS",null,10,{"$nulls":4},10,10,10,{"$nulls":7},10,null,null,10,{"$nulls":28},60]
[249,"CHARPONT","GUERZA Ylies",4,"HAS",{"$nulls":3},30,null,10,{"$nulls":10},10,null,null,10,{"$nulls":28},60]
[250,"LURAY","GRANDIAU Dominique",4,"HVD",{"$nulls":3},15,null,10,{"$nulls":13},15,20,{"$nulls":27},60]
[251,"LURAY","MAZAS Nadine",5,"FVS",12,null,null,10,{"$nulls":3},10,null,18,10,{"$nulls":37},60]
[252,"VICHERES","PODWOJEWSKI Murielle",5,"FVS",{"$nulls":3},10,{"$nulls":4},10,{"$nulls":5},10,20,{"$nulls":4},10,{"$nulls":27},60]
[253,"BOUGLAINVAL","MANIEZ Grégory",5,"HAS",15,null,10,{"$nulls":5},10,{"$nulls":6},10,{"$nulls":3},14,{"$nulls":28},59]
[254,"BOUGLAINVAL","PENON Damien",4,"HAS",null,25,null,null,10,{"$nulls":3},10,{"$nulls":9},14,{"$nulls":29},59]
[255,"LA GAULOISE","VERRIER Nicolas",5,"HAS",{"$nulls":10},10,null,16,{"$nulls":3},10,null,12,10,{"$nulls":28},58]
[256,"BOUGLAINVAL","GARGASSON Patricia",5,"FVD",10,12,{"$nulls":7},15,10,{"$nulls":9},10,{"$nulls":27},57]
[257,"BOUGLAINVAL","GASTINEL Patrice",{"$f":"COUNTIF(F259:BA259,\">1\")","v":4},"HVS",null,10,null,22,null,15,null,null,10,{"$nulls":39},{"$f":"SUM(F259:BA259)","v":57}]
[258,"BOULES CLUB CLOYSIEN","QUINTAIS LUCIA",4,"FVS",{"$nulls":4},25,{"$nulls":5},10,{"$nulls":5},12,null,10,{"$nulls":29},57]
[259,"CHARPONT","PITOT Jean Patrick",5,"HVS",null,null,10,15,{"$nulls":3},12,{"$nulls":10},10,null,10,{"$nulls":27},57]
[260,"CRECY- COUVE","LE GARREC Mauricette",5,"FVD",{"$nulls":7},10,null,12,{"$nulls":8},10,15,10,{"$nulls":27},57]
[261,"SAINT GEORGES MOTEL","PICHON Bernard",5,"HV",{"$nulls":3},15,{"$nulls":11},12,null,null,10,10,10,{"$nulls":27},57]
[262,"VICHERES","COHIN Nicolas",4,"HAS",{"$nulls":3},12,{"$nulls":4},20,{"$nulls":3},15,null,10,{"$nulls":33},57]
[263,"CHALLET-BAILLEAU L'EVEQUE","DURQUETY Catherine",5,"FVS",null,10,{"$nulls":4},10,null,null,16,null,10,{"$nulls":7},10,{"$nulls":28},56]
[264,"CHUISNES","BIGOT Sebastien",5,"HAS",0,{"$nulls":13},16,null,10,null,10,10,10,{"$nulls":27},56]
[265,"LURAY","TEILLEUX BENJAMIN",5,"HAS",12,null,10,null,12,{"$nulls":3},12,null,null,10,{"$nulls":36},56]
[266,"SAINT ELIPH","BLANCHE Julien",4,"HAS",{"$nulls":8},12,null,14,{"$nulls":3},20,10,{"$nulls":32},56]
[267,"BOUGLAINVAL","PREVOST Francoise",5,"FVD",10,null,10,10,null,null,15,{"$nulls":4},10,{"$nulls":36},55]
[268,"CHALLET-BAILLEAU L'EVEQUE","SOIRAT Philippe",5,"HVD",{"$nulls":3},10,null,10,null,null,10,null,null,15,{"$nulls":4},10,{"$nulls":31},55]
[269,"LURAY","AUBRY Michel",5,"HVD",null,10,15,10,{"$nulls":7},10,{"$nulls":7},10,{"$nulls":28},55]
[270,"CHARPONT","ROUSSELET Pascal",5,"HVD",{"$nulls":3},10,{"$nulls":3},10,{"$nulls":9},12,12,10,{"$nulls":28},54]
[271,"LURAY","GRECO Florian",5,"HAD",{"$nulls":3},10,null,12,null,null,10,null,null,10,{"$nulls":6},12,{"$nulls":29},54]
[272,"VICHERES","CAILLEZ Bruno",4,"HVS",null,10,{"$nulls":5},22,{"$nulls":8},10,12,{"$nulls":30},54]
[273,"VICHERES","WEHRLE Jocelyne",5,"FVS",10,null,14,10,{"$nulls":6},10,null,10,{"$nulls":35},54]
[274,"YEVRES","ALLARD Jean Marie",5,"HVD",{"$nulls":4},10,null,null,12,10,{"$nulls":6},12,null,10,{"$nulls":30},54]
[275,"YEVRES","HOUDIERE Alain",5,"HVD",{"$nulls":7},12,10,{"$nulls":6},12,null,10,null,10,{"$nulls":28},54]
[276,"BOUGLAINVAL","HALGRAIN Francis",3,"HVS",{"$nulls":8},10,{"$nulls":3},18,{"$nulls":4},25,{"$nulls":30},53]
[277,"BOUGLAINVAL","LIBERT Didier",5,"HAD",null,10,null,10,12,10,null,null,10,{"$nulls":39},52]
[278,"CHALLET-BAILLEAU L'EVEQUE","CATTANEO Brigitte",4,"FVS",{"$nulls":7},15,null,12,{"$nulls":6},15,{"$nulls":3},10,{"$nulls":27},52]
[279,"CHALLET-BAILLEAU L'EVEQUE","ROBILLARD Gilles",5,"HVS",null,10,{"$nulls":6},10,null,null,10,{"$nulls":4},12,null,null,10,{"$nulls":28},52]
[280,"GAS","FROMENTIN Alain",5,"HVD",null,12,{"$nulls":5},10,10,{"$nulls":6},10,null,null,10,{"$nulls":29},52]
[281,"LA GAULOISE","COLIN Jérome",5,"HAS",{"$nulls":10},12,null,10,null,10,null,10,null,null,10,{"$nulls":28},52]
[282,"SAINT GEORGES MOTEL","DAUTRICHE Philippe",4,"HV",{"$nulls":3},10,null,22,{"$nulls":5},10,{"$nulls":6},10,{"$nulls":29},52]
[283,"SAINT GEORGES MOTEL","RATSIMBASAFY Patricia",5,"FV",{"$nulls":5},12,{"$nulls":5},10,{"$nulls":6},10,10,10,{"$nulls":27},52]
[284,"BLEVY MAILLEBOIS","JURE Eric",4,"HVS",{"$nulls":8},10,null,null,16,null,null,15,{"$nulls":3},10,{"$nulls":29},51]
[285,"CHARPONT","OCHI Samy",4,"HAD",{"$nulls":5},16,null,null,10,{"$nulls":7},15,null,10,{"$nulls":29},51]
[286,"GAS","BUZZI Sandra",4,"FVS",{"$nulls":3},10,null,null,15,14,{"$nulls":3},12,{"$nulls":36},51]
[287,"GAS","MORIN Laurent",4,"HAS",{"$nulls":3},10,null,null,15,14,{"$nulls":3},12,{"$nulls":36},51]
[288,"BLEVY MAILLEBOIS","GAUTIER Laurent",5,"HVS",{"$nulls":14},10,10,10,null,10,10,{"$nulls":28},50]
[289,"BLEVY MAILLEBOIS","LARHANTEC Louis",3,"HVS",null,10,{"$nulls":6},10,{"$nulls":6},30,{"$nulls":32},50]
[290,"BLEVY MAILLEBOIS","LEMAIRE Raphael",5,"HAS",null,null,10,10,{"$nulls":4},10,{"$nulls":5},10,{"$nulls":3},10,{"$nulls":29},50]
[291,"BOULES CLUB CLOYSIEN","VIMEUX Rene",3,"HVS",{"$nulls":8},10,null,10,{"$nulls":6},30,{"$nulls":30},50]
[292,"CHALLET-BAILLEAU L'EVEQUE","BORGES DE MORAIS José",5,"HVS",10,{"$nulls":6},10,10,{"$nulls":5},10,null,10,{"$nulls":31},50]
[293,"CHARPONT","POMMEREUIL Johann",5,"HAS",{"$nulls":8},10,null,null,10,{"$nulls":3},10,null,null,10,null,10,{"$nulls":27},50]
[294,"LA GAULOISE","BROQUIN Michel",5,"HVS",{"$nulls":12},10,null,10,10,10,10,{"$nulls":30},50]
[295,"LA GAULOISE","LABRUYÈRE Patricia",5,"FAS",{"$nulls":10},10,null,10,null,10,null,10,null,null,10,{"$nulls":28},50]
[296,"VICHERES","DUBRE Pascal",4,"HAS",{"$nulls":3},10,null,10,{"$nulls":8},10,null,null,20,{"$nulls":30},50]
[297,"VICHERES","EGGER Bruno",3,"HVS",{"$nulls":15},15,null,15,null,20,{"$nulls":28},50]
[298,"SAINT GEORGES MOTEL","ADE Jeremy",4,"HA",{"$nulls":3},12,{"$nulls":7},10,null,null,12,{"$nulls":3},15,{"$nulls":29},49]
[299,"YEVRES","CHEVALLIER Ludovic",4,"HAS",{"$nulls":7},15,{"$nulls":4},12,null,10,null,null,12,{"$nulls":30},49]
[300,"BOUGLAINVAL","POUSSET Alexandre",4,"HAS",null,10,null,10,{"$nulls":7},14,{"$nulls":3},14,{"$nulls":32},48]
[301,"CHARPONT","MOREL Didier",3,"HVS",{"$nulls":4},20,null,null,18,{"$nulls":10},10,{"$nulls":29},48]
[302,"LURAY","GRASSAUD Charline",4,"FAS",null,null,10,12,null,null,10,null,null,16,{"$nulls":38},48]
[303,"SAINT GEORGES MOTEL","NOURRY Gilles",4,"HV",{"$nulls":3},15,{"$nulls":7},12,{"$nulls":6},10,10,{"$nulls":28},47]
[304,"BOUGLAINVAL","MARTEL Laurent",3,"HAS",null,18,{"$nulls":10},18,{"$nulls":3},10,{"$nulls":31},46]
[305,"BOULES CLUB CLOYSIEN","LALLIOT Clement",4,"HAS",{"$nulls":4},10,{"$nulls":5},16,{"$nulls":3},10,{"$nulls":3},10,{"$nulls":29},46]
[306,"CHARPONT","MILLET Valentin",4,"HJS",null,16,null,10,10,{"$nulls":13},10,{"$nulls":29},46]
[307,"CHARPONT","PEGO Lisandro",4,"HJ",{"$nulls":5},16,{"$nulls":10},10,null,10,10,{"$nulls":28},46]
[308,"CHUISNES","DUBESSET Aurelien",4,"HAS",0,{"$nulls":13},16,{"$nulls":3},10,10,10,{"$nulls":27},46]
[309,"LA GAULOISE","TRIGUEL Alexandre",4,"HAS",{"$nulls":14},10,null,10,14,null,12,{"$nulls":28},46]
[310,"YEVRES","VEAU Gaetan",4,"HAS",{"$nulls":10},12,null,12,null,10,null,null,12,{"$nulls":30},46]
[311,"CHARPONT","JOLIBOIS Jérome",4,"HAS",{"$nulls":3},10,null,10,{"$nulls":5},15,{"$nulls":8},10,{"$nulls":27},45]
[312,"CHUISNES","HERNANDEZ Patrice",4,"HVS",0,{"$nulls":14},15,null,null,10,10,10,{"$nulls":27},45]
[313,"CHALLET-BAILLEAU L'EVEQUE","IMPERIALE Chantal",4,"FVS",{"$nulls":6},12,null,null,12,10,{"$nulls":5},10,{"$nulls":31},44]
[314,"CHALLET-BAILLEAU L'EVEQUE","TAUPIN Maxime",4,"HJS",{"$nulls":4},10,null,null,10,14,{"$nulls":7},10,{"$nulls":31},44]
[315,"LA GAULOISE","TOURNEREAU COLIN Arthur",4,"HJS",{"$nulls":10},12,null,12,null,10,{"$nulls":4},10,{"$nulls":28},44]
[316,"LURAY","GRASSAUD Maxime",4,"HAS",null,null,10,12,null,null,10,null,12,{"$nulls":39},44]
[317,"SAINT ELIPH","FERREIRA Daniel",4,"HAS",{"$nulls":4},12,{"$nulls":3},10,{"$nulls":7},10,null,12,{"$nulls":29},44]
[318,"SAINT ELIPH","GOBLET Alexis",3,"HAS",12,null,10,{"$nulls":5},22,{"$nulls":39},44]
[319,"VICHERES","CORMIER - JALU Léa",4,"FAS",{"$nulls":12},12,null,10,{"$nulls":3},10,null,12,{"$nulls":27},44]
[320,"BLEVY MAILLEBOIS","HANDZICH Maryse",4,"FVS",{"$nulls":15},10,10,null,10,12,{"$nulls":28},42]
[321,"BOUGLAINVAL","BREMAUD André",{"$f":"COUNTIF(F323:BA323,\">1\")","v":4},"HVD",null,null,10,null,null,12,{"$nulls":9},10,10,{"$nulls":31},{"$f":"SUM(F323:BA323)","v":42}]
[322,"BOUGLAINVAL","DHERVILLIERS Patrice",4,"HVS",null,10,null,10,{"$nulls":4},12,null,null,10,{"$nulls":36},42]
[323,"CHALLET-BAILLEAU L'EVEQUE","LATIMIER Jean Jacques",4,"HVS",{"$nulls":8},10,null,null,10,{"$nulls":4},12,null,null,10,{"$nulls":28},42]
[324,"CHALLET-BAILLEAU L'EVEQUE","VAN ELSLANDER Paul",4,"HAS",10,10,null,10,null,null,12,{"$nulls":41},42]
[325,"CHARPONT","MATHURIN Alain",4,"HVS",{"$nulls":11},10,10,{"$nulls":3},12,null,10,{"$nulls":29},42]
[326,"GAS","BROU Jean-Claude",4,"HVS",null,12,null,10,{"$nulls":3},10,10,{"$nulls":39},42]
[327,"GAS","BROU Marie-France",4,"FVS",null,12,null,10,{"$nulls":3},10,10,{"$nulls":39},42]
[328,"LA GAULOISE","CHANTEAU Didier",4,"HVS",{"$nulls":10},10,null,12,null,10,null,10,{"$nulls":31},42]
[329,"SAINT GEORGES MOTEL","RATSIMBASAFY Hajalalaina",4,"HA",{"$nulls":5},12,{"$nulls":5},10,{"$nulls":6},10,null,10,{"$nulls":27},42]
[330,"VICHERES","FONTAINE Enzo",4,"HJS",{"$nulls":14},10,null,null,10,10,null,12,{"$nulls":27},42]
[331,"LURAY","BLIN Jean-Jacques",3,"HVD",{"$nulls":3},16,{"$nulls":14},10,15,{"$nulls":28},41]
[332,"BLEVY MAILLEBOIS","LAUVRAY Raymonde",4,"FVD",{"$nulls":15},10,10,null,10,10,{"$nulls":28},40]
[333,"BLEVY MAILLEBOIS","MACHADO Federico",4,"HVD",{"$nulls":14},10,10,10,null,10,{"$nulls":29},40]
[334,"BONNEVAL","GALLAIS Janny",4,"HVD",{"$nulls":4},10,{"$nulls":7},10,{"$nulls":4},10,null,10,{"$nulls":28},40]
[335,"BONNEVAL","VAUGLIN Marcel",4,"HVD",{"$nulls":4},10,{"$nulls":5},10,null,10,{"$nulls":4},10,{"$nulls":30},40]
[336,"BOULES CLUB CLOYSIEN","BOSSOIS Christian",2,"HAD",{"$nulls":16},20,20,{"$nulls":30},40]
[337,"BOULES CLUB CLOYSIEN","CAVALLI Hervé",3,"HAS",{"$nulls":10},18,{"$nulls":5},12,null,10,{"$nulls":29},40]
[338,"BOULES CLUB CLOYSIEN","VINCENT Cyril",2,"HAD",{"$nulls":16},20,20,{"$nulls":30},40]
[339,"CHALLET-BAILLEAU L'EVEQUE","BORGES DE MORAIS Frédéric",4,"HAS",{"$nulls":3},10,{"$nulls":4},10,{"$nulls":5},10,null,10,{"$nulls":31},40]
[340,"CHALLET-BAILLEAU L'EVEQUE","LATIMIER Michel",4,"HVS",{"$nulls":5},10,null,null,10,null,null,10,{"$nulls":7},10,{"$nulls":28},40]
[341,"CHALLET-BAILLEAU L'EVEQUE","MOISSON David",4,"HAS",null,10,null,10,null,10,null,null,10,{"$nulls":39},40]
[342,"CHARPONT","COMPAIN Xavier",4,"HAD",{"$nulls":8},10,{"$nulls":5},10,{"$nulls":4},10,10,{"$nulls":27},40]
[343,"CHEMINOTS","DREAN Julien",2,"HAS",{"$nulls":4},10,{"$nulls":11},30,{"$nulls":31},40]
[344,"CRECY- COUVE","BRAUD Claude",3,"HVS",{"$nulls":7},15,{"$nulls":9},15,null,null,10,{"$nulls":27},40]
[345,"CRECY- COUVE","FERREIRA CORREIA Paulo",4,"HAD",{"$nulls":11},10,null,null,10,null,10,{"$nulls":3},10,{"$nulls":27},40]
[346,"CRECY- COUVE","LE BIHAN Olivier",3,"HAD",null,null,10,{"$nulls":5},15,{"$nulls":9},15,{"$nulls":29},40]
[347,"LA GAULOISE","ANGELY Ludovic",4,"HAS",{"$nulls":12},10,null,10,10,null,10,{"$nulls":30},40]
[348,"LA GAULOISE","CABART BENOIT",4,"HAS",{"$nulls":10},10,null,10,null,10,null,10,{"$nulls":31},40]
[349,"LA GAULOISE","CABART CLEM",4,"FJS",{"$nulls":10},10,null,10,null,10,null,10,{"$nulls":31},40]
[350,"LA GAULOISE","CABART KAREN",4,"HAS",{"$nulls":10},10,null,10,null,10,null,10,{"$nulls":31},40]
[351,"LA GAULOISE","GALLAY David",4,"HAS",{"$nulls":10},10,null,10,null,10,10,{"$nulls":32},40]
[352,"LURAY","AUBERT Olivier",4,"HVS",null,10,null,10,{"$nulls":7},10,{"$nulls":7},10,{"$nulls":28},40]
[353,"LURAY","LE MEUR Fabrice",4,"HVS",{"$nulls":11},10,null,null,10,{"$nulls":3},10,null,10,{"$nulls":27},40]
[354,"LURAY","MAUVAIS Eric",4,"HVS",null,10,null,10,{"$nulls":7},10,{"$nulls":7},10,{"$nulls":28},40]
[355,"SAINT ELIPH","LAISNÉ Florian",3,"HAD",{"$nulls":5},20,{"$nulls":13},10,10,{"$nulls":27},40]
[356,"SAINT ELIPH","LAISNÉ Jonathan",3,"HAD",{"$nulls":5},20,{"$nulls":13},10,10,{"$nulls":27},40]
[357,"SAINT ELIPH","LEPROUST Olivier",4,"HAS",{"$nulls":14},10,null,10,null,10,10,{"$nulls":28},40]
[358,"SAINT GEORGES MOTEL","AUCHERIE Jean Marc",4,"HV",{"$nulls":3},10,{"$nulls":7},10,{"$nulls":6},10,10,{"$nulls":28},40]
[359,"SAINT GEORGES MOTEL","RAJOT Pascal",4,"HA",{"$nulls":3},10,{"$nulls":7},10,{"$nulls":6},10,10,{"$nulls":28},40]
[360,"YEVRES","BRUNET Pascal",4,"HAS",{"$nulls":7},10,{"$nulls":4},10,{"$nulls":4},10,null,10,{"$nulls":28},40]
[361,"YEVRES","LEFEBVRE Benoit",4,"HAS",{"$nulls":7},10,{"$nulls":4},10,{"$nulls":4},10,null,10,{"$nulls":28},40]
[362,"YEVRES","SOUCHARD Kevin",4,"HAS",{"$nulls":7},10,{"$nulls":4},10,{"$nulls":4},10,null,10,{"$nulls":28},40]
[363,"BONNEVAL","BEDOT Frédéric",3,"HVS",{"$nulls":4},14,{"$nulls":5},10,{"$nulls":6},15,{"$nulls":30},39]
[364,"BOUGLAINVAL","LE BARS Didier",3,"HVD",null,10,null,18,{"$nulls":14},10,{"$nulls":29},38]
[365,"CHARPONT","FERE Olivier",3,"HAS",{"$nulls":11},15,{"$nulls":6},10,null,12,{"$nulls":27},37]
[366,"LURAY","GEHAN Michel",3,"HAS",{"$nulls":4},12,{"$nulls":3},15,{"$nulls":6},10,{"$nulls":32},37]
[367,"GAS","LIENARD Franck",3,"HVS",{"$nulls":8},10,null,null,10,{"$nulls":6},16,{"$nulls":29},36]
[368,"GAS","PEZET Michel",3,"HVS",{"$nulls":8},10,null,null,10,{"$nulls":6},16,{"$nulls":29},36]
[369,"GAS","TOMAS Lydie",3,"FVS",{"$nulls":8},10,null,null,10,{"$nulls":6},16,{"$nulls":29},36]
[370,"BLEVY MAILLEBOIS","SMIESCZAK Thibaut",3,"HAS",null,null,10,{"$nulls":12},15,{"$nulls":4},10,{"$nulls":27},35]
[371,"BONNEVAL","MAUGET Bruno",3,"HVS",{"$nulls":4},15,{"$nulls":10},10,{"$nulls":3},10,{"$nulls":28},35]
[372,"BOUGLAINVAL","GUILLAMOT David",3,"HAS",{"$nulls":3},10,10,{"$nulls":14},15,{"$nulls":28},35]
[373,"CHARPONT","FAYARD Lionel",3,"HVS",{"$nulls":3},15,{"$nulls":12},10,null,10,{"$nulls":29},35]
[374,"CRECY- COUVE","BEGAL Dimitri",3,"HAS",null,null,10,{"$nulls":4},10,{"$nulls":10},15,{"$nulls":29},35]
[375,"CRECY- COUVE","FASSEUR Jean Michel",2,"HVD",{"$nulls":8},10,{"$nulls":9},25,{"$nulls":29},35]
[376,"SAINT GEORGES MOTEL","DIEU Joël",3,"HV",{"$nulls":5},15,{"$nulls":12},10,null,10,{"$nulls":27},35]
[377,"SAINT GEORGES MOTEL","KEROMNES Michel",2,"HV",{"$nulls":11},25,{"$nulls":6},10,{"$nulls":29},35]
[378,"VICHERES","CAILLON Tom",3,"HAS",10,{"$nulls":6},15,{"$nulls":8},10,{"$nulls":31},35]
[379,"BLEVY MAILLEBOIS","BURSON Anthony",3,"HAS",{"$nulls":3},12,{"$nulls":7},12,{"$nulls":3},10,{"$nulls":32},34]
[380,"BOUGLAINVAL","MANIEZ Evan",3,"HJS",null,null,10,{"$nulls":12},10,{"$nulls":3},14,{"$nulls":28},34]
[381,"GAS","DESILES Bernard",3,"HVS",{"$nulls":7},14,10,null,null,10,{"$nulls":36},34]
[382,"GAS","DESILES Ludovic",3,"HAS",{"$nulls":7},14,10,null,null,10,{"$nulls":36},34]
[383,"YEVRES","GUIBERT Quentin",3,"HAS",{"$nulls":7},12,null,null,12,{"$nulls":7},10,{"$nulls":29},34]
[384,"YEVRES","LAURENT Carole",3,"FAS",{"$nulls":7},12,null,null,12,{"$nulls":7},10,{"$nulls":29},34]
[385,"BLEVY MAILLEBOIS","GILLOT Julien",{"$f":"COUNTIF(F387:BA387,\">1\")","v":3},"HAS",{"$nulls":3},12,{"$nulls":10},10,10,{"$nulls":32},{"$f":"SUM(F387:BA387)","v":32}]
[386,"BONNEVAL","THOMAS Eric",3,"HVD",{"$nulls":12},10,{"$nulls":6},10,12,{"$nulls":27},32]
[387,"CHEMINOTS","BARBERA Alain",3,"HVS",10,{"$nulls":18},12,10,{"$nulls":27},32]
[388,"CRECY- COUVE","FOURE James",3,"HAD",{"$nulls":12},12,null,10,{"$nulls":3},10,{"$nulls":29},32]
[389,"GAS","BRIANCEAU Frederique",3,"FVS",null,12,{"$nulls":5},10,{"$nulls":10},10,{"$nulls":29},32]
[390,"LA GAULOISE","FEZARD Magaly",3,"FAS",{"$nulls":14},10,null,10,null,null,12,{"$nulls":28},32]
[391,"LA GAULOISE","VERRIER Hugo",3,"HJS",{"$nulls":16},10,10,12,{"$nulls":29},32]
[392,"SAINT ELIPH","MARAS Alexandre",3,"HA",{"$nulls":15},10,12,{"$nulls":3},10,{"$nulls":27},32]
[393,"SAINT ELIPH","RIACAUX Joel",3,"HVD",{"$nulls":4},12,{"$nulls":10},10,{"$nulls":3},10,{"$nulls":28},32]
[394,"YEVRES","LEFEBVRE Marjorie",3,"FAS",{"$nulls":7},10,{"$nulls":4},12,{"$nulls":6},10,{"$nulls":28},32]
[395,"BONNEVAL","FAVRÉ Mickael",2,"HAD",{"$nulls":4},16,{"$nulls":7},15,{"$nulls":35},31]
[396,"BLEVY MAILLEBOIS","GUGGENBUHL Claude",3,"HVS",{"$nulls":3},10,{"$nulls":6},10,{"$nulls":4},10,{"$nulls":32},30]
[397,"BLEVY MAILLEBOIS","MARTIN Pierre",3,"HAS",null,null,10,{"$nulls":13},10,{"$nulls":3},10,{"$nulls":27},30]
[398,"BONNEVAL","LINGET Martine",3,"FVS",{"$nulls":10},10,null,10,{"$nulls":4},10,{"$nulls":30},30]
[399,"BOUGLAINVAL","CRAMPOND Yannick",3,"HVD",{"$nulls":18},10,10,10,{"$nulls":27},30]
[400,"BOUGLAINVAL","GARNIER Michel",3,"HVS",10,10,{"$nulls":5},10,{"$nulls":40},30]
[401,"CHARPONT","EMILE Béatrice",3,"FVS",null,10,{"$nulls":14},10,null,10,{"$nulls":29},30]
[402,"CHARPONT","GUERITAULT Micheline",3,"FVS",{"$nulls":3},10,{"$nulls":7},10,{"$nulls":6},10,{"$nulls":29},30]
[403,"CHARPONT","MATHURIN Odile",3,"FVD",{"$nulls":11},10,{"$nulls":4},10,null,10,{"$nulls":29},30]
[404,"CHUISNES","BAZOGE Nicilas",3,"HAS",{"$nulls":18},10,10,10,{"$nulls":27},30]
[405,"CHUISNES","DODIN Joris",3,"HAS",{"$nulls":18},10,10,10,{"$nulls":27},30]
[406,"CHUISNES","DODIN Thibault",3,"HAS",{"$nulls":14},10,{"$nulls":3},10,10,{"$nulls":28},30]
[407,"CHUISNES","DUBOIS Thiefaine",3,"HAS",0,{"$nulls":13},10,{"$nulls":4},10,10,{"$nulls":27},30]
[408,"CHUISNES","LAURENCE HAULTCOEUR Laetitia",3,"FAS",0,{"$nulls":13},10,null,10,null,null,10,{"$nulls":28},30]
[409,"CRECY- COUVE","TACHEAU Jacques",2,"HVD",{"$nulls":16},15,15,{"$nulls":30},30]
[410,"GAS","CASTILLO Philippe",3,"HVS",{"$nulls":3},10,{"$nulls":4},10,{"$nulls":6},10,{"$nulls":32},30]
[411,"LURAY","RUDEAUX Olivier",3,"HAS",null,null,10,{"$nulls":4},10,{"$nulls":10},10,{"$nulls":29},30]
[412,"SAINT ELIPH","FERREIRA BARATTTE Nathalie",3,"FAS",null,null,10,{"$nulls":5},10,{"$nulls":7},10,{"$nulls":31},30]
[413,"SAINT GEORGES MOTEL","AZEAMBOURG Ginette",3,"FV",{"$nulls":3},10,{"$nulls":4},10,{"$nulls":9},10,{"$nulls":29},30]
[414,"SAINT GEORGES MOTEL","HEULAND Arnaud",3,"HA",{"$nulls":11},10,{"$nulls":6},10,10,{"$nulls":28},30]
[415,"YEVRES","RENARD Dominique",3,"HVS",{"$nulls":4},10,{"$nulls":12},10,null,10,{"$nulls":28},30]
[416,"YEVRES","RENARD Maryline",3,"FVS",{"$nulls":4},10,{"$nulls":5},10,{"$nulls":8},10,{"$nulls":28},30]
[417,"BONNEVAL","PERRICHOT Denis",2,"HVS",{"$nulls":12},15,{"$nulls":7},12,{"$nulls":27},27]
[418,"YEVRES","BRUNET Matthias",2,"HAD",{"$nulls":7},15,{"$nulls":4},12,{"$nulls":35},27]
[419,"YEVRES","LETERTRE Marion",2,"FAS",{"$nulls":7},15,{"$nulls":4},12,{"$nulls":35},27]
[420,"CHEMINOTS","HAYE-BARBERA Amelie",2,"FAS",{"$nulls":15},16,{"$nulls":4},10,{"$nulls":27},26]
[421,"CHARPONT","JANNIN Luc",2,"HAD",{"$nulls":11},15,{"$nulls":4},10,{"$nulls":31},25]
[422,"CRECY- COUVE","GOUVEIA DE OLIVERA Maria",2,"FVS",{"$nulls":8},15,{"$nulls":6},10,{"$nulls":32},25]
[423,"BONNEVAL","BRETON Gilbert",2,"HVD",{"$nulls":4},14,{"$nulls":5},10,{"$nulls":37},24]
[424,"BONNEVAL","COURTOIS Victor",2,"HJS",{"$nulls":4},14,{"$nulls":5},10,{"$nulls":37},24]
[425,"CHALLET-BAILLEAU L'EVEQUE","TAUPIN Arnaud",2,"HAS",{"$nulls":8},14,{"$nulls":7},10,{"$nulls":31},24]
[426,"LA GAULOISE","GRISVAL Sébastien",2,"HAS",{"$nulls":17},14,null,10,{"$nulls":28},24]
[427,"CHALLET-BAILLEAU L'EVEQUE","BOIS Daniel",2,"HVS",{"$nulls":8},10,{"$nulls":7},12,{"$nulls":31},22]
[428,"GAS","BRIANCEAU Patrice",2,"HVS",null,12,{"$nulls":16},10,{"$nulls":29},22]
[429,"GAS","GAGNEBIEN René",2,"HVS",null,12,{"$nulls":6},10,{"$nulls":39},22]
[430,"SAINT GEORGES MOTEL","BALLAND Olivier",2,"HA",{"$nulls":11},12,{"$nulls":6},10,{"$nulls":29},22]
[431,"SAINT GEORGES MOTEL","RATSIMBASAFY Raphël",2,"HA",{"$nulls":5},12,{"$nulls":5},10,{"$nulls":36},22]
[432,"YEVRES","DEMAIS Serge",2,"HVS",{"$nulls":8},10,{"$nulls":6},12,{"$nulls":32},22]
[433,"BLEVY MAILLEBOIS","MOREAU Baptiste",2,"HAS",{"$nulls":3},10,{"$nulls":6},10,{"$nulls":37},20]
[434,"BLEVY MAILLEBOIS","WEISS Julien",2,"HAS",{"$nulls":8},10,{"$nulls":6},10,{"$nulls":32},20]
[435,"BONNEVAL","COUDRAY Sylvain",2,"HAD",{"$nulls":12},10,{"$nulls":6},10,{"$nulls":28},20]
[436,"BOUGLAINVAL","COUPECHOUX Gérard",1,"HVS",null,20,{"$nulls":46},20]
[437,"BOUGLAINVAL","GESTIN Luyana",2,"FJD",{"$nulls":6},10,10,{"$nulls":40},20]
[438,"CHALLET-BAILLEAU L'EVEQUE","NICOLAS Brigitte",2,"FVS",{"$nulls":8},10,{"$nulls":7},10,{"$nulls":31},20]
[439,"CHALLET-BAILLEAU L'EVEQUE","PRIEUR Patrice",2,"HAS",null,10,{"$nulls":3},10,{"$nulls":42},20]
[440,"CHARPONT","BOUCHERY Anne Marie",2,"FVS",{"$nulls":11},10,{"$nulls":6},10,{"$nulls":29},20]
[441,"CHARPONT","BOUCHERY Michel",2,"HVS",{"$nulls":11},10,{"$nulls":6},10,{"$nulls":29},20]
[442,"CHARPONT","BOUILLON Isabelle",2,"FVD",{"$nulls":15},10,10,{"$nulls":31},20]
[443,"CHARPONT","DAVIAU Noel",2,"HVS",null,10,null,10,{"$nulls":44},20]
[444,"CHARPONT","POTIER Frédéric",2,"HAS",{"$nulls":3},10,null,10,{"$nulls":42},20]
[445,"CHEMINOTS","MOREAU Frédéric",2,"HAS",{"$nulls":16},10,{"$nulls":3},10,{"$nulls":27},20]
[446,"CHUISNES","AUGER Jean Batiste",2,"HAS",0,{"$nulls":13},10,{"$nulls":4},10,{"$nulls":28},20]
[447,"CHUISNES","BASTHISTE Olivier",2,"HVS",0,{"$nulls":15},10,null,null,10,{"$nulls":28},20]
[448,"CHUISNES","FLESCH Alain",2,"HVS",0,{"$nulls":15},10,null,null,10,{"$nulls":28},20]
[449,"CHUISNES","GILLET Arnaud",{"$f":"COUNTIF(F451:BA451,\">1\")","v":2},"HAS",{"$nulls":19},10,10,{"$nulls":27},{"$f":"SUM(F451:BA451)","v":20}]
[450,"CHUISNES","MALBET Aline",2,"FVS",0,{"$nulls":13},10,null,10,{"$nulls":31},20]
[451,"CRECY- COUVE","BRAUD Stephanie",2,"FAS",{"$nulls":7},10,{"$nulls":12},10,{"$nulls":27},20]
[452,"GAS","FERRAND Claude",2,"HVS",{"$nulls":3},10,{"$nulls":11},10,{"$nulls":32},20]
[453,"GAS","HAMELIN Serge",2,"HVS",{"$nulls":8},10,null,null,10,{"$nulls":36},20]
[454,"GAS","LIENARD Gerard",2,"HVS",{"$nulls":8},10,null,null,10,{"$nulls":36},20]
[455,"LA GAULOISE","TRIGUEL Flavie",2,"FJS",{"$nulls":14},10,null,10,{"$nulls":31},20]
[456,"LURAY","CARNEVALE VINCENZO",2,"HVS",{"$nulls":3},10,{"$nulls":14},10,{"$nulls":29},20]
[457,"LURAY","LAVIGNE Daniel",2,"HVS",{"$nulls":5},10,{"$nulls":12},10,{"$nulls":29},20]
[458,"LURAY","MACHAL Pierre",2,"HVS",{"$nulls":5},10,{"$nulls":12},10,{"$nulls":29},20]
[459,"SAINT ELIPH","GAGNEBIEN Clement ",2,"HAS",10,{"$nulls":19},10,{"$nulls":27},20]
[460,"SAINT ELIPH","LEPROUST Kelian",2,"HAS",{"$nulls":14},10,{"$nulls":3},10,{"$nulls":29},20]
[461,"SAINT ELIPH","SEVER Guillaume",2,"HAD",{"$nulls":15},10,null,null,10,{"$nulls":29},20]
[462,"SAINT GEORGES MOTEL","ANDRIANDRAINIBE Rasamoelinary",2,"HA",{"$nulls":18},10,10,{"$nulls":28},20]
[463,"SAINT GEORGES MOTEL","CHARPIN Jean-Yves",2,"HV",{"$nulls":3},10,{"$nulls":14},10,{"$nulls":29},20]
[464,"SAINT GEORGES MOTEL","SIMONELLI Nathalie",2,"FV",{"$nulls":3},10,{"$nulls":7},10,{"$nulls":36},20]
[465,"SAINT GEORGES MOTEL","TECHER Joserh",2,"HV",{"$nulls":18},10,10,{"$nulls":28},20]
[466,"SAINT GEORGES MOTEL","BLONDEL Julien",1,"HA",{"$nulls":20},18,{"$nulls":27},18]
[467,"BONNEVAL","MATHIEU Maxime",1,"HAS",{"$nulls":4},16,{"$nulls":43},16]
[468,"BONNEVAL","VINCENZI Sylvain",1,"HVS",{"$nulls":4},16,{"$nulls":43},16]
[469,"BOUGLAINVAL","GAMMUTO Giovanna",1,"FAS",{"$nulls":7},16,{"$nulls":40},16]
[470,"BOUGLAINVAL","GOURDAIN Pascal",1,"HVD",{"$nulls":5},15,{"$nulls":42},15]
[471,"SAINT GEORGES MOTEL","AUFFRET Stéphane",1,"HA",{"$nulls":18},15,{"$nulls":29},15]
[472,"SAINT GEORGES MOTEL","LAIZÉ Christophe",1,"HA",{"$nulls":18},15,{"$nulls":29},15]
[473,"BLEVY MAILLEBOIS","GLOTIN Julien",1,"HAS",{"$nulls":11},12,{"$nulls":36},12]
[474,"BLEVY MAILLEBOIS","GREVIN Kaëlig",1,"HJS",{"$nulls":11},12,{"$nulls":36},12]
[475,"BONNEVAL","DUVIGNEAU Jean François",1,"HVD",{"$nulls":20},12,{"$nulls":27},12]
[476,"CHARPONT","PAROT Jean-Louis",1,"HVS",{"$nulls":18},12,{"$nulls":29},12]
[477,"GAS","LE FLOCH Isabelle",1,"HVS",{"$nulls":11},12,{"$nulls":36},12]
[478,"SAINT ELIPH","DE ALMEIDE NEVES Lilyan",1,"HAS",{"$nulls":8},12,{"$nulls":39},12]
[479,"SAINT ELIPH","DURAND Florian",1,"HAS",{"$nulls":8},12,{"$nulls":39},12]
[480,"SAINT ELIPH","PELLE Cyprien",1,"HAS",{"$nulls":8},12,{"$nulls":39},12]
[481,"SAINT GEORGES MOTEL","GARNIER Denis",1,"HV",{"$nulls":3},12,{"$nulls":44},12]
[482,"SAINT GEORGES MOTEL","LOISON Nicolas",1,"HA",{"$nulls":20},12,{"$nulls":27},12]
[483,"VICHERES","DENIS Joachim",1,"HAS",12,{"$nulls":47},12]
[484,"BLEVY MAILLEBOIS","BRETAGNE Fabien",1,"HAS",{"$nulls":15},10,{"$nulls":32},10]
[485,"BLEVY MAILLEBOIS","DUFOSSE Anthony",1,"HAS",{"$nulls":15},10,{"$nulls":32},10]
[486,"BLEVY MAILLEBOIS","MARTIN Antoine",1,"HAS",{"$nulls":15},10,{"$nulls":32},10]
[487,"BONNEVAL","BRETON Patricia",1,"FVD",{"$nulls":10},10,{"$nulls":37},10]
[488,"BOUGLAINVAL","POUPEAU Henri",1,"HVS",{"$nulls":4},10,{"$nulls":43},10]
[489,"BOULES CLUB CLOYSIEN","BOULARD Celia",1,"FAS",{"$nulls":10},10,{"$nulls":37},10]
[490,"BOULES CLUB CLOYSIEN","FRANCOIS André",1,"HVD",{"$nulls":10},10,{"$nulls":37},10]
[491,"CHALLET-BAILLEAU L'EVEQUE","FROGER Cédric",1,"HAS",{"$nulls":16},10,{"$nulls":31},10]
[492,"CHALLET-BAILLEAU L'EVEQUE","FROGER Didier",1,"HVS",{"$nulls":16},10,{"$nulls":31},10]
[493,"CHALLET-BAILLEAU L'EVEQUE","FROGER Muriel",1,"FVS",{"$nulls":16},10,{"$nulls":31},10]
[494,"CHALLET-BAILLEAU L'EVEQUE","LE PAGE Jean Pierre",1,"HVS",{"$nulls":8},10,{"$nulls":39},10]
[495,"CHALLET-BAILLEAU L'EVEQUE","PAMBRUN Anthony",1,"HAS",{"$nulls":8},10,{"$nulls":39},10]
[496,"CHALLET-BAILLEAU L'EVEQUE","SOIRAT Brigitte",1,"FVS",{"$nulls":8},10,{"$nulls":39},10]
[497,"CHARPONT","BRETON Gerard",1,"HAS",{"$nulls":18},10,{"$nulls":29},10]
[498,"CHARPONT","BRETON Timéo",1,"HJS",{"$nulls":18},10,{"$nulls":29},10]
[499,"CHARPONT","CHAMPAGNAT Jean Pierre",1,"HV",{"$nulls":3},10,{"$nulls":44},10]
[500,"CHARPONT","DERANGERE Patricia",1,"FVS",{"$nulls":8},10,{"$nulls":39},10]
[501,"CHARPONT","DULOQUIN Dominique",1,"HVS",{"$nulls":10},10,{"$nulls":37},10]
[502,"CHARPONT","FREBOURG Dominique",1,"HVS",{"$nulls":18},10,{"$nulls":29},10]
[503,"CHARPONT","HENRY Fabrice",1,"HVS",{"$nulls":3},10,{"$nulls":44},10]
[504,"CHARPONT","LEGOFF Philippe",1,"HVS",{"$nulls":3},10,{"$nulls":44},10]
[505,"CHARPONT","LELOUTRE André",1,"HVS",{"$nulls":18},10,{"$nulls":29},10]
[506,"CHARPONT","ORIARD Sylvain",1,"HVS",null,10,{"$nulls":46},10]
[507,"CHARPONT","RICOLLEAU Laurent",1,"HAS",{"$nulls":18},10,{"$nulls":29},10]
[508,"CHARPONT","ROUX Gérard",1,"HVS",{"$nulls":3},10,{"$nulls":44},10]
[509,"CHEMINOTS","BOUCHEREAU Quentin",1,"HAS",{"$nulls":4},10,{"$nulls":43},10]
[510,"CHEMINOTS","DAVID Charly",1,"HVS",{"$nulls":20},10,{"$nulls":27},10]
[511,"CHEMINOTS","DUBOIS Bruno",1,"HAS",{"$nulls":16},10,{"$nulls":31},10]
[512,"CHEMINOTS","GAMET David",1,"HAS",10,{"$nulls":47},10]
[513,"CHEMINOTS","LHOTE Jérome",{"$f":"COUNTIF(F515:BA515,\">1\")","v":1},"HVS",{"$nulls":20},10,{"$nulls":27},{"$f":"SUM(F515:BA515)","v":10}]
[514,"CHEMINOTS","PEIGNEAU Richard",1,"HVS",{"$nulls":16},10,{"$nulls":31},10]
[515,"CHEMINOTS","PERRIOT Vanessa",1,"FAS",{"$nulls":20},10,{"$nulls":27},10]
[516,"CHUISNES","DUBESSET Noel",1,"HVS",{"$nulls":16},10,{"$nulls":31},10]
[517,"CHUISNES","LEITE CASTRO Bruno",1,"HAS",{"$nulls":16},10,{"$nulls":31},10]
[518,"CHUISNES","LEITE CASTRO Enzo",1,"HAS",{"$nulls":16},10,{"$nulls":31},10]
[519,"CHUISNES","VIVIEN Cédric",1,"HAS",{"$nulls":18},10,{"$nulls":29},10]
[520,"GAS","MALHADO Pédro",1,"HVS",{"$nulls":11},10,{"$nulls":36},10]
[521,"GAS","MARCHAND Patrick",1,"HVS",{"$nulls":11},10,{"$nulls":36},10]
[522,"LA GAULOISE","CABART Myriam",1,"FAS",{"$nulls":10},10,{"$nulls":37},10]
[523,"LURAY","BLONDEL Jacky",1,"HVD",{"$nulls":11},10,{"$nulls":36},10]
[524,"LURAY","GRECO Benoit",1,"HVD",{"$nulls":8},10,{"$nulls":39},10]
[525,"SAINT GEORGES MOTEL","BALLAND Alexis",1,"HA",{"$nulls":11},10,{"$nulls":36},10]
[526,"SAINT GEORGES MOTEL","DEFRANCE Jean-Charles",1,"HA",{"$nulls":11},10,{"$nulls":36},10]
[527,"SAINT GEORGES MOTEL","LOCQUENEUX Sylvain",1,"HV",{"$nulls":19},10,{"$nulls":28},10]
[528,"SAINT GEORGES MOTEL","MARCHESSEAU Philippe",1,"HV",{"$nulls":19},10,{"$nulls":28},10]
[529,"VICHERES","DENIS Yoann",1,"HAS",{"$nulls":3},10,{"$nulls":44},10]
[530,"VICHERES","THIROUARD Christian",1,"HVS",{"$nulls":7},10,{"$nulls":40},10]
[531,"YEVRES","ALLARD Madeleine",1,"FVS",{"$nulls":10},10,{"$nulls":37},10]
[532,"YEVRES","BRUNET Yoan",1,"HAS",{"$nulls":19},10,{"$nulls":28},10]
[533,"YEVRES","FORT Philippe",1,"HVS",{"$nulls":19},10,{"$nulls":28},10]
[534,"YEVRES","ROUSSEAU Julien",1,"HAS",{"$nulls":18},10,{"$nulls":29},10]
[535,"BLEVY MAILLEBOIS","BOULAY Christophe",0,"HAD",{"$nulls":48},0]
[536,"BLEVY MAILLEBOIS","GAJAS Gaspard",0,"HAS",{"$nulls":48},0]
[537,"BLEVY MAILLEBOIS","MORIN Anthony",0,"HAS",{"$nulls":48},0]
[538,"BLEVY MAILLEBOIS","TROUILLET Baptiste",0,"HAS",{"$nulls":48},0]
[539,"BONNEVAL","BEDOT Marie Claire",0,"FVS",{"$nulls":48},0]
[540,"BOUGLAINVAL","BATAYER Gilberte",0,"FVS",{"$nulls":48},0]
[541,"BOUGLAINVAL","BATAYER Yves",0,"HVS",{"$nulls":48},0]
[542,"BOUGLAINVAL","CANALES Corinne",null,"FVD",{"$nulls":48},0]
[543,"BOUGLAINVAL","MACHILS Didier",{"$f":"COUNTIF(F545:BA545,\">1\")","v":0},"HVD",{"$nulls":48},0]
[544,"BOUGLAINVAL","SANCHEZ Antoine",0,"HVS",{"$nulls":48},0]
[545,"BOULES CLUB CLOYSIEN","ALEXANDRE Marc",0,"HVS",{"$nulls":48},0]
[546,"BOULES CLUB CLOYSIEN","ALEXANDRE Maxence",0,"HAS",{"$nulls":48},0]
[547,"BOULES CLUB CLOYSIEN","BORTOLI cyril",0,"HAS",{"$nulls":48},0]
[548,"BOULES CLUB CLOYSIEN","BOULARD Christophe",0,"HVS",{"$nulls":48},0]
[549,"BOULES CLUB CLOYSIEN","LASCAUX Yohann",0,"HAS",{"$nulls":48},0]
[550,"BOULES CLUB CLOYSIEN","SOLLET Stéphane",0,"HVS",{"$nulls":48},0]
[551,"BOULES CLUB CLOYSIEN","TRIAN Annie",0,"FVS",{"$nulls":48},0]
[552,"CHALLET-BAILLEAU L'EVEQUE","BOUFFERAIT Dominique",0,"HVS",{"$nulls":48},0]
[553,"CHARPONT","BESSONEAU Lionel",0,"HVS",{"$nulls":48},0]
[554,"CHARPONT","BOISSEAU Laurent",0,"HVS",{"$nulls":48},0]
[555,"CHARPONT","BONHOMME Loic",0,"HAS",{"$nulls":48},0]
[556,"CHARPONT","DOERRHOEFER Dominique",0,"HVS",{"$nulls":48},0]
[557,"CHARPONT","FRANCOIS Alex",0,"HVS",{"$nulls":48},0]
[558,"CHARPONT","MARIGNIER Pascal",0,"HVS",{"$nulls":48},0]
[559,"CHARPONT","MATHURIN Elodie",0,"FAD",{"$nulls":48},0]
[560,"CHARPONT","NICHOLAS Maxime",0,"HAS",{"$nulls":48},0]
[561,"CHARPONT","PANARO Brigitte",0,"FVS",{"$nulls":48},0]
[562,"CHARPONT","PANARO Christophe",0,"HVS",{"$nulls":48},0]
[563,"CHEMINOTS","BEN KADDOUR Cyrille",0,"HAS",{"$nulls":48},0]
[564,"CHEMINOTS","BLANDEL Evan",0,"HJD",{"$nulls":48},0]
[565,"CHEMINOTS","BLANDEL Franck",0,"HAS",{"$nulls":48},0]
[566,"CHEMINOTS","BONTHOUX Bruno",0,"HVS",{"$nulls":48},0]
[567,"CHEMINOTS","CHAPELLE Thomas",0,"HAS",{"$nulls":48},0]
[568,"CHEMINOTS","DAVORY Karl",0,"HAS",{"$nulls":48},0]
[569,"CHEMINOTS","DERRIEN Titouan",0,"HAS",{"$nulls":48},0]
[570,"CHEMINOTS","DUBOURG Nathan",0,"HAD",{"$nulls":48},0]
[571,"CHEMINOTS","ETENNE Pascal",0,"HVS",{"$nulls":48},0]
[572,"CHEMINOTS","FONTAINE Enzo",0,"HAS",{"$nulls":48},0]
[573,"CHEMINOTS","FOUCAULT José",0,"HVS",{"$nulls":48},0]
[574,"CHEMINOTS","FOUCAULT Yoan",0,"HAS",{"$nulls":48},0]
[575,"CHEMINOTS","GARNON Daniel",{"$f":"COUNTIF(F577:BA577,\">1\")","v":0},"HVS",{"$nulls":48},0]
[576,"CHEMINOTS","HUDAN Olivia",0,"FAS",{"$nulls":48},0]
[577,"CHEMINOTS","LE BRIS Rodolphe",0,"HAS",{"$nulls":48},{"$f":"SUM(F579:BA579)","v":0}]
[578,"CHEMINOTS","LE BRIS Nino",0,"HAD",{"$nulls":48},0]
[579,"CHEMINOTS","LECLERC Jean-Michel",0,"HAS",{"$nulls":48},0]
[580,"CHEMINOTS","LESAGE Benjamin",0,"HAS",{"$nulls":48},0]
[581,"CHEMINOTS","MEISSNER Simon",0,"HAS",{"$nulls":48},0]
[582,"CHEMINOTS","MOREAU Chloé",0,"FAS",{"$nulls":48},0]
[583,"CHEMINOTS","PASQUERON Corentin",0,"HAS",{"$nulls":48},0]
[584,"CHEMINOTS","PASQUERON Denis",0,"HVS",{"$nulls":48},0]
[585,"CHEMINOTS","PICOT Patrick",0,"HVS",{"$nulls":48},0]
[586,"CHEMINOTS","RANDOUILLE Claude",0,"HVS",{"$nulls":48},0]
[587,"CHEMINOTS","RANDOUILLE Nadine",0,"FVS",{"$nulls":48},0]
[588,"CHEMINOTS","RINCON Fabio",0,"HAS",{"$nulls":48},0]
[589,"CHEMINOTS","ROULEAU Julien",0,"HAS",{"$nulls":48},0]
[590,"CHEMINOTS","VASSARD Noé",0,"HAS",{"$nulls":48},0]
[591,"CHUISNES","BLANCHARD Christophe ",0,"HAS",{"$nulls":48},0]
[592,"CHUISNES","BLONDEAU Diane",0,"FAS",{"$nulls":48},0]
[593,"CHUISNES","MALBET Olivier",0,"HVS",0,{"$nulls":47},0]
[594,"CRECY- COUVE","AUVARD Claude",0,"HVD",{"$nulls":48},0]
[595,"CRECY- COUVE","BRAUD Oceanne",0,"FAS",{"$nulls":48},0]
[596,"CRECY- COUVE","DEBERLE Claudine",0,"FVD",{"$nulls":48},0]
[597,"GAS","DELAHAYE Eric",0,"HVS",{"$nulls":48},0]
[598,"GAS","ESCALDA Carlos",0,"HVS",{"$nulls":48},0]
[599,"GAS","FAGOT François",0,"HAS",{"$nulls":48},0]
[600,"LA GAULOISE","LEFRANC Bernard",0,"HVS",{"$nulls":48},0]
[601,"LA GAULOISE","LEROUX Bruno",0,"HAS",{"$nulls":48},0]
[602,"LURAY","LHUILLERY Philippe",0,"HVD",{"$nulls":48},0]
[603,"SAINT ELIPH","GATEAU Armelle",0,"FAD",{"$nulls":48},0]
[604,"SAINT ELIPH","GATEAU Dominiqe",0,"HAD",{"$nulls":48},0]
[605,"SAINT ELIPH","MASSANT Juliette",0,"FAS",{"$nulls":48},0]
[606,"SAINT GEORGES MOTEL","AZEAMBOURG Jacky",0,"HV",{"$nulls":48},0]
[607,"SAINT GEORGES MOTEL","COUVIGNY Nadine",{"$f":"COUNTIF(F609:BA609,\">1\")","v":0},"FV",{"$nulls":48},0]
[608,"SAINT GEORGES MOTEL","CUSTODIO MENDES Frédéric",0,"HA",{"$nulls":48},0]
[609,"SAINT GEORGES MOTEL","DESJARDINS Kevin",0,"HA",{"$nulls":48},0]
[610,"SAINT GEORGES MOTEL","GOSNET Eric",0,"HA",{"$nulls":48},0]
[611,"SAINT GEORGES MOTEL","LEFEBVRE Robert",0,"HV",{"$nulls":48},0]
[612,"SAINT GEORGES MOTEL","MOLINARI Giovanni",0,"HA",{"$nulls":48},0]
[613,"SAINT GEORGES MOTEL","MOLINARI Sandra",0,"FA",{"$nulls":48},0]
[614,"SAINT GEORGES MOTEL","PIERRE Philippe",0,"HV",{"$nulls":48},0]
[615,"SAINT GEORGES MOTEL","REDON Mathys",0,"HA",{"$nulls":48},0]
[616,"SAINT GEORGES MOTEL","ROSSARD Jean-Michel",0,"HV",{"$nulls":48},0]
[617,"SAINT GEORGES MOTEL","SARPAUX Sonia",0,"FA",{"$nulls":48},0]
[618,"SAINT GEORGES MOTEL","TASSERIE Gérard",0,"HV",{"$nulls":48},0]
[619,"VICHERES","CHALLIER Romain",0,"HAS",{"$nulls":48},0]
[620,"VICHERES","GIRONDEAU Nicolas",0,"HAS",{"$nulls":48},0]
[621,"YEVRES","CALVET Serge",0,"HVS",{"$nulls":48},0]
[622,"YEVRES","HOUDIERE Michele",0,"FVS",{"$nulls":48},0]
[623,"YEVRES","LETERTRE Claudine",0,"FVS",{"$nulls":48},0]
[624,"YEVRES","LOISELET Daniel",0,"HVD",{"$nulls":48},0]
[625,"YEVRES","POTHIER Romain",0,"HAS",{"$nulls":48},0]
[626,"YEVRES","THERY Yoann",0,"HAS",{"$nulls":48},0]
[627,"YEVRES","TOUPET Pierre-Jean",0,"HVS",{"$nulls":48},0]

{"sheet":"classement club","index":2,"n_rows":17,"n_cols":9,"rows_kept":17}
[null,null,"points club","nombre de licenciés club","Index coul"]
[1,"Luray",{"$f":"SUMIF(Club!BC3:BC662,12,Club!BB3:BB662)","v":{"v":5372,"d":"5,372"}},{"$f":"COUNTIF(Club!BC3:BC662,12)","v":59},47,{"$f":"NumCouleur(#REF!)","v":{"$error":"#VALUE!"}},null,"Total de licenciés",{"$f":"SUM(D2:D18)","v":627}]
[2,"Charpont",{"$f":"SUMIF(Club!BC3:BC662,6,Club!BB3:BB662)","v":{"v":4756,"d":"4,756"}},{"$f":"COUNTIF(Club!BC3:BC662,6)","v":82},50,{"$f":"NumCouleur(B2)","v":{"$error":"#NAME?"}},null,"Total de points",{"$f":"SUM(C2:C18)","v":{"v":34946,"d":"34,946"}}]
[3,"Crécy Couvé",{"$f":"SUMIF(Club!BC3:BC662,9,Club!BB3:BB662)","v":{"v":4321,"d":"4,321"}},{"$f":"COUNTIF(Club!BC3:BC662,9)","v":48},5,{"$f":"NumCouleur(B4)","v":{"$error":"#NAME?"}}]
[4,"Bouglainval",{"$f":"SUMIF(Club!BC3:BC662,4,Club!BB3:BB662)","v":{"v":4304,"d":"4,304"}},{"$f":"COUNTIF(Club!BC3:BC662,4)","v":60},6,{"$f":"NumCouleur(B5)","v":{"$error":"#NAME?"}}]
[5,"Vichères",{"$f":"SUMIF(Club!BC3:BC662,15,Club!BB3:BB662)","v":{"v":4018,"d":"4,018"}},{"$f":"COUNTIF(Club!BC3:BC662,15)","v":46},43,{"$f":"NumCouleur(B6)","v":{"$error":"#NAME?"}}]
[6,"Boules Club Cloysien",{"$f":"SUMIF(Club!BC3:BC662,17,Club!BB3:BB662)","v":{"v":2322,"d":"2,322"}},{"$f":"COUNTIF(Club!BC4:BC662,17)","v":35},40,{"$f":"NumCouleur(B7)","v":{"$error":"#NAME?"}}]
[7,"Blévy-Maillebois",{"$f":"SUMIF(Club!BC3:BC662,2,Club!BB3:BB662)","v":{"v":1812,"d":"1,812"}},{"$f":"COUNTIF(Club!BC3:BC662,2)","v":33},14,{"$f":"NumCouleur(B8)","v":{"$error":"#NAME?"}}]
[8,"Challet Bailleau l'Evêque",{"$f":"SUMIF(Club!BC3:BC662,5,Club!BB3:BB662)","v":{"v":1554,"d":"1,554"}},{"$f":"COUNTIF(Club!BC3:BC662,5)","v":34},45,{"$f":"NumCouleur(B9)","v":{"$error":"#NAME?"}}]
[9,"St Georges Motel",{"$f":"SUMIF(Club!BC3:BC662,14,Club!BB3:BB662)","v":{"v":1529,"d":"1,529"}},{"$f":"COUNTIF(Club!BC3:BC662,14)","v":50},48,{"$f":"NumCouleur(B10)","v":{"$error":"#NAME?"}}]
[10,"St Eliph",{"$f":"SUMIF(Club!BC3:BC662,13,Club!BB3:BB662)","v":{"v":1296,"d":"1,296"}},{"$f":"COUNTIF(Club!BC4:BC663,13)","v":26},7,{"$f":"NumCouleur(B11)","v":{"$error":"#NAME?"}}]
[11,"La Gauloise",{"$f":"SUMIF(Club!BC3:BC662,11,Club!BB3:BB662)","v":952},{"$f":"COUNTIF(Club!BC3:BC662,11)","v":23},3,{"$f":"NumCouleur(B12)","v":{"$error":"#NAME?"}}]
[12,"Yèvres",{"$f":"SUMIF(Club!BC3:BC662,16,Club!BB3:BB662)","v":660},{"$f":"COUNTIF(Club!BC3:BC662,16)","v":27},33,{"$f":"NumCouleur(B13)","v":{"$error":"#NAME?"}}]
[13,"Gas",{"$f":"SUMIF(Club!BC3:BC662,10,Club!BB3:BB662)","v":612},{"$f":"COUNTIF(Club!BC3:BC662,10)","v":23},22,{"$f":"NumCouleur(B14)","v":{"$error":"#NAME?"}}]
[14,"Chuisnes",{"$f":"SUMIF(Club!BC3:BC662,8,Club!BB3:BB662)","v":563},{"$f":"COUNTIF(Club!BC3:BC662,8)","v":22},19,{"$f":"NumCouleur(B15)","v":{"$error":"#NAME?"}}]
[15,"Bonneval",{"$f":"SUMIF(Club!BC3:BC662,3,Club!BB3:BB662)","v":531},{"$f":"COUNTIF(Club!BC3:BC662,3)","v":18},37,{"$f":"NumCouleur(B16)","v":{"$error":"#NAME?"}}]
[16,"Cheminots",{"$f":"SUMIF(Club!BC3:BC662,7,Club!BB3:BB662)","v":344},{"$f":"COUNTIF(Club!BC3:BC662,7)","v":41}]

{"sheet":"Code couleur","index":3,"n_rows":56,"n_cols":10,"rows_kept":56,"hidden":true}
[{"$nulls":6},10]
[{"$nulls":6},10]
[{"$nulls":4},{"$f":"[1]!no_couleur(D3)","v":{"$error":"#NAME?"}},null,12,{"$f":"SUM(G1:G3)","v":32},3,{"$f":"H3*I3","v":96}]
[{"$nulls":6},12,null,null,0]
[null,{"$f":"NumCouleur(D5)","v":{"$error":"#NAME?"}},{"$nulls":4},10,null,null,0]
[{"$nulls":6},10,null,null,0]
[{"$nulls":6},10,null,null,0]
[{"$nulls":4},{"$f":"+'classement club'!#REF!","v":{"$error":"#REF!"}},null,10,null,null,0]
[{"$nulls":4},{"$f":"+'classement club'!C2","v":{"v":5372,"d":"5,372"}},null,10,null,null,0]
[{"$nulls":4},{"$f":"+'classement club'!C4","v":{"v":4321,"d":"4,321"}},null,25,{"$f":"SUM(G4:G10)","v":87},3,{"$f":"H10*I10","v":261}]
[{"$nulls":4},{"$f":"+'classement club'!C5","v":{"v":4304,"d":"4,304"}},null,15,null,null,{"$f":"H11*I11","v":0}]
[{"$nulls":4},{"$f":"+'classement club'!C6","v":{"v":4018,"d":"4,018"}},null,15,null,null,0]
[{"$nulls":4},{"$f":"+'classement club'!C7","v":{"v":2322,"d":"2,322"}},null,10,null,null,0]
[{"$nulls":4},{"$f":"+'classement club'!C8","v":{"v":1812,"d":"1,812"}},null,10,null,null,0]
[{"$nulls":4},{"$f":"+'classement club'!C9","v":{"v":1554,"d":"1,554"}},null,10,null,null,0]
[{"$nulls":4},{"$f":"+'classement club'!C10","v":{"v":1529,"d":"1,529"}},null,10,null,null,0]
[{"$nulls":4},{"$f":"+'classement club'!C11","v":{"v":1296,"d":"1,296"}},null,20,null,null,0]
[{"$nulls":4},{"$f":"+'classement club'!C12","v":952},null,10,null,null,0]
[{"$nulls":4},{"$f":"+'classement club'!C13","v":660},null,20]
[{"$nulls":4},{"$f":"'classement club'!C14","v":612},null,14,{"$f":"SUM(G11:G20)","v":134},3,{"$f":"H20*I20","v":402}]
[{"$nulls":4},{"$f":"+'classement club'!C15","v":563},null,16,null,null,{"$f":"H21*I21","v":0}]
[{"$nulls":4},{"$f":"+'classement club'!C16","v":531},null,10,null,null,0]
[{"$nulls":4},{"$f":"'classement club'!C17","v":344},null,10,null,null,0]
[{"$nulls":6},10,null,null,0]
[{"$nulls":6},15,null,null,0]
[{"$nulls":6},10,null,null,0]
[{"$nulls":4},{"$f":"SUM(E8:E23)","v":{"$error":"#REF!"}},{"$f":"F30+F29+F31","v":51585},15,null,null,0]
[{"$nulls":6},10,null,null,0]
[{"$nulls":5},50665,10,{"$f":"SUM(G21:G29)","v":106},3,318]
[{"$nulls":5},920,22]
[{"$nulls":5},0,12]
[{"$nulls":6},15]
[{"$nulls":5},{"$f":"F34*F35","v":2211},12]
[{"$nulls":5},3,12]
[{"$nulls":5},737,12]
[{"$nulls":6},10]
[{"$nulls":5},{"$f":"SUM(G1:G60)","v":687},10]
[{"$nulls":6},10]
[{"$nulls":6},10]
[{"$nulls":6},10]
[{"$nulls":6},10]
[{"$nulls":6},10]
[{"$nulls":6},10]
[{"$nulls":6},10]
[{"$nulls":6},10]
[{"$nulls":6},10]
[{"$nulls":6},30]
[{"$nulls":6},15]
[{"$nulls":6},18]
[{"$nulls":6},10]
[{"$nulls":6},10]
[{"$nulls":6},10]
[{"$nulls":6},10]
[{"$nulls":6},10]
[{"$nulls":6},10]
[{"$nulls":6},10]