{"text_format":"3","workbook":"xlsx","n_sheets":4,"sheets":["Club","Joueur","classement club","Code couleur"],"not_rendered":{"macros":1,"external_links":1,"defined_names":4},"read":"whole","date_system":"1900"}

{"sheet":"Club","index":0,"n_rows":644,"n_cols":36,"rows_kept":644,"merged":[[0,10,0,11],[0,13,0,14],[2,18,641,18]]}
[{"$nulls":5},"Chuisnes","B.O.C.","Crécy","Charpont","Bonneval","Luray",null,"Vichères","Challet - Bailleau",null,"Cloyes","St G.M.","Bonneval","Yèvres","St Eliph","Blévy M","Challet - B","Cloyes","Charpont","Chuisnes","Cheminots","Cheminots","B.O.C.","Ouarville","Luray","St G.M.","La Gauloise","Gas","TOTAL"]
[null,"Club","nom prénom","concours nbs",{"$f":"NumCouleur(D2)","v":{"$error":"#NAME?"}},"2024-09-01","2024-09-07","2024-09-08","2024-09-14","2024-09-15","21/09/2024   TRI","21/09/2024         DM","22/09/2024    QUA","28/09/2024   TRI","28/09/2024         DF","2024-09-29","2024-10-05","2024-10-06","2024-10-12","2024-10-13","2024-10-19","2024-10-20","2024-10-26","2024-10-27","2024-11-02","2024-11-03","2024-11-09","2024-11-10","2024-11-16","2024-11-17","2024-11-23","2024-11-24","2024-11-30","individuel"]
[1,"BLEVY MAILLEBOIS","BIDARD Philippe",{"$f":"COUNTIF(F3:AG3,\">1\")","v":10},"HVS",{"$nulls":13},"ANNULÉ",12,15,10,null,10,10,10,10,10,null,10,null,10,null,{"$f":"SUM(F3:AG3)","v":107},2]
[2,"BLEVY MAILLEBOIS","BOULAY Christophe",0,"HAD",{"$nulls":28},0,2]
[3,"BLEVY MAILLEBOIS","BRETAGNE Fabien",1,"HAS",{"$nulls":15},10,{"$nulls":12},10,2]
[4,"BLEVY MAILLEBOIS","BURSON Anthony",4,"HAS",{"$nulls":3},12,{"$nulls":7},12,{"$nulls":3},10,{"$nulls":8},12,{"$nulls":3},46,2]
[5,"BLEVY MAILLEBOIS","DUFOSSE Anthony",2,"HAS",{"$nulls":15},10,{"$nulls":5},10,{"$nulls":6},20,2]
[6,"BLEVY MAILLEBOIS","FREMONT Benoît",19,"HVS",22,20,16,30,null,10,null,null,10,null,null,20,null,null,15,10,10,null,null,30,12,20,10,15,10,15,10,10,295,2]
[7,"BLEVY MAILLEBOIS","FREMONT Denis",13,"HVS",null,null,12,10,null,10,null,null,10,null,null,16,null,null,15,{"$nulls":3},10,10,10,10,null,null,15,10,null,20,158,2]
[8,"BLEVY MAILLEBOIS","FREMONT Stéphane",19,"HAS",22,20,16,30,null,10,null,null,10,null,null,20,null,null,15,10,10,null,null,30,12,20,10,15,10,15,10,10,295,2]
[9,"BLEVY MAILLEBOIS","GAJAS Gaspard",0,"HAS",{"$nulls":28},0,2]
[10,"BLEVY MAILLEBOIS","GAUTIER Laurent",8,"HVS",{"$nulls":14},10,10,10,null,10,10,null,null,10,null,10,null,10,null,80,2]
[11,"BLEVY MAILLEBOIS","GILLOT Julien",4,"HAS",{"$nulls":3},12,{"$nulls":10},10,10,{"$nulls":8},12,{"$nulls":3},44,2]
[12,"BLEVY MAILLEBOIS","GILLOT Moïse",12,"HVS",null,null,12,10,null,10,null,null,10,null,null,16,null,null,15,{"$nulls":3},10,10,10,10,null,null,15,null,null,20,148,2]
[13,"BLEVY MAILLEBOIS","GLOTIN Julien",1,"HAS",{"$nulls":11},12,{"$nulls":16},12,2]
[14,"BLEVY MAILLEBOIS","GREVIN Kaëlig",1,"HJS",{"$nulls":11},12,{"$nulls":16},12,2]
[15,"BLEVY MAILLEBOIS","GREVIN Michel",16,"HVS",null,10,10,10,{"$nulls":4},10,null,null,12,null,null,10,15,10,null,10,12,10,10,10,null,10,10,10,null,169,2]
[16,"BLEVY MAILLEBOIS","GUGGENBUHL Claude",6,"HVS",{"$nulls":3},10,{"$nulls":6},10,{"$nulls":4},10,{"$nulls":5},10,{"$nulls":3},10,10,null,60,2]
[17,"BLEVY MAILLEBOIS","HANDZICH Maryse",4,"FVS",{"$nulls":15},10,10,null,10,12,{"$nulls":8},42,2]
[18,"BLEVY MAILLEBOIS","JURE Eric",7,"HVS",{"$nulls":8},10,null,null,16,null,null,15,{"$nulls":3},10,{"$nulls":5},15,15,null,20,101,2]
[19,"BLEVY MAILLEBOIS","LARHANTEC Louis",3,"HVS",null,10,{"$nulls":6},10,{"$nulls":6},30,{"$nulls":12},50,2]
[20,"BLEVY MAILLEBOIS","LAUVRAY Raymonde",5,"FVD",{"$nulls":15},10,10,null,10,10,{"$nulls":4},10,{"$nulls":3},50,2]
[21,"BLEVY MAILLEBOIS","LEMAIRE Raphael",7,"HAS",null,null,10,10,{"$nulls":4},10,{"$nulls":5},10,{"$nulls":3},10,null,null,10,{"$nulls":3},10,null,null,70,2]
[22,"BLEVY MAILLEBOIS","MACHADO Federico",7,"HVD",{"$nulls":14},10,10,10,null,10,{"$nulls":3},10,null,10,null,10,null,70,2]
[23,"BLEVY MAILLEBOIS","MAIA Christophe",14,"HAS",null,null,12,12,null,10,null,null,10,null,null,12,null,null,10,10,null,null,10,10,10,10,null,null,12,10,null,10,148,2]
[24,"BLEVY MAILLEBOIS","MARTIN Antoine",1,"HAS",{"$nulls":15},10,{"$nulls":12},10,2]
[25,"BLEVY MAILLEBOIS","MARTIN Eric",9,"HVS",null,10,10,{"$nulls":5},10,null,null,12,null,null,12,30,10,null,null,12,10,{"$nulls":7},116,2]
[26,"BLEVY MAILLEBOIS","MARTIN Gaëtan",6,"HAS",null,null,10,{"$nulls":5},10,{"$nulls":5},12,30,10,{"$nulls":3},10,{"$nulls":7},82,2]
[27,"BLEVY MAILLEBOIS","MARTIN Pierre",5,"HAS",null,null,10,{"$nulls":13},10,{"$nulls":3},10,20,{"$nulls":3},10,null,null,60,2]
[28,"BLEVY MAILLEBOIS","MOREAU Baptiste",5,"HAS",{"$nulls":3},10,{"$nulls":6},10,{"$nulls":10},10,null,null,10,null,10,null,50,2]
[29,"BLEVY MAILLEBOIS","MORIN Anthony",0,"HAS",{"$nulls":28},0,2]
[30,"BLEVY MAILLEBOIS","SMIESCZAK Thibaut",3,"HAS",null,null,10,{"$nulls":12},15,{"$nulls":4},10,{"$nulls":7},35,2]
[31,"BLEVY MAILLEBOIS","TROUILLET Baptiste",0,"HAS",{"$nulls":28},0,2]
[32,"BLEVY MAILLEBOIS","VAZQUEZ Baptiste",11,"HAS",null,20,16,null,null,10,{"$nulls":5},20,{"$nulls":3},10,10,null,null,30,12,null,null,15,10,null,null,10,163,2]
[33,"BLEVY MAILLEBOIS","WEISS Julien",2,"HAS",{"$nulls":8},10,{"$nulls":6},10,{"$nulls":12},20,2,{"$f":"SUM(AH3:AH35)","v":2523}]
[34,"BONNEVAL","BEDOT Frédéric",3,"HVS",{"$nulls":4},14,{"$nulls":5},10,{"$nulls":6},15,{"$nulls":10},39,3]
[35,"BONNEVAL","BEDOT Marie Claire",0,"FVS",{"$nulls":28},0,3]
[36,"BONNEVAL","BOUILLY Eric",8,"HVS",{"$nulls":4},15,{"$nulls":5},10,{"$nulls":4},10,null,15,null,10,{"$nulls":3},25,null,null,10,12,107,3]
[37,"BONNEVAL","BRETON Gilbert",2,"HVD",{"$nulls":4},14,{"$nulls":5},10,{"$nulls":17},24,3]
[38,"BONNEVAL","BRETON Patricia",1,"FVD",{"$nulls":10},10,{"$nulls":17},10,3]
[39,"BONNEVAL","COUDRAY Sylvain",3,"HAD",{"$nulls":12},10,{"$nulls":6},10,{"$nulls":3},10,{"$nulls":4},30,3]
[40,"BONNEVAL","COURTOIS Victor",2,"HJS",{"$nulls":4},14,{"$nulls":5},10,{"$nulls":17},24,3]
[41,"BONNEVAL","DUVIGNEAU Jean François",2,"HVD",{"$nulls":20},12,null,null,10,{"$nulls":4},22,3]
[42,"BONNEVAL","FAVRÉ Mickael",5,"HAD",{"$nulls":4},16,{"$nulls":7},15,{"$nulls":10},16,null,null,10,12,69,3]
[43,"BONNEVAL","GALLAIS Janny",6,"HVD",{"$nulls":4},10,{"$nulls":7},10,{"$nulls":4},10,null,10,{"$nulls":3},10,{"$nulls":3},12,62,3]
[44,"BONNEVAL","LACOSTE Phillippe",9,"HVD",{"$nulls":4},15,{"$nulls":5},10,null,15,null,null,10,null,15,null,10,{"$nulls":3},25,null,null,10,12,122,3]
[45,"BONNEVAL","LINGET Martine",4,"FVS",{"$nulls":10},10,null,10,{"$nulls":4},10,{"$nulls":5},10,{"$nulls":4},40,3]
[46,"BONNEVAL","MATHIEU Maxime",2,"HAS",{"$nulls":4},16,{"$nulls":18},16,{"$nulls":4},32,3]
[47,"BONNEVAL","MAUGET Bruno",5,"HVS",{"$nulls":4},15,{"$nulls":10},10,{"$nulls":3},10,{"$nulls":3},25,{"$nulls":3},12,72,3]
[48,"BONNEVAL","PERRICHOT Denis",2,"HVS",{"$nulls":12},15,{"$nulls":7},12,{"$nulls":7},27,3]
[49,"BONNEVAL","THOMAS Eric",4,"HVD",{"$nulls":12},10,{"$nulls":6},10,12,null,null,10,{"$nulls":4},42,3]
[50,"BONNEVAL","VAUGLIN Marcel",5,"HVD",{"$nulls":4},10,{"$nulls":5},10,null,10,{"$nulls":4},10,{"$nulls":5},10,{"$nulls":4},50,3]
[51,"BONNEVAL","VINCENZI Sylvain",4,"HVS",{"$nulls":4},16,{"$nulls":18},16,null,null,10,12,54,3,{"$f":"SUM(AH36:AH53)","v":826}]
[52,"BOUGLAINVAL","ALLOUIS Corentin",18,"HAD",10,15,18,10,10,15,null,10,10,null,10,10,18,null,15,{"$nulls":3},10,null,20,null,null,20,10,10,12,null,233,4]
[53,"BOUGLAINVAL","ALLOUIS Stéphane",14,"HVS",20,18,null,12,null,15,null,10,10,{"$nulls":5},15,{"$nulls":3},10,null,10,null,12,20,22,14,10,null,198,4]
[54,"BOUGLAINVAL","BATAYER Gilberte",0,"FVS",{"$nulls":28},0,4]
[55,"BOUGLAINVAL","BATAYER Yves",0,"HVS",{"$nulls":28},0,4]
[56,"BOUGLAINVAL","BOILLOD Sylvain",9,"HVS",null,10,{"$nulls":3},12,null,null,10,null,null,10,{"$nulls":3},15,null,null,10,10,null,10,{"$nulls":5},10,97,4]
[57,"BOUGLAINVAL","BREMAUD André",5,"HVD",null,null,10,null,null,12,{"$nulls":9},10,10,{"$nulls":10},15,57,4]
[58,"BOUGLAINVAL","CANALES Corinne",3,"FVD",{"$nulls":24},25,15,null,16,56,4]
[59,"BOUGLAINVAL","CAUSERET Gilles",12,"HVD",{"$nulls":3},10,12,10,null,null,10,null,10,{"$nulls":6},25,10,10,null,10,12,null,null,10,12,null,141,4]
[60,"BOUGLAINVAL","CHALLE Sébastien",14,"HAS",10,10,10,14,10,10,null,15,null,null,12,{"$nulls":3},10,null,12,null,10,null,null,10,10,null,null,10,null,null,153,4]
[61,"BOUGLAINVAL","CHALLE Stéphane",5,"HAS",null,10,{"$nulls":6},12,null,null,14,{"$nulls":3},14,{"$nulls":3},10,{"$nulls":8},60,4]
[62,"BOUGLAINVAL","CHARTIER Bernard",15,"HVS",null,25,10,12,10,{"$nulls":3},10,null,null,12,{"$nulls":3},10,null,10,10,10,10,null,10,15,null,14,10,null,178,4]
[63,"BOUGLAINVAL","COUELLAUD Walter",16,"HAS",null,10,null,10,10,10,null,10,10,null,10,10,null,null,10,null,10,10,10,25,{"$nulls":4},10,10,12,null,177,4]
[64,"BOUGLAINVAL","COUPECHOUX Gérard",2,"HVS",null,20,{"$nulls":25},10,30,4]
[65,"BOUGLAINVAL","CRAMPOND Yannick",{"$f":"COUNTIF(F67:AG67,\">1\")","v":4},"HVD",{"$nulls":18},10,10,10,{"$nulls":6},10,{"$f":"SUM(F67:AG67)","v":40},4]
[66,"BOUGLAINVAL","CRETON Michel",11,"HVD",10,10,null,10,12,10,{"$nulls":5},10,{"$nulls":4},10,10,10,10,null,null,10,{"$nulls":5},112,4]
[67,"BOUGLAINVAL","CRETON Renée",11,"FVD",10,10,null,10,12,10,{"$nulls":5},10,{"$nulls":4},10,10,10,10,null,null,10,{"$nulls":5},112,4]
[68,"BOUGLAINVAL","DENEFF Anne",10,"FAS",10,15,{"$nulls":4},10,15,{"$nulls":3},10,{"$nulls":3},10,10,null,null,10,null,null,10,null,null,12,null,null,112,4]
[69,"BOUGLAINVAL","DENEFF Estéban",8,"HJS",10,10,{"$nulls":4},15,15,{"$nulls":3},10,{"$nulls":3},10,10,{"$nulls":5},10,{"$nulls":5},90,4]
[70,"BOUGLAINVAL","DENEFF Guillaume",11,"HAS",10,15,{"$nulls":4},10,15,{"$nulls":3},12,{"$nulls":3},10,22,null,null,10,null,null,10,null,null,12,null,15,141,4]
[71,"BOUGLAINVAL","DHERVILLIERS Patrice",4,"HVS",null,10,null,10,{"$nulls":4},12,null,null,10,{"$nulls":16},42,4]
[72,"BOUGLAINVAL","ESLAN Pierre",13,"HVD",{"$nulls":3},10,12,10,null,null,10,{"$nulls":5},15,10,null,10,10,null,null,10,10,null,10,10,null,25,152,4]
[73,"BOUGLAINVAL","FABRY Emmanuel",10,"HVS",null,25,null,22,{"$nulls":4},10,null,15,{"$nulls":3},15,14,null,null,14,15,null,10,{"$nulls":5},25,165,4]
[74,"BOUGLAINVAL","FRESNEDA Angelo",8,"HVD",null,10,null,10,null,null,10,{"$nulls":8},10,22,null,null,10,null,null,10,{"$nulls":4},10,92,4]
[75,"BOUGLAINVAL","GAMMUTO Giovanna",1,"FAS",{"$nulls":7},16,{"$nulls":20},16,4]
[76,"BOUGLAINVAL","GARGASSON Jacky",12,"HVD",20,12,{"$nulls":6},10,null,10,{"$nulls":4},10,14,null,10,null,10,null,10,20,10,null,10,null,146,4]
[77,"BOUGLAINVAL","GARGASSON Patricia",7,"FVD",10,12,{"$nulls":7},15,10,{"$nulls":9},10,{"$nulls":3},10,null,10,null,77,4]
[78,"BOUGLAINVAL","GARNIER Michel",3,"HVS",10,10,{"$nulls":5},10,{"$nulls":20},30,4]
[79,"BOUGLAINVAL","GASTINEL Patrice",6,"HVS",null,10,null,22,null,15,null,null,10,{"$nulls":13},10,null,10,{"$nulls":3},77,4]
[80,"BOUGLAINVAL","GAUDEFROY Patrice",10,"HVS",15,20,{"$nulls":3},15,null,null,10,null,null,10,{"$nulls":3},25,{"$nulls":3},10,null,10,10,{"$nulls":4},10,135,4]
[81,"BOUGLAINVAL","GESTIN Emmanuelle",7,"FAD",{"$nulls":3},10,null,null,10,null,null,20,null,12,{"$nulls":4},10,null,null,10,null,null,10,{"$nulls":5},82,4]
[82,"BOUGLAINVAL","GESTIN Jean Philippe",7,"HVD",{"$nulls":3},10,null,null,10,null,10,{"$nulls":6},10,22,null,null,10,null,null,10,{"$nulls":5},82,4]
[83,"BOUGLAINVAL","GESTIN Luyana",2,"FJD",{"$nulls":6},10,10,{"$nulls":20},20,4]
[84,"BOUGLAINVAL","GOLLION Stephane",10,"HAS",null,10,{"$nulls":5},16,null,null,10,{"$nulls":3},10,null,10,null,10,25,null,null,10,null,10,10,null,null,121,4]
[85,"BOUGLAINVAL","GOURDAIN Pascal",3,"HVD",{"$nulls":5},15,{"$nulls":16},12,{"$nulls":4},10,37,4]
[86,"BOUGLAINVAL","GUILLAMOT David",4,"HAS",{"$nulls":3},10,10,{"$nulls":14},15,{"$nulls":4},10,{"$nulls":3},45,4]
[87,"BOUGLAINVAL","HALGRAIN Francis",3,"HVS",{"$nulls":8},10,{"$nulls":3},18,{"$nulls":4},25,{"$nulls":10},53,4]
[88,"BOUGLAINVAL","HERY Vincent",8,"HVS",{"$nulls":3},22,10,{"$nulls":3},10,null,15,{"$nulls":3},15,{"$nulls":3},14,15,{"$nulls":4},10,{"$nulls":3},111,4]
[89,"BOUGLAINVAL","HICGUET Anne-Claire",12,"FAS",10,10,10,14,10,{"$nulls":5},10,{"$nulls":3},10,null,12,null,10,null,null,10,10,null,null,10,null,null,126,4]
[90,"BOUGLAINVAL","LE BARS Didier",4,"HVD",null,10,null,18,{"$nulls":14},10,{"$nulls":3},12,{"$nulls":5},50,4]
[91,"BOUGLAINVAL","LE BRIS Fabrice",22,"HVS",15,18,null,null,10,15,null,10,10,null,12,14,null,null,10,25,10,10,10,10,10,10,12,20,22,10,10,10,283,4]
[92,"BOUGLAINVAL","LIBERT Didier",6,"HAD",null,10,null,10,12,10,null,null,10,{"$nulls":18},16,68,4]
[93,"BOUGLAINVAL","LOREILLER Bruno",18,"HVD",10,null,10,10,null,12,null,16,10,null,null,10,null,null,15,25,12,null,10,25,null,10,10,20,22,12,null,15,254,4]
[94,"BOUGLAINVAL","MACHILS Didier",0,"HVD",{"$nulls":28},0,4]
[95,"BOUGLAINVAL","MANIEZ Evan",4,"HJS",null,null,10,{"$nulls":12},10,{"$nulls":3},14,null,null,10,{"$nulls":5},44,4]
[96,"BOUGLAINVAL","MANIEZ Grégory",9,"HAS",15,null,10,{"$nulls":5},10,{"$nulls":6},10,{"$nulls":3},14,null,10,10,null,null,16,15,null,110,4]
[97,"BOUGLAINVAL","MANIEZ Hugo",9,"HAS",null,null,10,10,{"$nulls":11},10,null,25,10,14,null,10,10,{"$nulls":3},15,null,114,4]
[98,"BOUGLAINVAL","MARTEL Laurent",5,"HAS",null,18,{"$nulls":10},18,{"$nulls":3},10,{"$nulls":4},10,{"$nulls":5},10,66,4]
[99,"BOUGLAINVAL","MARTIN Gérard",16,"HVD",20,12,null,null,10,10,null,10,10,null,10,{"$nulls":4},15,14,null,10,null,20,null,10,15,10,null,10,10,196,4]
[100,"BOUGLAINVAL","MARTIN Nadine",15,"FVD",10,10,null,null,10,10,null,10,null,15,10,{"$nulls":4},15,null,null,10,null,20,null,10,15,10,null,10,10,175,4]
[101,"BOUGLAINVAL","MEHANECHE Roger",11,"HVS",10,10,null,12,null,10,{"$nulls":10},10,null,10,10,10,null,10,null,10,null,null,10,112,4]
[102,"BOUGLAINVAL","MENAGER Jean Paul",12,"HVD",null,20,null,10,{"$nulls":4},12,null,10,{"$nulls":5},14,null,10,10,10,10,12,null,null,10,12,null,140,4]
[103,"BOUGLAINVAL","MINET Serge",1,"HVS",{"$nulls":25},15,null,null,15,4]
[104,"BOUGLAINVAL","PENON Damien",7,"HAS",null,25,null,null,10,{"$nulls":3},10,{"$nulls":9},14,null,null,10,null,null,10,null,null,25,104,4]
[105,"BOUGLAINVAL","POLVE Jacques",11,"HVD",10,10,{"$nulls":3},10,null,16,{"$nulls":6},10,{"$nulls":3},10,10,{"$nulls":3},20,null,14,10,10,130,4]
[106,"BOUGLAINVAL","POUPEAU Henri",3,"HVS",{"$nulls":4},10,{"$nulls":16},10,10,{"$nulls":5},30,4]
[107,"BOUGLAINVAL","POUSSET Alexandre",4,"HAS",null,10,null,10,{"$nulls":7},14,{"$nulls":3},14,{"$nulls":12},48,4]
[108,"BOUGLAINVAL","PREVOST Francoise",7,"FVD",10,null,10,10,null,null,15,{"$nulls":4},10,{"$nulls":10},10,{"$nulls":4},10,75,4]
[109,"BOUGLAINVAL","RANVIER Marcel",8,"HVD",null,10,null,10,12,10,{"$nulls":5},10,{"$nulls":3},10,null,null,10,{"$nulls":8},16,88,4]
[110,"BOUGLAINVAL","ROLLET Patrick",7,"HAS",null,10,null,10,null,10,null,null,10,null,null,10,{"$nulls":4},10,null,10,{"$nulls":9},70,4]
[111,"BOUGLAINVAL","SANCHEZ Antoine",0,"HVS",{"$nulls":28},0,4]
[112,"BOUGLAINVAL","TOUTAIN Sylvie",6,"FVS",null,10,null,14,{"$nulls":5},20,{"$nulls":6},10,null,null,10,{"$nulls":7},10,74,4]
[113,"BOUGLAINVAL","TRICHET Anthony",1,"HAD",{"$nulls":25},15,null,null,15,4,{"$f":"SUM(AH54:AH115)","v":5857}]
[114,"BOULES CLUB CLOYSIEN","ALEXANDRE Marc",3,"HVS",{"$nulls":21},10,null,10,null,null,10,null,30,17]
[115,"BOULES CLUB CLOYSIEN","ALEXANDRE Maxence",3,"HAS",{"$nulls":21},10,null,10,null,null,10,null,30,17]
[116,"BOULES CLUB CLOYSIEN","BELAN Christophe",7,"HAS",{"$nulls":4},10,18,null,null,10,null,10,{"$nulls":4},10,{"$nulls":3},10,null,null,10,{"$nulls":5},78,17]
[117,"BOULES CLUB CLOYSIEN","BORTOLI cyril",0,"HAS",{"$nulls":28},0,17]
[118,"BOULES CLUB CLOYSIEN","BOSSOIS Christian",3,"HAD",{"$nulls":16},20,20,{"$nulls":4},10,{"$nulls":5},50,17]
[119,"BOULES CLUB CLOYSIEN","BOULARD Celia",1,"FAS",{"$nulls":10},10,{"$nulls":17},10,17]
[120,"BOULES CLUB CLOYSIEN","BOULARD Christophe",1,"HVS",{"$nulls":23},30,{"$nulls":4},30,17]
[121,"BOULES CLUB CLOYSIEN","CAVALLI Hervé",3,"HAS",{"$nulls":10},18,{"$nulls":5},12,null,10,{"$nulls":9},40,17]
[122,"BOULES CLUB CLOYSIEN","CHAUVEAU Denis",5,"HVS",{"$nulls":4},25,{"$nulls":5},30,{"$nulls":5},12,null,10,{"$nulls":7},10,null,87,17]
[123,"BOULES CLUB CLOYSIEN","FRANCOIS André",1,"HVD",{"$nulls":10},10,{"$nulls":17},10,17]
[124,"BOULES CLUB CLOYSIEN","GAUGUIN Alain",9,"HAS",{"$nulls":8},10,{"$nulls":7},20,20,10,10,10,10,10,30,{"$nulls":4},130,17]
[125,"BOULES CLUB CLOYSIEN","GERARD Frederique",9,"HAS",20,{"$nulls":3},22,null,20,null,10,null,18,{"$nulls":3},22,10,null,30,null,12,{"$nulls":8},164,17]
[126,"BOULES CLUB CLOYSIEN","GERARD MARINE",7,"FAS",{"$nulls":4},22,null,15,null,null,15,10,{"$nulls":3},12,10,{"$nulls":6},10,{"$nulls":5},94,17]
[127,"BOULES CLUB CLOYSIEN","GERARD Marie-Laure",8,"FAS",{"$nulls":4},12,10,{"$nulls":3},22,10,null,15,null,12,10,{"$nulls":3},12,{"$nulls":8},103,17]
[128,"BOULES CLUB CLOYSIEN","GERARD Michel",7,"HVS",{"$nulls":4},12,null,null,12,10,null,10,{"$nulls":3},10,{"$nulls":4},12,{"$nulls":4},10,{"$nulls":3},76,17]
[129,"BOULES CLUB CLOYSIEN","HOUE Jean Pierre",{"$f":"COUNTIF(F131:AG131,\">1\")","v":11},"HVS",{"$nulls":4},20,{"$nulls":5},10,10,{"$nulls":3},22,14,22,10,{"$nulls":3},10,null,10,null,25,10,{"$f":"SUM(F131:AG131)","v":163},17]
[130,"BOULES CLUB CLOYSIEN","LALLIOT Clement",5,"HAS",{"$nulls":4},10,{"$nulls":5},16,{"$nulls":3},10,{"$nulls":3},10,{"$nulls":5},10,{"$nulls":3},56,17]
[131,"BOULES CLUB CLOYSIEN","LALLIOT Gildas",9,"HAS",20,null,10,null,12,{"$nulls":5},10,null,15,null,22,null,10,null,30,{"$nulls":3},10,{"$nulls":5},139,17]
[132,"BOULES CLUB CLOYSIEN","LALLIOT Manon",6,"FAS",null,null,10,{"$nulls":3},20,null,null,15,10,{"$nulls":5},10,null,null,10,{"$nulls":8},75,17]
[133,"BOULES CLUB CLOYSIEN","LALLIOT Priscilla",7,"FAS",null,null,10,null,null,10,{"$nulls":3},22,10,null,10,null,12,{"$nulls":4},10,{"$nulls":8},84,17]
[134,"BOULES CLUB CLOYSIEN","LASCAUX Yohann",0,"HAS",{"$nulls":28},0,17]
[135,"BOULES CLUB CLOYSIEN","MAURICE Marc",15,"HVS",{"$nulls":4},20,null,null,12,14,null,12,10,null,null,10,22,14,22,10,10,10,null,10,null,10,null,10,null,196,17]
[136,"BOULES CLUB CLOYSIEN","PATEYRON Michel",15,"HVS",{"$nulls":4},20,null,null,12,null,null,12,10,10,null,10,22,14,null,10,10,10,null,10,null,10,null,10,10,180,17]
[137,"BOULES CLUB CLOYSIEN","PEAUGER Christian",12,"HVS",null,null,10,null,10,18,null,null,10,null,10,null,15,null,10,10,10,null,30,10,null,null,10,{"$nulls":5},153,17]
[138,"BOULES CLUB CLOYSIEN","QUINTAIS LUCIA",5,"FVS",{"$nulls":4},25,{"$nulls":5},10,{"$nulls":5},12,null,10,{"$nulls":7},10,null,67,17]
[139,"BOULES CLUB CLOYSIEN","ROLANDEAU Mehdi",5,"HAS",{"$nulls":4},25,{"$nulls":5},30,{"$nulls":7},10,{"$nulls":3},10,{"$nulls":3},25,null,100,17]
[140,"BOULES CLUB CLOYSIEN","SOLLET Stéphane",0,"HVS",{"$nulls":28},0,17]
[141,"BOULES CLUB CLOYSIEN","TANCRE Catherine",11,"FVS",null,null,10,{"$nulls":4},12,10,null,10,null,10,null,10,null,10,22,10,10,null,null,10,{"$nulls":5},124,17]
[142,"BOULES CLUB CLOYSIEN","TOURNAY Quentin",7,"HAS",{"$nulls":4},10,null,15,null,10,null,10,{"$nulls":3},22,10,{"$nulls":6},10,{"$nulls":5},87,17]
[143,"BOULES CLUB CLOYSIEN","TRIAN Annie",0,"FVS",{"$nulls":28},0,17]
[144,"BOULES CLUB CLOYSIEN","TRIAU Lucas",9,"HAS",{"$nulls":4},10,18,{"$nulls":4},16,{"$nulls":3},10,null,10,30,10,{"$nulls":3},10,null,10,{"$nulls":3},124,17]
[145,"BOULES CLUB CLOYSIEN","TRIAU Fabrice",9,"HAS",20,{"$nulls":3},22,{"$nulls":3},10,null,10,{"$nulls":3},10,null,10,null,30,{"$nulls":3},10,30,{"$nulls":4},152,17]
[146,"BOULES CLUB CLOYSIEN","VIMEUX Rene",5,"HVS",{"$nulls":8},10,null,10,{"$nulls":6},30,{"$nulls":5},10,{"$nulls":3},10,70,17]
[147,"BOULES CLUB CLOYSIEN","VINCENT Cyril",3,"HAD",{"$nulls":16},20,20,{"$nulls":4},10,{"$nulls":5},50,17]
[148,"BOULES CLUB CLOYSIEN","VINCENZI Julie",7,"FAS",null,null,10,null,10,10,{"$nulls":4},10,{"$nulls":3},10,{"$nulls":3},10,10,{"$nulls":8},70,17,{"$f":"SUM(AH116:AH150)","v":2822}]
[149,"CHALLET-BAILLEAU L'EVEQUE","BOIS Daniel",2,"HVS",{"$nulls":8},10,{"$nulls":7},12,{"$nulls":11},22,5]
[150,"CHALLET-BAILLEAU L'EVEQUE","BOISSAY Agès",8,"FVS",null,null,12,null,10,{"$nulls":4},16,null,10,{"$nulls":4},10,null,null,10,{"$nulls":4},10,null,null,10,88,5]
[151,"CHALLET-BAILLEAU L'EVEQUE","BORGES DE MORAIS Frédéric",4,"HAS",{"$nulls":3},10,{"$nulls":4},10,{"$nulls":5},10,null,10,{"$nulls":11},40,5]
[152,"CHALLET-BAILLEAU L'EVEQUE","BORGES DE MORAIS José",5,"HVS",10,{"$nulls":6},10,10,{"$nulls":5},10,null,10,{"$nulls":11},50,5]
[153,"CHALLET-BAILLEAU L'EVEQUE","BOUFFERAIT Dominique",0,"HVS",{"$nulls":28},0,5]
[154,"CHALLET-BAILLEAU L'EVEQUE","BRABANT Annick",4,"FVS",null,10,{"$nulls":4},12,null,null,30,10,{"$nulls":17},62,5]
[155,"CHALLET-BAILLEAU L'EVEQUE","CATTANEO Brigitte",6,"FVS",{"$nulls":7},15,null,12,{"$nulls":6},15,{"$nulls":3},10,null,10,{"$nulls":3},10,null,72,5]
[156,"CHALLET-BAILLEAU L'EVEQUE","CATTANEO Didier",7,"HVS",null,10,{"$nulls":5},15,10,{"$nulls":7},15,{"$nulls":3},10,null,10,{"$nulls":3},10,null,80,5]
[157,"CHALLET-BAILLEAU L'EVEQUE","COUDIER Alain",7,"HVS",null,10,null,10,null,10,null,null,10,null,10,{"$nulls":3},10,{"$nulls":8},12,{"$nulls":4},72,5]
[158,"CHALLET-BAILLEAU L'EVEQUE","DEMONCAY Florence",10,"FAS",10,null,null,10,null,null,15,null,null,30,10,{"$nulls":5},10,{"$nulls":5},10,null,12,16,null,10,133,5]
[159,"CHALLET-BAILLEAU L'EVEQUE","DEMONCAY Patrick",14,"HVS",10,10,null,10,null,null,15,10,10,null,10,15,{"$nulls":4},10,{"$nulls":5},14,12,12,16,null,10,164,5]
[160,"CHALLET-BAILLEAU L'EVEQUE","DENIEAULT Patrice",8,"HVS",10,10,{"$nulls":6},10,null,null,10,null,null,10,null,10,{"$nulls":5},10,{"$nulls":4},10,80,5]
[161,"CHALLET-BAILLEAU L'EVEQUE","DUMONT Isabelle",11,"FVS",null,null,12,10,10,null,null,15,10,null,null,10,null,null,10,null,15,{"$nulls":3},10,{"$nulls":3},10,null,null,10,122,5]
[162,"CHALLET-BAILLEAU L'EVEQUE","DURQUETY Catherine",5,"FVS",null,10,{"$nulls":4},10,null,null,16,null,10,{"$nulls":7},10,{"$nulls":8},56,5]
[163,"CHALLET-BAILLEAU L'EVEQUE","FROGER Cédric",2,"HAS",{"$nulls":16},10,{"$nulls":5},10,{"$nulls":5},20,5]
[164,"CHALLET-BAILLEAU L'EVEQUE","FROGER Didier",1,"HVS",{"$nulls":16},10,{"$nulls":11},10,5]
[165,"CHALLET-BAILLEAU L'EVEQUE","FROGER Muriel",1,"FVS",{"$nulls":16},10,{"$nulls":11},10,5]
[166,"CHALLET-BAILLEAU L'EVEQUE","IMPERIALE Chantal",4,"FVS",{"$nulls":6},12,null,null,12,10,{"$nulls":5},10,{"$nulls":11},44,5]
[167,"CHALLET-BAILLEAU L'EVEQUE","IMPERIALE Claude",8,"HVS",null,10,{"$nulls":4},12,null,10,null,10,15,null,null,10,null,10,null,null,10,{"$nulls":8},87,5]
[168,"CHALLET-BAILLEAU L'EVEQUE","LATIMIER Jean Jacques",8,"HVS",{"$nulls":8},10,null,null,10,{"$nulls":4},12,null,null,10,null,16,12,null,10,12,null,null,92,5]
[169,"CHALLET-BAILLEAU L'EVEQUE","LATIMIER Michel",4,"HVS",{"$nulls":5},10,null,null,10,null,null,10,{"$nulls":7},10,{"$nulls":8},40,5]
[170,"CHALLET-BAILLEAU L'EVEQUE","LATIMIER Pascal",14,"HVS",10,10,12,10,null,10,null,15,10,null,null,10,{"$nulls":4},10,null,null,10,null,null,12,null,10,12,null,10,151,5]
[171,"CHALLET-BAILLEAU L'EVEQUE","LE PAGE Jean Pierre",2,"HVS",{"$nulls":8},10,{"$nulls":13},10,{"$nulls":5},20,5]
[172,"CHALLET-BAILLEAU L'EVEQUE","MEUNIER Michel",0,"HVS",{"$nulls":28},0,5]
[173,"CHALLET-BAILLEAU L'EVEQUE","MOISSON David",4,"HAS",null,10,null,10,null,10,null,null,10,{"$nulls":19},40,5]
[174,"CHALLET-BAILLEAU L'EVEQUE","NICOLAS Brigitte",2,"FVS",{"$nulls":8},10,{"$nulls":7},10,{"$nulls":11},20,5]
[175,"CHALLET-BAILLEAU L'EVEQUE","PAMBRUN Anthony",1,"HAS",{"$nulls":8},10,{"$nulls":19},10,5]
[176,"CHALLET-BAILLEAU L'EVEQUE","PRIEUR Patrice",3,"HAS",null,10,{"$nulls":3},10,{"$nulls":19},12,null,null,32,5]
[177,"CHALLET-BAILLEAU L'EVEQUE","ROBILLARD Gilles",8,"HVS",null,10,{"$nulls":6},10,null,null,10,{"$nulls":4},12,null,null,10,null,16,12,{"$nulls":4},10,90,5]
[178,"CHALLET-BAILLEAU L'EVEQUE","SOIRAT Brigitte",1,"FVS",{"$nulls":8},10,{"$nulls":19},10,5]
[179,"CHALLET-BAILLEAU L'EVEQUE","SOIRAT Philippe",7,"HVD",{"$nulls":3},10,null,10,null,null,10,null,null,15,{"$nulls":4},10,{"$nulls":5},14,12,{"$nulls":4},81,5]
[180,"CHALLET-BAILLEAU L'EVEQUE","TAUPIN Arnaud",3,"HAS",{"$nulls":8},14,{"$nulls":7},10,{"$nulls":5},14,{"$nulls":5},38,5]
[181,"CHALLET-BAILLEAU L'EVEQUE","TAUPIN Maxime",5,"HJS",{"$nulls":4},10,null,null,10,14,{"$nulls":7},10,{"$nulls":5},10,{"$nulls":5},54,5]
[182,"CHALLET-BAILLEAU L'EVEQUE","VAN ELSLANDER Paul",4,"HAS",10,10,null,10,null,null,12,{"$nulls":21},42,5]
[183,"CHALLET-BAILLEAU L'EVEQUE","WINGEL Lionel",7,"HVS",null,10,{"$nulls":4},10,10,10,{"$nulls":7},10,null,null,10,null,16,{"$nulls":6},76,5,{"$f":"SUM(AH151:AH185)","v":2008}]
[184,"CHARPONT","BECHE Roland",7,"HVS",null,14,null,15,{"$nulls":4},10,{"$nulls":6},10,10,null,10,{"$nulls":7},10,null,79,6]
[185,"CHARPONT","BESSONEAU Lionel",0,"HVS",{"$nulls":28},0,6]
[186,"CHARPONT","BOISSEAU Laurent",0,"HVS",{"$nulls":28},0,6]
[187,"CHARPONT","BONHOMME Loic",0,"HAS",{"$nulls":28},0,6]
[188,"CHARPONT","BOUCHERY Anne Marie",2,"FVS",{"$nulls":11},10,{"$nulls":6},10,{"$nulls":9},20,6]
[189,"CHARPONT","BOUCHERY Michel",2,"HVS",{"$nulls":11},10,{"$nulls":6},10,{"$nulls":9},20,6]
[190,"CHARPONT","BOUILLON Isabelle",3,"FVD",{"$nulls":15},10,10,{"$nulls":5},10,{"$nulls":5},30,6]
[191,"CHARPONT","BOUVIER Carl",18,"HVS",15,10,10,10,null,10,null,12,15,{"$nulls":5},10,10,10,null,10,10,10,null,10,null,12,10,10,15,199,6]
[192,"CHARPONT","BRETON Gerard",3,"HAS",{"$nulls":18},10,{"$nulls":3},10,null,10,{"$nulls":3},30,6]
[193,"CHARPONT","BRETON Timéo",{"$f":"COUNTIF(F195:AG195,\">1\")","v":3},"HJS",{"$nulls":18},10,{"$nulls":3},10,null,10,{"$nulls":3},{"$f":"SUM(F195:AG195)","v":30},6]
[194,"CHARPONT","BROSCRITTO Luigi",9,"HVS",12,null,10,null,null,12,{"$nulls":5},18,null,null,10,{"$nulls":3},10,{"$nulls":3},10,null,12,12,null,null,106,6]
[195,"CHARPONT","CASSAGNABERE Franck",8,"HVS",null,null,10,10,null,10,{"$nulls":5},15,null,null,10,null,10,{"$nulls":3},12,{"$nulls":3},10,{"$nulls":3},87,6]
[196,"CHARPONT","CEULEMANS Cédric",19,"HAS",null,10,10,null,null,30,null,25,10,null,null,10,null,null,15,10,15,12,10,20,10,22,15,null,10,15,22,12,283,6]
[197,"CHARPONT","CHAMPAGNAT Jean Pierre",1,"HV",{"$nulls":3},10,{"$nulls":24},10,6]
[198,"CHARPONT","COMPAIN Francois",15,"HVS",null,10,10,10,null,15,null,null,10,{"$nulls":5},10,{"$nulls":3},10,10,10,null,10,10,10,10,12,15,162,6]
[199,"CHARPONT","COMPAIN Xavier",8,"HAD",{"$nulls":8},10,{"$nulls":5},10,{"$nulls":4},10,10,12,10,null,10,null,10,null,82,6]
[200,"CHARPONT","DAVIAU Noel",2,"HVS",null,10,null,10,{"$nulls":24},20,6]
[201,"CHARPONT","DELAHAYE Mickael",13,"HAS",15,14,null,10,null,null,14,null,10,null,null,15,{"$nulls":4},15,null,10,20,null,null,10,null,10,12,null,12,167,6]
[202,"CHARPONT","DELAMARE Hervé",19,"HVD",10,{"$nulls":4},10,null,10,15,null,null,10,10,null,10,12,12,12,10,null,10,10,10,15,12,10,14,10,212,6]
[203,"CHARPONT","DERANGERE Patricia",3,"FVS",{"$nulls":8},10,{"$nulls":13},10,{"$nulls":4},15,35,6]
[204,"CHARPONT","DOERRHOEFER Dominique",0,"HVS",{"$nulls":28},0,6]
[205,"CHARPONT","DULOQUIN Dominique",2,"HVS",{"$nulls":10},10,{"$nulls":10},15,{"$nulls":6},25,6]
[206,"CHARPONT","EMILE Antoine",7,"HVS",null,10,12,{"$nulls":7},10,null,10,{"$nulls":3},10,null,10,{"$nulls":5},10,{"$nulls":3},72,6]
[207,"CHARPONT","EMILE Béatrice",4,"FVS",null,10,{"$nulls":14},10,null,10,{"$nulls":5},10,{"$nulls":3},40,6]
[208,"CHARPONT","FAURE Christophe",9,"HVS",null,16,10,10,{"$nulls":7},18,null,null,10,12,10,null,10,{"$nulls":8},12,108,6]
[209,"CHARPONT","FAYARD Lionel",4,"HVS",{"$nulls":3},15,{"$nulls":12},10,null,10,{"$nulls":5},10,{"$nulls":3},45,6]
[210,"CHARPONT","FERE Olivier",4,"HAS",{"$nulls":11},15,{"$nulls":6},10,null,12,{"$nulls":3},10,{"$nulls":3},47,6]
[211,"CHARPONT","FLORIN Terry",6,"HAS",{"$nulls":3},10,{"$nulls":7},15,{"$nulls":4},10,15,null,null,12,{"$nulls":3},10,{"$nulls":3},72,6]
[212,"CHARPONT","FOSSE Emeline",15,"FJS",null,12,10,10,null,null,10,12,10,null,null,10,null,null,10,{"$nulls":4},10,12,null,10,null,12,10,10,10,158,6]
[213,"CHARPONT","FRANCOIS Alex",0,"HVS",{"$nulls":28},0,6]
[214,"CHARPONT","FREBOURG Dominique",1,"HVS",{"$nulls":18},10,{"$nulls":9},10,6]
[215,"CHARPONT","GUERITAULT Micheline",3,"FVS",{"$nulls":3},10,{"$nulls":7},10,{"$nulls":6},10,{"$nulls":9},30,6]
[216,"CHARPONT","GUERZA Ylies",8,"HAS",{"$nulls":3},30,null,10,{"$nulls":10},10,null,null,10,null,null,10,null,10,12,null,10,102,6]
[217,"CHARPONT","HENRY Fabrice",1,"HVS",{"$nulls":3},10,{"$nulls":24},10,6]
[218,"CHARPONT","JANNIN Luc",3,"HAD",{"$nulls":11},15,{"$nulls":4},10,{"$nulls":8},10,null,null,35,6]
[219,"CHARPONT","JEANNOT Lucie",15,"FAS",null,10,10,{"$nulls":3},14,25,null,15,{"$nulls":4},10,10,15,null,10,10,10,null,10,null,null,12,10,10,181,6]
[220,"CHARPONT","JOLIBOIS Jérome",7,"HAS",{"$nulls":3},10,null,10,{"$nulls":5},15,{"$nulls":8},10,null,10,null,15,10,null,null,80,6]
[221,"CHARPONT","JOSSE Marcel",18,"HVS",null,10,12,10,10,15,null,18,{"$nulls":6},10,12,null,null,10,10,10,10,10,15,10,12,10,10,204,6]
[222,"CHARPONT","JOSSE Marie Helene",17,"FVS",null,16,10,10,10,null,16,10,{"$nulls":7},10,null,null,10,10,10,22,10,10,10,15,10,10,199,6]
[223,"CHARPONT","LAUVRAY sébastien",18,"HAS",15,14,10,10,null,null,16,10,10,{"$nulls":5},10,10,10,null,10,10,null,10,10,10,12,10,10,null,197,6]
[224,"CHARPONT","LE MANACH Pascal",12,"HVD",10,null,10,10,null,12,null,10,16,null,null,10,10,null,null,12,10,{"$nulls":3},15,null,10,{"$nulls":5},135,6]
[225,"CHARPONT","LEGOFF Philippe",1,"HVS",{"$nulls":3},10,{"$nulls":24},10,6]
[226,"CHARPONT","LELOUTRE André",1,"HVS",{"$nulls":18},10,{"$nulls":9},10,6]
[227,"CHARPONT","LOYER Jean François",14,"HVD",16,null,null,10,null,12,null,null,15,null,null,10,10,null,10,{"$nulls":4},10,15,10,10,null,12,10,14,null,164,6]
[228,"CHARPONT","MAILLARD Guy",9,"HVS",null,null,12,10,null,10,null,null,10,null,null,10,{"$nulls":3},10,null,null,12,{"$nulls":3},10,null,10,{"$nulls":3},94,6]
[229,"CHARPONT","MARIGNIER Pascal",0,"HVS",{"$nulls":28},0,6]
[230,"CHARPONT","MATHURIN Alain",6,"HVS",{"$nulls":11},10,10,{"$nulls":3},12,null,10,{"$nulls":3},10,null,null,10,null,null,62,6]
[231,"CHARPONT","MATHURIN Elodie",2,"FAD",{"$nulls":25},10,10,null,20,6]
[232,"CHARPONT","MATHURIN Odile",8,"FVD",{"$nulls":11},10,{"$nulls":4},10,null,10,{"$nulls":3},10,null,12,10,10,12,84,6]
[233,"CHARPONT","MILLET Valentin",4,"HJS",null,16,null,10,10,{"$nulls":13},10,{"$nulls":9},46,6]
[234,"CHARPONT","MOREL Didier",3,"HVS",{"$nulls":4},20,null,null,18,{"$nulls":10},10,{"$nulls":9},48,6]
[235,"CHARPONT","NICHOLAS Maxime",0,"HAS",{"$nulls":28},0,6]
[236,"CHARPONT","NICHOLAS Thierry",17,"HVS",10,10,10,10,null,10,null,18,10,{"$nulls":6},10,10,null,15,20,10,null,10,null,10,10,10,10,193,6]
[237,"CHARPONT","NOVEL Jean François",10,"HVD",10,null,null,10,{"$nulls":3},10,{"$nulls":4},10,{"$nulls":3},10,null,10,null,15,null,10,null,10,null,null,12,107,6]
[238,"CHARPONT","OCHI Samy",6,"HAD",{"$nulls":5},16,null,null,10,{"$nulls":7},15,null,10,{"$nulls":7},15,10,76,6]
[239,"CHARPONT","ONDO Jean-Hilaire",11,"HVD",{"$nulls":3},10,null,10,null,null,10,{"$nulls":5},10,null,12,null,10,null,12,10,10,null,10,10,null,null,114,6]
[240,"CHARPONT","ORIARD Sylvain",1,"HVS",null,10,{"$nulls":26},10,6]
[241,"CHARPONT","PALARIC Nathalie",10,"FVS",{"$nulls":3},10,10,null,null,18,null,15,{"$nulls":5},10,null,null,10,10,15,{"$nulls":5},10,10,118,6]
[242,"CHARPONT","PANARO Brigitte",0,"FVS",{"$nulls":28},0,6]
[243,"CHARPONT","PANARO Christophe",0,"HVS",{"$nulls":28},0,6]
[244,"CHARPONT","PAROT Jean-Louis",1,"HVS",{"$nulls":18},12,{"$nulls":9},12,6]
[245,"CHARPONT","PEGO Lisandro",5,"HJ",{"$nulls":5},16,{"$nulls":10},10,null,10,10,null,12,{"$nulls":6},58,6]
[246,"CHARPONT","PERRIN Cyril",10,"HAD",14,10,{"$nulls":3},30,{"$nulls":10},10,null,10,10,null,15,{"$nulls":3},10,15,10,134,6]
[247,"CHARPONT","PERRIN Raphael",7,"HJS",14,10,{"$nulls":3},16,{"$nulls":10},10,null,10,10,null,12,{"$nulls":6},82,6]
[248,"CHARPONT","PITOT Cédric",15,"HAD",null,10,10,10,null,null,10,12,{"$nulls":8},15,15,10,10,10,null,15,null,10,10,10,10,167,6]
[249,"CHARPONT","PITOT Didier",12,"HVS",10,null,10,15,20,null,null,12,16,{"$nulls":7},10,null,10,10,10,null,10,{"$nulls":3},10,null,143,6]
[250,"CHARPONT","PITOT Jean Patrick",7,"HVS",null,null,10,15,{"$nulls":3},12,{"$nulls":10},10,null,10,null,10,null,10,{"$nulls":3},77,6]
[251,"CHARPONT","PITOT Micheline",12,"FVS",16,null,10,10,10,null,null,12,null,15,{"$nulls":6},10,null,10,10,15,null,10,{"$nulls":3},10,null,138,6]
[252,"CHARPONT","PITOT Wilfrid",9,"HAS",null,10,{"$nulls":5},25,{"$nulls":6},15,{"$nulls":3},10,null,10,null,15,null,null,10,22,12,129,6]
[253,"CHARPONT","POMMEREUIL Johann",5,"HAS",{"$nulls":8},10,null,null,10,{"$nulls":3},10,null,null,10,null,10,{"$nulls":7},50,6]
[254,"CHARPONT","POTIER Frédéric",2,"HAS",{"$nulls":3},10,null,10,{"$nulls":22},20,6]
[255,"CHARPONT","PRESTVOINE Mickael",13,"HAS",{"$nulls":3},15,{"$nulls":6},10,{"$nulls":4},10,10,null,10,10,12,null,10,15,10,10,10,10,142,6]
[256,"CHARPONT","PRIEUR Alain",12,"HVS",10,null,10,10,10,null,null,10,10,null,10,{"$nulls":4},12,10,null,10,null,16,null,10,{"$nulls":5},128,6]
[257,"CHARPONT","PRIEUR Laure",{"$f":"COUNTIF(F259:AG259,\">1\")","v":10},"FVS",16,null,10,10,{"$nulls":3},10,null,15,10,{"$nulls":4},12,null,null,15,null,10,null,10,{"$nulls":5},{"$f":"SUM(F259:AG259)","v":118},6]
[258,"CHARPONT","RIBEIRO Manuel",10,"HVS",12,null,10,10,{"$nulls":3},12,10,null,null,18,null,null,10,{"$nulls":3},15,{"$nulls":3},10,null,null,12,null,null,119,6]
[259,"CHARPONT","RICOLLEAU Laurent",2,"HAS",{"$nulls":18},10,{"$nulls":5},15,{"$nulls":3},25,6]
[260,"CHARPONT","ROUSSEAU Marielle",11,"FVS",null,12,null,10,{"$nulls":4},10,null,10,{"$nulls":7},10,10,10,10,10,null,10,null,10,null,112,6]
[261,"CHARPONT","ROUSSEAU Patrick",13,"HVS",null,12,null,15,20,{"$nulls":3},16,null,10,{"$nulls":7},10,10,15,15,10,null,15,15,12,null,175,6]
[262,"CHARPONT","ROUSSELET Pascal",6,"HVD",{"$nulls":3},10,{"$nulls":3},10,{"$nulls":9},12,12,10,null,null,10,{"$nulls":5},64,6]
[263,"CHARPONT","ROUX Gérard",1,"HVS",{"$nulls":3},10,{"$nulls":24},10,6]
[264,"CHARPONT","SRIPRAMONG Maitri",7," HVS",12,10,10,null,null,15,null,12,10,null,10,{"$nulls":17},79,6]
[265,"CHARPONT","TOULOUSE Louis",12,"HAD",null,null,10,null,null,30,null,25,{"$nulls":6},15,null,15,15,10,null,10,22,null,null,10,10,10,null,182,6,{"$f":"SUM(AH186:AH267)","v":6642}]
[266,"CHEMINOTS","BARBERA Alain",6,"HVS",10,{"$nulls":18},12,10,10,10,{"$nulls":4},10,62,7]
[267,"CHEMINOTS","BEN KADDOUR Cyrille",0,"HAS",{"$nulls":28},0,7]
[268,"CHEMINOTS","BLANDEL Evan",0,"HJD",{"$nulls":28},0,7]
[269,"CHEMINOTS","BLANDEL Franck",0,"HAS",{"$nulls":28},0,7]
[270,"CHEMINOTS","BONTHOUX Bruno",0,"HVS",{"$nulls":28},0,7]
[271,"CHEMINOTS","BOUCHEREAU Quentin",2,"HAS",{"$nulls":4},10,{"$nulls":21},10,null,20,7]
[272,"CHEMINOTS","CHAPELLE Thomas",0,"HAS",{"$nulls":28},0,7]
[273,"CHEMINOTS","DAVID Charly",1,"HVS",{"$nulls":20},10,{"$nulls":7},10,7]
[274,"CHEMINOTS","DAVORY Karl",0,"HAS",{"$nulls":28},0,7]
[275,"CHEMINOTS","DERRIEN Titouan",0,"HAS",{"$nulls":28},0,7]
[276,"CHEMINOTS","DREAN Julien",3,"HAS",{"$nulls":4},10,{"$nulls":11},30,{"$nulls":9},10,null,50,7]
[277,"CHEMINOTS","DUBOIS Bruno",1,"HAS",{"$nulls":16},10,{"$nulls":11},10,7]
[278,"CHEMINOTS","DUBOURG Nathan",0,"HAD",{"$nulls":28},0,7]
[279,"CHEMINOTS","ETENNE Pascal",0,"HVS",{"$nulls":28},0,7]
[280,"CHEMINOTS","FONTAINE Enzo",0,"HAS",{"$nulls":28},0,7]
[281,"CHEMINOTS","FOUCAULT José",0,"HVS",{"$nulls":28},0,7]
[282,"CHEMINOTS","FOUCAULT Yoan",0,"HAS",{"$nulls":28},0,7]
[283,"CHEMINOTS","GAMET David",1,"HAS",10,{"$nulls":27},10,7]
[284,"CHEMINOTS","GARNON Daniel",0,"HVS",{"$nulls":28},0,7]
[285,"CHEMINOTS","HAYE-BARBERA Amelie",2,"FAS",{"$nulls":15},16,{"$nulls":4},10,{"$nulls":7},26,7]
[286,"CHEMINOTS","HIRIEL Fabrice",8,"HAS",10,{"$nulls":14},16,30,null,null,12,10,10,10,{"$nulls":4},10,108,7]
[287,"CHEMINOTS","HUDAN Olivia",0,"FAS",{"$nulls":28},0,7]
[288,"CHEMINOTS","LE BRIS Rodolphe",0,"HAS",{"$nulls":28},0,7]
[289,"CHEMINOTS","LE BRIS Nino",0,"HAD",{"$nulls":28},0,7]
[290,"CHEMINOTS","LECLERC Jean-Michel",0,"HAS",{"$nulls":28},0,7]
[291,"CHEMINOTS","LESAGE Benjamin",0,"HAS",{"$nulls":28},0,7]
[292,"CHEMINOTS","LHOTE Jérome",1,"HVS",{"$nulls":20},10,{"$nulls":7},10,7]
[293,"CHEMINOTS","MEISSNER Simon",0,"HAS",{"$nulls":28},0,7]
[294,"CHEMINOTS","MOREAU Chloé",0,"FAS",{"$nulls":28},0,7]
[295,"CHEMINOTS","MOREAU Frédéric",3,"HAS",{"$nulls":16},10,{"$nulls":3},10,{"$nulls":5},10,null,30,7]
[296,"CHEMINOTS","MOREAU Maxime",8,"HAS",{"$nulls":4},10,{"$nulls":10},16,30,null,null,12,10,null,10,{"$nulls":3},10,10,108,7]
[297,"CHEMINOTS","PASQUERON Corentin",0,"HAS",{"$nulls":28},0,7]
[298,"CHEMINOTS","PASQUERON Denis",0,"HVS",{"$nulls":28},0,7]
[299,"CHEMINOTS","PEIGNEAU Richard",1,"HVS",{"$nulls":16},10,{"$nulls":11},10,7]
[300,"CHEMINOTS","PERRIOT Vanessa",2,"FAS",{"$nulls":20},10,10,{"$nulls":6},20,7]
[301,"CHEMINOTS","PICOT Patrick",0,"HVS",{"$nulls":28},0,7]
[302,"CHEMINOTS","RANDOUILLE Claude",0,"HVS",{"$nulls":28},0,7]
[303,"CHEMINOTS","RANDOUILLE Nadine",0,"FVS",{"$nulls":28},0,7]
[304,"CHEMINOTS","RINCON Fabio",0,"HAS",{"$nulls":28},0,7]
[305,"CHEMINOTS","ROULEAU Julien",0,"HAS",{"$nulls":28},0,7]
[306,"CHEMINOTS","VASSARD Noé",0,"HAS",{"$nulls":28},0,7,{"$f":"SUM(AH268:AH308)","v":474}]
[307,"CHUISNES","AUGER Jean Batiste",2,"HAS",0,{"$nulls":13},10,{"$nulls":4},10,{"$nulls":8},20,8]
[308,"CHUISNES","BASTHISTE Kevin",10,"HAS",{"$nulls":14},10,15,10,null,10,10,10,12,10,{"$nulls":3},10,10,107,8]
[309,"CHUISNES","BASTHISTE Olivier",4,"HVS",0,{"$nulls":15},10,null,null,10,{"$nulls":4},10,null,10,null,40,8]
[310,"CHUISNES","BAZOGE Nicilas",3,"HAS",{"$nulls":18},10,10,10,{"$nulls":7},30,8]
[311,"CHUISNES","BIGOT Sebastien",5,"HAS",0,{"$nulls":13},16,null,10,null,10,10,10,{"$nulls":7},56,8]
[312,"CHUISNES","BLANCHARD Christophe ",0,"HAS",{"$nulls":28},0,8]
[313,"CHUISNES","BLONDEAU Diane",0,"FAS",{"$nulls":28},0,8]
[314,"CHUISNES","DEPUSSAY Thierry",10,"HVS",{"$nulls":14},16,15,null,null,10,10,10,10,16,null,10,null,10,10,117,8]
[315,"CHUISNES","DODIN Joris",6,"HAS",{"$nulls":18},10,10,10,10,16,{"$nulls":3},12,null,68,8]
[316,"CHUISNES","DODIN Thibault",5,"HAS",{"$nulls":14},10,{"$nulls":3},10,10,null,12,{"$nulls":4},10,null,52,8]
[317,"CHUISNES","DUBESSET Aurelien",5,"HAS",0,{"$nulls":13},16,{"$nulls":3},10,10,10,null,10,{"$nulls":5},56,8]
[318,"CHUISNES","DUBESSET Noel",3,"HVS",{"$nulls":16},10,{"$nulls":4},12,null,null,10,{"$nulls":3},32,8]
[319,"CHUISNES","DUBOIS Thiefaine",4,"HAS",0,{"$nulls":13},10,{"$nulls":4},10,10,null,16,{"$nulls":5},46,8]
[320,"CHUISNES","FLESCH Alain",3,"HVS",0,{"$nulls":15},10,null,null,10,{"$nulls":4},10,{"$nulls":3},30,8]
[321,"CHUISNES","GILLET Arnaud",{"$f":"COUNTIF(F323:AG323,\">1\")","v":3},"HAS",{"$nulls":19},10,10,12,{"$nulls":6},{"$f":"SUM(F323:AG323)","v":32},8]
[322,"CHUISNES","HERNANDEZ Patrice",5,"HVS",0,{"$nulls":14},15,null,null,10,10,10,{"$nulls":5},10,null,55,8]
[323,"CHUISNES","LAURENCE HAULTCOEUR Laetitia",6,"FAS",0,{"$nulls":13},10,null,10,null,null,10,null,null,10,{"$nulls":3},12,10,62,8]
[324,"CHUISNES","LEITE CASTRO Bruno",3,"HAS",{"$nulls":16},10,{"$nulls":4},12,{"$nulls":4},10,null,32,8]
[325,"CHUISNES","LEITE CASTRO Enzo",5,"HAS",{"$nulls":16},10,{"$nulls":4},12,null,null,10,null,10,10,52,8]
[326,"CHUISNES","MALBET Aline",4,"FVS",0,{"$nulls":13},10,null,10,{"$nulls":4},10,{"$nulls":5},10,40,8]
[327,"CHUISNES","MALBET Olivier",0,"HVS",0,{"$nulls":27},0,8]
[328,"CHUISNES","VIVIEN Cédric",3,"HAS",{"$nulls":18},10,{"$nulls":7},10,10,30,8,{"$f":"SUM(AH309:AH330)","v":957}]
[329,"CRECY- COUVE","AUVARD Claude",0,"HVD",{"$nulls":28},0,9]
[330,"CRECY- COUVE","BAZIRE Cédric",7,"HAD",25,null,null,18,{"$nulls":4},25,null,null,15,null,null,30,{"$nulls":5},30,{"$nulls":6},10,153,9]
[331,"CRECY- COUVE","BEFFROY Daniel",9,"HVD",10,{"$nulls":6},20,{"$nulls":7},12,10,null,null,10,16,10,10,null,10,{"$nulls":3},108,9]
[332,"CRECY- COUVE","BEGAL Dimitri",4,"HAS",null,null,10,{"$nulls":4},10,{"$nulls":10},15,{"$nulls":5},10,{"$nulls":3},45,9]
[333,"CRECY- COUVE","BEGAL Pascal",8,"HVD",null,null,10,10,{"$nulls":4},10,{"$nulls":5},10,12,null,null,10,{"$nulls":3},10,null,16,{"$nulls":3},88,9]
[334,"CRECY- COUVE","BEGAL William",10,"HVS",null,null,10,null,15,null,null,20,15,{"$nulls":5},10,10,15,null,10,{"$nulls":3},10,null,16,{"$nulls":3},131,9]
[335,"CRECY- COUVE","BRAUD Claude",3,"HVS",{"$nulls":7},15,{"$nulls":9},15,null,null,10,{"$nulls":7},40,9]
[336,"CRECY- COUVE","BRAUD Oceanne",0,"FAS",{"$nulls":28},0,9]
[337,"CRECY- COUVE","BRAUD Stephanie",2,"FAS",{"$nulls":7},10,{"$nulls":12},10,{"$nulls":7},20,9]
[338,"CRECY- COUVE","BROU David",20,"HAD",15,15,30,null,null,15,null,10,15,null,null,10,22,null,10,10,10,null,22,10,10,10,15,null,30,20,10,15,304,9]
[339,"CRECY- COUVE","BUCHET Gwendal",9,"HJD",null,null,15,{"$nulls":5},10,null,null,10,{"$nulls":3},10,null,null,20,16,null,10,10,{"$nulls":4},12,113,9]
[340,"CRECY- COUVE","CAMART Michel",8,"HAS",15,null,30,{"$nulls":4},10,{"$nulls":3},10,null,null,10,10,null,null,12,null,null,20,{"$nulls":6},117,9]
[341,"CRECY- COUVE","CANELAS David",8,"HVD",{"$nulls":4},15,{"$nulls":10},12,15,null,10,null,10,18,10,null,15,{"$nulls":3},105,9]
[342,"CRECY- COUVE","COLOMBEL Jean François",15,"HVD",null,15,15,25,null,null,30,null,25,null,null,15,null,null,30,null,25,null,25,10,30,10,10,null,18,30,null,null,313,9]
[343,"CRECY- COUVE","COUTANCE Martine",8,"FVD",10,{"$nulls":6},20,{"$nulls":7},12,10,null,null,10,15,null,10,null,10,{"$nulls":3},97,9]
[344,"CRECY- COUVE","DAAGE Laetitia",7,"FAD",null,null,15,{"$nulls":4},12,null,12,null,10,{"$nulls":6},20,null,null,10,{"$nulls":5},12,91,9]
[345,"CRECY- COUVE","DEBERLE Claudine",0,"FVD",{"$nulls":28},0,9]
[346,"CRECY- COUVE","DEMEGLIO Yves",7,"HVD",10,null,18,18,null,15,null,null,10,null,15,10,{"$nulls":16},96,9]
[347,"CRECY- COUVE","ELIE Christine",9,"FVD",{"$nulls":3},15,{"$nulls":11},12,10,null,10,15,15,18,10,null,10,{"$nulls":3},115,9]
[348,"CRECY- COUVE","FASSEUR Jean Michel",6,"HVD",{"$nulls":8},10,{"$nulls":9},25,null,null,10,null,null,18,22,null,10,95,9]
[349,"CRECY- COUVE","FERREIRA CORREIA Paulo",6,"HAD",{"$nulls":11},10,null,null,10,null,10,{"$nulls":3},10,null,15,null,30,{"$nulls":3},85,9]
[350,"CRECY- COUVE","FOURE James",4,"HAD",{"$nulls":12},12,null,10,{"$nulls":3},10,{"$nulls":3},15,{"$nulls":5},47,9]
[351,"CRECY- COUVE","GANDON Chantal",7,"FVD",null,null,15,{"$nulls":4},10,{"$nulls":6},12,{"$nulls":3},22,null,10,10,15,{"$nulls":5},94,9]
[352,"CRECY- COUVE","GASSE MARGAT Jacky",13,"HVD",{"$nulls":3},15,null,20,null,null,10,{"$nulls":6},10,null,null,22,15,15,15,15,null,25,20,10,12,204,9]
[353,"CRECY- COUVE","GAUDIN Jean Marc",9,"HVD",null,null,10,10,15,null,null,20,{"$nulls":7},12,10,{"$nulls":3},15,null,10,null,15,{"$nulls":3},117,9]
[354,"CRECY- COUVE","GERMAIN Stéphane",10,"HAD",15,null,null,15,null,14,null,10,15,null,null,22,12,null,10,{"$nulls":3},10,{"$nulls":3},15,{"$nulls":5},138,9]
[355,"CRECY- COUVE","GOSNET Franck",14,"HAD",null,15,null,25,null,20,null,15,25,null,10,15,null,null,30,{"$nulls":3},25,null,null,10,10,null,18,30,null,10,258,9]
[356,"CRECY- COUVE","GOUVEIA DE OLIVERA Maria",3,"FVS",{"$nulls":8},15,{"$nulls":6},10,{"$nulls":8},10,{"$nulls":3},35,9]
[357,"CRECY- COUVE","HEBERT Ludovic",8,"HAS",25,15,20,null,null,25,null,null,10,{"$nulls":6},10,null,null,10,{"$nulls":3},10,{"$nulls":5},125,9]
[358,"CRECY- COUVE","LAMY Laurent",9,"HVS",15,15,20,10,{"$nulls":3},10,15,null,10,null,12,{"$nulls":5},10,{"$nulls":9},117,9]
[359,"CRECY- COUVE","LANOE Christophe",15,"HVD",15,15,15,10,null,10,null,15,10,null,15,10,null,null,10,{"$nulls":3},10,{"$nulls":3},15,null,15,null,15,15,195,9]
[360,"CRECY- COUVE","LE BIHAN Olivier",4,"HAD",null,null,10,{"$nulls":5},15,{"$nulls":9},15,{"$nulls":5},10,{"$nulls":3},50,9]
[361,"CRECY- COUVE","LE COINT Frédéric",9,"HAD",22,null,10,10,{"$nulls":3},10,15,{"$nulls":5},10,10,null,null,15,{"$nulls":5},10,{"$nulls":3},112,9]
[362,"CRECY- COUVE","LE FLOHIC Bruno",8,"HVD",null,null,15,15,null,10,null,10,10,null,10,10,{"$nulls":6},10,{"$nulls":9},90,9]
[363,"CRECY- COUVE","LE GARREC Mauricette",8,"FVD",{"$nulls":7},10,null,12,{"$nulls":8},10,15,10,18,10,null,10,{"$nulls":3},95,9]
[364,"CRECY- COUVE","LE HELLEY Kevin",12,"HAS",10,{"$nulls":4},14,{"$nulls":5},10,22,null,10,null,12,null,12,10,10,20,null,null,30,null,10,null,170,9]
[365,"CRECY- COUVE","LE HELLEY Marcel",19,"HVS",10,15,15,null,null,10,null,10,{"$nulls":3},22,22,null,10,10,10,null,20,10,30,20,15,null,20,20,15,30,314,9]
[366,"CRECY- COUVE","LE MEUR Yoan",18,"HAS",10,15,20,10,null,15,null,null,15,null,null,22,null,null,10,10,12,null,12,10,10,10,15,null,20,null,10,15,241,9]
[367,"CRECY- COUVE","LECOMTE Alexandra",8,"FAS",null,null,20,{"$nulls":3},30,15,{"$nulls":3},15,{"$nulls":3},10,25,null,10,10,{"$nulls":8},135,9]
[368,"CRECY- COUVE","LECONTE Luc",6,"HVS",null,15,20,25,{"$nulls":4},15,null,null,15,{"$nulls":7},15,{"$nulls":8},105,9]
[369,"CRECY- COUVE","LECONTE Steven",8,"HAD",{"$nulls":3},15,null,14,{"$nulls":5},15,{"$nulls":4},25,null,null,15,10,null,10,null,20,{"$nulls":3},124,9]
[370,"CRECY- COUVE","LECONTE Sylvain",9,"HAS",null,15,30,15,{"$nulls":3},10,10,{"$nulls":9},20,15,10,{"$nulls":4},30,null,null,155,9]
[371,"CRECY- COUVE","LHEMERY Mathieu",6,"HAS",null,15,20,null,null,25,null,null,10,{"$nulls":9},20,{"$nulls":3},10,{"$nulls":5},100,9]
[372,"CRECY- COUVE","LOPES Carlos",9,"HAS",null,null,15,{"$nulls":4},12,{"$nulls":6},12,null,10,15,10,null,15,null,15,{"$nulls":3},18,null,122,9]
[373,"CRECY- COUVE","PIREAULT Christian",14,"HVD",15,null,15,{"$nulls":4},12,10,{"$nulls":5},12,10,null,null,20,16,10,15,15,null,16,22,null,30,218,9]
[374,"CRECY- COUVE","SAULU Christophe",6,"HAS",25,{"$nulls":4},25,null,null,10,{"$nulls":6},10,null,null,10,{"$nulls":3},10,{"$nulls":5},90,9]
[375,"CRECY- COUVE","TACHAT Bruno",16,"HVD",null,15,{"$nulls":3},20,null,12,10,null,10,{"$nulls":4},10,10,null,10,16,15,15,15,null,10,22,18,30,238,9]
[376,"CRECY- COUVE","TACHEAU Jacques",2,"HVD",{"$nulls":16},15,15,{"$nulls":10},30,9,{"$f":"SUM(AH331:AH378)","v":5835}]
[377,"GAS","BRIANCEAU Frederique",6,"FVS",null,12,{"$nulls":5},10,{"$nulls":10},10,null,null,10,null,null,10,null,null,10,62,10]
[378,"GAS","BRIANCEAU Patrice",4,"HVS",null,12,{"$nulls":16},10,null,null,10,null,null,10,{"$nulls":3},42,10]
[379,"GAS","BROU Jean-Claude",6,"HVS",null,12,null,10,{"$nulls":3},10,10,{"$nulls":14},12,{"$nulls":3},10,64,10]
[380,"GAS","BROU Marie-France",6,"FVS",null,12,null,10,{"$nulls":3},10,10,{"$nulls":14},12,{"$nulls":3},10,64,10]
[381,"GAS","BUZZI Sandra",7,"FVS",{"$nulls":3},10,null,null,15,14,{"$nulls":3},12,{"$nulls":10},10,10,{"$nulls":3},10,81,10]
[382,"GAS","CASTILLO Philippe",3,"HVS",{"$nulls":3},10,{"$nulls":4},10,{"$nulls":6},10,{"$nulls":12},30,10]
[383,"GAS","DELAHAYE Eric",2,"HVS",{"$nulls":23},14,{"$nulls":3},10,24,10]
[384,"GAS","DESILES Bernard",5,"HVS",{"$nulls":7},14,10,null,null,10,{"$nulls":10},10,14,{"$nulls":4},58,10]
[385,"GAS","DESILES Ludovic",{"$f":"COUNTIF(F387:AG387,\">1\")","v":6},"HAS",{"$nulls":7},14,10,null,null,10,{"$nulls":10},10,14,{"$nulls":3},10,{"$f":"SUM(F387:AG387)","v":68},10]
[386,"GAS","ESCALDA Carlos",1,"HVS",{"$nulls":27},10,10,10]
[387,"GAS","FAGOT François",0,"HAS",{"$nulls":28},0,10]
[388,"GAS","FERRAND Claude",3,"HVS",{"$nulls":3},10,{"$nulls":11},10,{"$nulls":11},10,30,10]
[389,"GAS","FROMENTIN Alain",8,"HVD",null,12,{"$nulls":5},10,10,{"$nulls":6},10,null,null,10,null,null,10,null,null,10,null,null,10,82,10]
[390,"GAS","GAGNEBIEN René",4,"HVS",null,12,{"$nulls":6},10,{"$nulls":14},12,{"$nulls":3},10,44,10]
[391,"GAS","HAMELIN Serge",3,"HVS",{"$nulls":8},10,null,null,10,{"$nulls":15},10,30,10]
[392,"GAS","LE FLOCH Isabelle",4,"HVS",{"$nulls":11},12,{"$nulls":10},10,10,{"$nulls":3},10,42,10]
[393,"GAS","LIENARD Franck",5,"HVS",{"$nulls":8},10,null,null,10,{"$nulls":6},16,{"$nulls":3},10,{"$nulls":4},10,56,10]
[394,"GAS","LIENARD Gerard",3,"HVS",{"$nulls":8},10,null,null,10,{"$nulls":10},10,{"$nulls":5},30,10]
[395,"GAS","MALHADO Pédro",2,"HVS",{"$nulls":11},10,{"$nulls":15},10,20,10]
[396,"GAS","MARCHAND Patrick",1,"HVS",{"$nulls":11},10,{"$nulls":16},10,10]
[397,"GAS","MORIN Laurent",7,"HAS",{"$nulls":3},10,null,null,15,14,{"$nulls":3},12,{"$nulls":10},10,10,{"$nulls":3},10,81,10]
[398,"GAS","PEZET Michel",5,"HVS",{"$nulls":8},10,null,null,10,{"$nulls":6},16,{"$nulls":3},10,{"$nulls":4},10,56,10]
[399,"GAS","TOMAS Lydie",5,"FVS",{"$nulls":8},10,null,null,10,{"$nulls":6},16,{"$nulls":3},10,{"$nulls":4},10,56,10,{"$f":"SUM(AH379:AH401)","v":1040}]
[400,"LA GAULOISE","ANGELY Ludovic",7,"HAS",{"$nulls":12},10,null,10,10,null,10,{"$nulls":3},10,null,10,{"$nulls":3},10,70,11]
[401,"LA GAULOISE","BROQUIN Michel",8,"HVS",{"$nulls":12},10,null,10,10,10,10,{"$nulls":3},10,null,10,null,null,10,null,80,11]
[402,"LA GAULOISE","BROSSIN Irène",8,"FVS",{"$nulls":10},10,null,10,null,null,10,null,14,12,12,{"$nulls":3},10,null,null,10,null,88,11]
[403,"LA GAULOISE","CABART BENOIT",5,"HAS",{"$nulls":10},10,null,10,null,10,null,10,{"$nulls":5},10,{"$nulls":5},50,11]
[404,"LA GAULOISE","CABART CLEM",7,"FJS",{"$nulls":10},10,null,10,null,10,null,10,{"$nulls":5},10,10,null,null,10,null,70,11]
[405,"LA GAULOISE","CABART Georgette",14,"FVS",{"$nulls":9},15,10,null,16,null,10,10,10,10,10,10,null,10,10,10,null,null,10,10,151,11]
[406,"LA GAULOISE","CABART KAREN",4,"HAS",{"$nulls":10},10,null,10,null,10,null,10,{"$nulls":11},40,11]
[407,"LA GAULOISE","CABART LUAN",8,"FJS",{"$nulls":10},10,null,12,null,10,null,10,10,10,{"$nulls":3},10,{"$nulls":3},10,null,82,11]
[408,"LA GAULOISE","CABART Myriam",5,"FAS",{"$nulls":10},10,{"$nulls":10},10,10,{"$nulls":3},10,10,50,11]
[409,"LA GAULOISE","CHANTEAU Didier",7,"HVS",{"$nulls":10},10,null,12,null,10,null,10,{"$nulls":5},10,{"$nulls":3},10,10,72,11]
[410,"LA GAULOISE","COLIN Jérome",8,"HAS",{"$nulls":10},12,null,10,null,10,null,10,null,null,10,null,null,10,10,null,null,10,null,82,11]
[411,"LA GAULOISE","COLOMINA Laetitia",7,"FAS",{"$nulls":9},15,null,null,16,{"$nulls":3},10,10,10,{"$nulls":3},10,{"$nulls":4},10,81,11]
[412,"LA GAULOISE","FEZARD Magaly",6,"FAS",{"$nulls":14},10,null,10,null,null,12,null,12,null,10,null,null,10,null,64,11]
[413,"LA GAULOISE","GALLAY David",7,"HAS",{"$nulls":10},10,null,10,null,10,10,{"$nulls":6},10,{"$nulls":3},10,10,70,11]
[414,"LA GAULOISE","GRISVAL Sébastien",6,"HAS",{"$nulls":17},14,null,10,null,12,10,{"$nulls":3},10,10,66,11]
[415,"LA GAULOISE","LABRUYÈRE Patricia",8,"FAS",{"$nulls":10},10,null,10,null,10,null,10,null,null,10,null,null,10,{"$nulls":3},10,10,80,11]
[416,"LA GAULOISE","LEFRANC Bernard",0,"HVS",{"$nulls":28},0,11]
[417,"LA GAULOISE","LEROUX Bruno",0,"HAS",{"$nulls":28},0,11]
[418,"LA GAULOISE","TOURNEREAU COLIN Arthur",7,"HJS",{"$nulls":10},12,null,12,null,10,{"$nulls":4},10,null,null,10,{"$nulls":3},10,10,74,11]
[419,"LA GAULOISE","TRIGUEL Alexandre",7,"HAS",{"$nulls":14},10,null,10,14,null,12,null,12,null,10,null,null,10,null,78,11]
[420,"LA GAULOISE","TRIGUEL Flavie",2,"FJS",{"$nulls":14},10,null,10,{"$nulls":11},20,11]
[421,"LA GAULOISE","VERRIER Hugo",3,"HJS",{"$nulls":16},10,10,12,{"$nulls":9},32,11]
[422,"LA GAULOISE","VERRIER Nicolas",6,"HAS",{"$nulls":10},10,null,16,{"$nulls":3},10,null,12,10,null,null,10,{"$nulls":5},68,11,{"$f":"SUM(AH402:AH424)","v":1468}]
[423,"LURAY","AUBERT Olivier",5,"HVS",null,10,null,10,{"$nulls":7},10,{"$nulls":7},10,null,10,{"$nulls":6},50,12]
[424,"LURAY","AUBRY Michel",7,"HVD",null,10,15,10,{"$nulls":7},10,{"$nulls":7},10,null,10,{"$nulls":5},10,75,12]
[425,"LURAY","AZEVEDO Antonio",7,"HVD",{"$nulls":3},15,null,10,null,null,20,null,null,15,null,null,25,{"$nulls":4},15,20,{"$nulls":7},120,12]
[426,"LURAY","BAZEMONT Bruno",13,"HAD",null,22,10,10,{"$nulls":4},10,null,null,10,null,null,10,10,10,null,12,null,22,{"$nulls":3},10,10,null,15,161,12]
[427,"LURAY","BLIN Jean-Jacques",6,"HVD",{"$nulls":3},16,{"$nulls":14},10,15,null,12,null,null,10,10,null,null,73,12]
[428,"LURAY","BLONDEL Jacky",2,"HVD",{"$nulls":11},10,{"$nulls":12},10,{"$nulls":3},20,12]
[429,"LURAY","BOUDVIN Jérome",16,"HAS",10,12,10,10,null,null,10,null,10,null,null,10,null,null,10,10,20,null,15,null,10,10,10,null,10,null,10,null,177,12]
[430,"LURAY","BURSON Denis",15,"HVS",10,10,10,10,30,10,null,20,15,null,20,{"$nulls":4},10,{"$nulls":5},15,10,null,10,18,null,10,208,12]
[431,"LURAY","BURSON Ghislaine",18,"FAS",10,null,12,12,15,null,10,12,null,20,15,{"$nulls":4},15,20,null,10,10,14,15,10,null,10,12,null,18,240,12]
[432,"LURAY","CARNEVALE VINCENZO",2,"HVS",{"$nulls":3},10,{"$nulls":14},10,{"$nulls":9},20,12]
[433,"LURAY","DESESQUELLES Philippe",14,"HVS",10,10,null,16,10,12,null,10,12,{"$nulls":6},10,10,null,10,{"$nulls":3},10,null,10,10,null,12,152,12]
[434,"LURAY","DUPONT Michel",9,"HVS",10,12,null,10,null,10,{"$nulls":5},10,null,null,15,10,null,null,10,null,10,{"$nulls":7},97,12]
[435,"LURAY","FORET Christelle",13,"FAS",15,10,null,10,{"$nulls":4},10,null,null,10,null,null,15,10,10,18,null,10,null,15,null,null,15,10,null,null,158,12]
[436,"LURAY","GEHAN Michel",5,"HAS",{"$nulls":4},12,{"$nulls":3},15,{"$nulls":6},10,{"$nulls":6},18,null,10,{"$nulls":3},65,12]
[437,"LURAY","GLIZE Elisabheth",13,"FVD",null,null,15,10,{"$nulls":5},18,10,{"$nulls":3},10,10,null,null,10,12,14,30,10,null,10,null,null,14,173,12]
[438,"LURAY","GLIZE Joel",8,"HVD",null,null,15,16,{"$nulls":4},10,{"$nulls":5},10,{"$nulls":3},10,null,null,30,null,null,10,null,null,12,113,12]
[439,"LURAY","GOSSE Amandine",9,"FAD",15,null,12,null,null,12,{"$nulls":9},15,null,null,10,null,10,10,null,null,20,10,null,null,114,12]
[440,"LURAY","GRANDIAU Dominique",4,"HVD",{"$nulls":3},15,null,10,{"$nulls":13},15,20,{"$nulls":7},60,12]
[441,"LURAY","GRASSAUD Charline",5,"FAS",null,null,10,12,null,null,10,null,null,16,{"$nulls":15},10,null,null,58,12]
[442,"LURAY","GRASSAUD Maxime",5,"HAS",null,null,10,12,null,null,10,null,12,{"$nulls":16},10,null,null,54,12]
[443,"LURAY","GRECO Benoit",3,"HVD",{"$nulls":8},10,{"$nulls":15},15,18,null,null,43,12]
[444,"LURAY","GRECO Florian",7,"HAD",{"$nulls":3},10,null,12,null,null,10,null,null,10,{"$nulls":6},12,null,null,15,{"$nulls":3},18,null,null,87,12]
[445,"LURAY","GUYON Thierry",7,"HVS",null,10,null,20,null,null,22,{"$nulls":8},10,null,null,18,{"$nulls":5},10,null,null,10,100,12]
[446,"LURAY","LARUE  Franck",12,"HVS",10,null,null,10,null,10,null,null,10,null,null,10,{"$nulls":3},10,null,null,10,null,10,15,10,null,10,null,null,10,125,12]
[447,"LURAY","LAVERGNE Alain",9,"HVS",12,null,null,12,null,10,null,10,{"$nulls":3},10,null,null,10,null,10,{"$nulls":3},10,{"$nulls":3},10,{"$nulls":3},94,12]
[448,"LURAY","LAVIGNE Daniel",4,"HVS",{"$nulls":5},10,{"$nulls":12},10,null,null,12,null,null,10,{"$nulls":3},42,12]
[449,"LURAY","LE BRIERE Michel",{"$f":"COUNTIF(F451:AG451,\">1\")","v":12},"HAD",null,22,null,10,null,12,null,12,{"$nulls":3},10,null,null,10,10,10,{"$nulls":3},22,{"$nulls":3},10,10,null,15,{"$f":"SUM(F451:AG451)","v":153},12]
[450,"LURAY","LE MEUR Fabrice",7,"HVS",{"$nulls":11},10,null,null,10,{"$nulls":3},10,null,10,null,10,null,10,null,10,null,70,12]
[451,"LURAY","LHUILLERY Philippe",0,"HVD",{"$nulls":28},0,12]
[452,"LURAY","LIGAVAN Cyril",6,"HAS",10,{"$nulls":3},12,null,null,10,null,null,10,{"$nulls":7},10,null,10,{"$nulls":7},62,12]
[453,"LURAY","LIGAVAN Karine",16,"FAS",10,null,12,10,30,10,null,20,null,20,10,null,15,null,12,15,10,10,null,null,14,12,10,{"$nulls":5},220,12]
[454,"LURAY","LIGAVAN Philippe",14,"HVD",10,10,15,10,15,null,null,20,null,null,20,15,15,null,25,null,null,10,null,10,{"$nulls":4},10,12,null,null,197,12]
[455,"LURAY","MACHAL Pierre",2,"HVS",{"$nulls":5},10,{"$nulls":12},10,{"$nulls":9},20,12]
[456,"LURAY","MARCHIORI Joel",16,"HVS",30,10,10,15,10,12,null,10,12,null,15,10,{"$nulls":3},10,null,null,10,12,10,{"$nulls":3},10,null,null,12,198,12]
[457,"LURAY","MARECHAL Eric",7,"HVS",null,null,10,10,15,null,null,12,null,null,25,null,15,null,12,{"$nulls":13},99,12]
[458,"LURAY","MARECHAL Maxime",18,"HAS",10,null,10,10,12,10,null,12,15,null,25,null,20,null,12,20,20,18,10,10,10,15,10,{"$nulls":5},249,12]
[459,"LURAY","MAUVAIS Eric",7,"HVS",null,10,null,10,{"$nulls":7},10,{"$nulls":7},10,null,10,10,null,10,{"$nulls":3},70,12]
[460,"LURAY","MAZAS Nadine",5,"FVS",12,null,null,10,{"$nulls":3},10,null,18,10,{"$nulls":17},60,12]
[461,"LURAY","MAZAS Pascal",11,"HVD",10,null,null,10,null,10,null,10,10,null,10,{"$nulls":4},10,null,null,10,null,10,null,10,{"$nulls":4},14,114,12]
[462,"LURAY","MONTEIRO Joaquina",8,"FVS",10,null,10,null,10,null,null,10,null,null,10,{"$nulls":7},10,null,10,{"$nulls":3},10,{"$nulls":3},80,12]
[463,"LURAY","NICHAU Gerard",8,"HVD",{"$nulls":3},20,null,10,null,null,12,null,null,10,{"$nulls":3},10,{"$nulls":4},16,null,10,null,10,{"$nulls":3},98,12]
[464,"LURAY","NICHAU Jonathan",8,"HAS",{"$nulls":3},20,null,null,25,null,12,null,null,10,{"$nulls":3},18,{"$nulls":4},22,12,null,null,10,{"$nulls":3},129,12]
[465,"LURAY","OVERMANN Guy",8,"HVS",null,null,12,12,null,10,{"$nulls":5},10,{"$nulls":3},10,null,null,10,null,null,30,null,null,10,{"$nulls":3},104,12]
[466,"LURAY","PAPIN Jasmine",15,"FVD",15,10,15,10,null,null,25,10,null,16,10,{"$nulls":4},10,null,null,18,12,10,null,10,null,10,null,null,10,191,12]
[467,"LURAY","PELTRIAUX Frédéric",11,"HAS",12,22,10,null,12,12,null,null,10,null,null,10,{"$nulls":3},10,{"$nulls":6},18,null,10,null,null,15,141,12]
[468,"LURAY","PERCHER Patrick",9,"HVS",null,10,null,10,null,10,null,20,{"$nulls":3},10,{"$nulls":4},10,null,10,null,null,12,null,null,10,{"$nulls":3},102,12]
[469,"LURAY","POINÇON Gaétan",7,"HAS",10,null,10,10,null,12,{"$nulls":12},10,10,{"$nulls":4},10,{"$nulls":3},72,12]
[470,"LURAY","POIRIER Philippe",19,"HAS",15,30,10,null,30,12,null,10,null,null,15,null,20,null,15,20,10,null,10,10,null,10,10,null,20,10,10,18,285,12]
[471,"LURAY","RICOIS Clara",6,"FJS",null,null,15,{"$nulls":3},22,{"$nulls":11},18,null,10,null,10,null,10,{"$nulls":3},85,12]
[472,"LURAY","ROSSIGNOL Françoise",11,"FVS",10,10,10,{"$nulls":5},10,null,null,10,null,null,10,10,10,10,10,null,10,{"$nulls":7},110,12]
[473,"LURAY","ROSSIGNOL Pascal",11,"HVS",30,12,12,{"$nulls":5},10,null,null,10,null,null,10,10,10,null,15,null,10,{"$nulls":3},10,{"$nulls":3},139,12]
[474,"LURAY","ROULEAU Jean-Charles",18,"HVS",30,12,12,12,12,10,null,10,12,null,15,{"$nulls":3},10,10,null,null,15,15,10,null,10,null,10,10,null,14,229,12]
[475,"LURAY","RUDEAUX Olivier",4,"HAS",null,null,10,{"$nulls":4},10,{"$nulls":10},10,{"$nulls":5},20,{"$nulls":3},50,12]
[476,"LURAY","SORTAIS Guy",8,"HVS",12,null,10,null,null,10,null,null,10,null,null,10,null,null,10,10,{"$nulls":4},10,{"$nulls":7},82,12]
[477,"LURAY","SORTAIS Luc",15,"HVS",15,12,null,10,{"$nulls":4},12,null,null,10,null,null,10,18,10,18,12,10,10,12,null,null,15,10,null,null,184,12]
[478,"LURAY","TEILLEUX BENJAMIN",7,"HAS",12,null,10,null,12,{"$nulls":3},12,null,null,10,{"$nulls":10},18,null,10,{"$nulls":3},84,12]
[479,"LURAY","TRUBERT Jacky",7,"HVD",{"$nulls":5},10,null,null,20,null,null,15,null,null,25,{"$nulls":4},15,20,null,10,{"$nulls":5},115,12]
[480,"LURAY","VALLEE Louis",17,"HAS",15,30,10,null,null,12,null,10,20,null,10,null,20,null,15,20,10,null,10,15,10,{"$nulls":3},10,null,10,18,245,12]
[481,"LURAY","VILLETTE ALAIN",6,"HVD",12,30,{"$nulls":6},12,{"$nulls":6},18,{"$nulls":5},10,null,null,10,{"$nulls":3},92,12,{"$f":"SUM(AH425:AH483)","v":6808}]
[482,"OUARVILLE PETANQUE","BOUVET Remy",2,"HVD",{"$nulls":26},10,10,20,18]
[483,"OUARVILLE PETANQUE","BRASIER Zitto",0,"FVS",{"$nulls":28},0,18]
[484,"OUARVILLE PETANQUE","GOUSSARD Eric",1,"HVD",{"$nulls":27},15,15,18]
[485,"OUARVILLE PETANQUE","LACHAL Frederic",2,"HAD",{"$nulls":26},10,15,25,18]
[486,"OUARVILLE PETANQUE","LAHAYE Philippe",2,"HVD",{"$nulls":26},10,10,20,18]
[487,"OUARVILLE PETANQUE","MALEPART Mathieu",2,"HAD",{"$nulls":26},10,10,20,18]
[488,"OUARVILLE PETANQUE","MARTIN Robert",1,"HVS",{"$nulls":27},15,15,18]
[489,"OUARVILLE PETANQUE","REGNIER Michel",1,"HVD",{"$nulls":26},16,null,16,18]
[490,"OUARVILLE PETANQUE","VANSTEENKISTE Emmanuelle",1,"FVS",{"$nulls":26},16,null,16,18]
[491,"OUARVILLE PETANQUE","VEILLARD Eric",0,"HVD",{"$nulls":28},0,18,{"$f":"SUM(AH484:AH493)","v":147}]
[492,"SAINT ELIPH","BOUJU Marion",14,"FAS",10,null,10,10,null,null,20,{"$nulls":3},12,{"$nulls":3},14,10,15,15,10,null,10,{"$nulls":3},10,10,10,null,166,13]
[493,"SAINT ELIPH","BLANCHE Julien",4,"HAS",{"$nulls":8},12,null,14,{"$nulls":3},20,10,{"$nulls":12},56,13]
[494,"SAINT ELIPH","COMTAMIN Jonathan",13,"HAD",{"$nulls":8},10,{"$nulls":3},20,null,10,10,12,10,10,10,10,10,10,12,null,null,12,null,146,13]
[495,"SAINT ELIPH","DE ALMEIDE NEVES Lilyan",1,"HAS",{"$nulls":8},12,{"$nulls":19},12,13]
[496,"SAINT ELIPH","DURAND Florian",1,"HAS",{"$nulls":8},12,{"$nulls":19},12,13]
[497,"SAINT ELIPH","FERREIRA Daniel",6,"HAS",{"$nulls":4},12,{"$nulls":3},10,{"$nulls":7},10,null,12,{"$nulls":7},15,10,69,13]
[498,"SAINT ELIPH","FERREIRA BARATTTE Nathalie",3,"FAS",null,null,10,{"$nulls":5},10,{"$nulls":7},10,{"$nulls":11},30,13]
[499,"SAINT ELIPH","GAGNEBIEN Boris",10,"HAS",10,null,10,10,{"$nulls":6},12,{"$nulls":3},14,{"$nulls":3},12,null,10,{"$nulls":3},10,null,10,10,108,13]
[500,"SAINT ELIPH","GAGNEBIEN Clement ",2,"HAS",10,{"$nulls":19},10,{"$nulls":7},20,13]
[501,"SAINT ELIPH","GATEAU Armelle",0,"FAD",{"$nulls":28},0,13]
[502,"SAINT ELIPH","GATEAU Dominiqe",1,"HAD",{"$nulls":22},10,{"$nulls":5},10,13]
[503,"SAINT ELIPH","GOBLET Alexis",3,"HAS",12,null,10,{"$nulls":5},22,{"$nulls":19},44,13]
[504,"SAINT ELIPH","HARDY Aurelien",9,"HAS",12,{"$nulls":7},22,null,14,10,null,null,20,10,15,15,10,{"$nulls":9},128,13]
[505,"SAINT ELIPH","LAISNÉ Florian",3,"HAD",{"$nulls":5},20,{"$nulls":13},10,10,{"$nulls":7},40,13]
[506,"SAINT ELIPH","LAISNÉ Jonathan",3,"HAD",{"$nulls":5},20,{"$nulls":13},10,10,{"$nulls":7},40,13]
[507,"SAINT ELIPH","LE BLANC Frédéric",8,"HAD",{"$nulls":6},20,null,12,{"$nulls":5},14,null,null,10,12,{"$nulls":5},10,10,null,10,98,13]
[508,"SAINT ELIPH","LELONG Lilian",6,"HAD",{"$nulls":4},12,20,null,null,12,{"$nulls":5},10,{"$nulls":3},10,null,10,{"$nulls":7},74,13]
[509,"SAINT ELIPH","LEPROUST Kelian",3,"HAS",{"$nulls":14},10,{"$nulls":3},10,{"$nulls":7},15,null,35,13]
[510,"SAINT ELIPH","LEPROUST Olivier",4,"HAS",{"$nulls":14},10,null,10,null,10,10,{"$nulls":8},40,13]
[511,"SAINT ELIPH","LOMBARD Richard",15,"HAD",12,null,10,10,{"$nulls":7},10,20,null,10,10,12,10,10,null,10,null,10,12,10,null,12,null,168,13]
[512,"SAINT ELIPH","LOMBARD Roméo",11,"HAS",{"$nulls":8},22,null,null,10,20,null,20,10,15,15,10,10,null,10,null,12,{"$nulls":4},154,13]
[513,"SAINT ELIPH","MARAS Alexandre",{"$f":"COUNTIF(F515:AG515,\">1\")","v":4},"HA",{"$nulls":15},10,12,{"$nulls":3},10,10,{"$nulls":6},{"$f":"SUM(F515:AG515)","v":42},13]
[514,"SAINT ELIPH","MASSANT Juliette",0,"FAS",{"$nulls":28},0,13]
[515,"SAINT ELIPH","PELLE Cyprien",1,"HAS",{"$nulls":8},12,{"$nulls":19},12,13]
[516,"SAINT ELIPH","RIACAUX Joel",4,"HVD",{"$nulls":4},12,{"$nulls":10},10,{"$nulls":3},10,{"$nulls":5},10,null,null,42,13]
[517,"SAINT ELIPH","SEVER Guillaume",2,"HAD",{"$nulls":15},10,null,null,10,{"$nulls":9},20,13,{"$f":"SUM(AH494:AH519)","v":1566}]
[518,"SAINT GEORGES MOTEL","ABDELESSELAMI Kader",8,"HA",{"$nulls":11},20,null,null,12,null,18,null,10,22,12,null,10,null,12,{"$nulls":3},116,14]
[519,"SAINT GEORGES MOTEL","ADE Jeremy",6,"HA",{"$nulls":3},12,{"$nulls":7},10,null,null,12,{"$nulls":3},15,{"$nulls":3},30,null,10,{"$nulls":3},89,14]
[520,"SAINT GEORGES MOTEL","ANDRIANDRAINIBE Rasamoelinary",2,"HA",{"$nulls":18},10,10,{"$nulls":8},20,14]
[521,"SAINT GEORGES MOTEL","AUCHERIE Jean Marc",5,"HV",{"$nulls":3},10,{"$nulls":7},10,{"$nulls":6},10,10,null,null,10,{"$nulls":5},50,14]
[522,"SAINT GEORGES MOTEL","AUFFRET Stéphane",4,"HA",{"$nulls":18},15,{"$nulls":3},30,null,null,25,null,20,90,14]
[523,"SAINT GEORGES MOTEL","AZEAMBOURG Ginette",4,"FV",{"$nulls":3},10,{"$nulls":4},10,{"$nulls":9},10,{"$nulls":3},12,{"$nulls":5},42,14]
[524,"SAINT GEORGES MOTEL","AZEAMBOURG Jacky",0,"HV",{"$nulls":28},0,14]
[525,"SAINT GEORGES MOTEL","BALLAND Alexis",2,"HA",{"$nulls":11},10,{"$nulls":12},10,{"$nulls":3},20,14]
[526,"SAINT GEORGES MOTEL","BALLAND Olivier",5,"HA",{"$nulls":11},12,{"$nulls":6},10,{"$nulls":3},10,null,10,15,null,null,57,14]
[527,"SAINT GEORGES MOTEL","BLONDEL Julien",2,"HA",{"$nulls":20},18,null,10,{"$nulls":5},28,14]
[528,"SAINT GEORGES MOTEL","CHARPIN Jean-Yves",2,"HV",{"$nulls":3},10,{"$nulls":14},10,{"$nulls":9},20,14]
[529,"SAINT GEORGES MOTEL","COUVIGNY Nadine",0,"FV",{"$nulls":28},0,14]
[530,"SAINT GEORGES MOTEL","CUSTODIO MENDES Frédéric",1,"HA",{"$nulls":22},10,{"$nulls":5},10,14]
[531,"SAINT GEORGES MOTEL","DAUTRICHE Philippe",5,"HV",{"$nulls":3},10,null,22,{"$nulls":5},10,{"$nulls":6},10,{"$nulls":3},10,{"$nulls":5},62,14]
[532,"SAINT GEORGES MOTEL","DEFRANCE Jean-Charles",3,"HA",{"$nulls":11},10,{"$nulls":12},10,15,null,null,35,14]
[533,"SAINT GEORGES MOTEL","DESJARDINS Kevin",1,"HA",{"$nulls":24},10,{"$nulls":3},10,14]
[534,"SAINT GEORGES MOTEL","DIEU Joël",6,"HV",{"$nulls":5},15,{"$nulls":12},10,null,10,null,10,null,25,10,null,null,80,14]
[535,"SAINT GEORGES MOTEL","DUPART Didier",7,"HV",{"$nulls":3},15,{"$nulls":7},12,{"$nulls":3},12,null,null,10,10,10,{"$nulls":3},10,{"$nulls":3},79,14]
[536,"SAINT GEORGES MOTEL","GARNIER Denis",1,"HV",{"$nulls":3},12,{"$nulls":24},12,14]
[537,"SAINT GEORGES MOTEL","GOSNET Eric",0,"HA",{"$nulls":28},0,14]
[538,"SAINT GEORGES MOTEL","HEULAND Arnaud",5,"HA",{"$nulls":11},10,{"$nulls":6},10,10,null,null,10,null,null,10,null,null,50,14]
[539,"SAINT GEORGES MOTEL","KEROMNES Michel",3,"HV",{"$nulls":11},25,{"$nulls":6},10,{"$nulls":3},10,{"$nulls":5},45,14]
[540,"SAINT GEORGES MOTEL","LAIZÉ Christophe",3,"HA",{"$nulls":18},15,{"$nulls":3},10,null,null,15,null,null,40,14]
[541,"SAINT GEORGES MOTEL","LEFEBVRE Robert",0,"HV",{"$nulls":28},0,14]
[542,"SAINT GEORGES MOTEL","LOCQUENEUX Sylvain",2,"HV",{"$nulls":19},10,{"$nulls":5},10,null,null,20,14]
[543,"SAINT GEORGES MOTEL","LOISON Nicolas",3,"HA",{"$nulls":20},12,null,10,null,12,{"$nulls":3},34,14]
[544,"SAINT GEORGES MOTEL","MARCHESSEAU Philippe",2,"HV",{"$nulls":19},10,null,null,10,{"$nulls":5},20,14]
[545,"SAINT GEORGES MOTEL","MOLINARI Giovanni",0,"HA",{"$nulls":28},0,14]
[546,"SAINT GEORGES MOTEL","MOLINARI Sandra",0,"FA",{"$nulls":28},0,14]
[547,"SAINT GEORGES MOTEL","NGAMBE Guy",8,"HV",{"$nulls":5},15,null,null,10,null,null,12,{"$nulls":3},10,12,null,15,{"$nulls":3},22,null,15,{"$nulls":3},111,14]
[548,"SAINT GEORGES MOTEL","NOURRY Gilles",5,"HV",{"$nulls":3},15,{"$nulls":7},12,{"$nulls":6},10,10,null,null,12,{"$nulls":5},59,14]
[549,"SAINT GEORGES MOTEL","PESQUEUX Olivier",5,"HA",{"$nulls":5},22,{"$nulls":10},18,null,10,22,{"$nulls":5},25,null,null,97,14]
[550,"SAINT GEORGES MOTEL","PICHON Bernard",7,"HV",{"$nulls":3},15,{"$nulls":11},12,null,null,10,10,10,null,10,null,null,10,null,null,77,14]
[551,"SAINT GEORGES MOTEL","PIERRE Philippe",0,"HV",{"$nulls":28},0,14]
[552,"SAINT GEORGES MOTEL","PLESSIS Emmanuel  ",8,"HA",{"$nulls":11},20,null,null,12,null,15,null,10,null,12,25,10,null,12,{"$nulls":3},116,14]
[553,"SAINT GEORGES MOTEL","POINÇON Stéphane",12,"HA",{"$nulls":3},12,null,22,{"$nulls":5},20,{"$nulls":4},18,null,10,22,15,25,30,null,12,25,null,20,231,14]
[554,"SAINT GEORGES MOTEL","RAJOT Pascal",6,"HA",{"$nulls":3},10,{"$nulls":7},10,{"$nulls":6},10,10,null,null,10,null,null,10,null,null,60,14]
[555,"SAINT GEORGES MOTEL","RAMDANI Karim",5,"HA",{"$nulls":11},25,{"$nulls":4},15,null,10,null,18,null,10,{"$nulls":5},78,14]
[556,"SAINT GEORGES MOTEL","RANDRIANTAHINA Roger",9,"HV",{"$nulls":5},15,null,null,10,null,null,12,{"$nulls":3},10,null,null,15,null,15,null,22,null,15,15,null,null,129,14]
[557,"SAINT GEORGES MOTEL","RATSIMBASAFY Raphël",3,"HA",{"$nulls":5},12,{"$nulls":5},10,{"$nulls":9},10,{"$nulls":6},32,14]
[558,"SAINT GEORGES MOTEL","RATSIMBASAFY Patricia",8,"FV",{"$nulls":5},12,{"$nulls":5},10,{"$nulls":6},10,10,10,10,10,null,12,{"$nulls":3},84,14]
[559,"SAINT GEORGES MOTEL","RATSIMBASAFY Hajalalaina",8,"HA",{"$nulls":5},12,{"$nulls":5},10,{"$nulls":6},10,null,10,10,10,null,12,15,null,null,89,14]
[560,"SAINT GEORGES MOTEL","REDON Mathys",2,"HA",{"$nulls":21},25,10,{"$nulls":5},35,14]
[561,"SAINT GEORGES MOTEL","REDON Wesley",5,"HA",{"$nulls":11},25,{"$nulls":4},15,null,10,null,18,null,10,{"$nulls":5},78,14]
[562,"SAINT GEORGES MOTEL","ROSSARD Jean-Michel",0,"HV",{"$nulls":28},0,14]
[563,"SAINT GEORGES MOTEL","RUELLE Dominique",9,"HV",null,null,10,{"$nulls":8},12,{"$nulls":3},12,null,null,15,10,15,null,10,null,null,15,null,20,119,14]
[564,"SAINT GEORGES MOTEL","SARPAUX Sonia",0,"FA",{"$nulls":28},0,14]
[565,"SAINT GEORGES MOTEL","SIMONELLI Nathalie",4,"FV",{"$nulls":3},10,{"$nulls":7},10,{"$nulls":10},12,null,10,{"$nulls":3},42,14]
[566,"SAINT GEORGES MOTEL","TASSERIE Gérard",1,"HV",{"$nulls":25},10,null,null,10,14]
[567,"SAINT GEORGES MOTEL","TECHER Joserh",4,"HV",{"$nulls":18},10,10,null,null,22,null,15,{"$nulls":3},57,14,{"$f":"SUM(AH520:AH569)","v":2533}]
[568,"VICHERES","BELT Alban",6,"HAD",null,null,18,{"$nulls":4},30,10,{"$nulls":5},10,null,null,10,{"$nulls":4},25,{"$nulls":5},103,15]
[569,"VICHERES","BRISSONNET Angelique",16,"FAS",null,10,10,null,null,15,null,10,{"$nulls":4},15,null,10,15,null,12,10,18,10,15,12,null,10,12,null,10,194,15]
[570,"VICHERES","BROZILLE Benoît",22,"HAS",10,null,22,10,null,null,18,30,20,null,15,null,15,null,18,15,10,15,10,15,15,15,10,18,10,12,20,22,345,15]
[571,"VICHERES","CAILLEZ Bruno",6,"HVS",null,10,{"$nulls":5},22,{"$nulls":8},10,12,{"$nulls":3},14,{"$nulls":5},22,90,15]
[572,"VICHERES","CAILLON Jérome",10,"HAS",10,10,{"$nulls":3},10,null,10,{"$nulls":4},15,null,10,null,10,null,15,{"$nulls":4},15,null,null,10,null,115,15]
[573,"VICHERES","CAILLON Tom",4,"HAS",10,{"$nulls":6},15,{"$nulls":8},10,{"$nulls":6},15,{"$nulls":4},50,15]
[574,"VICHERES","CHALLIER Romain",0,"HAS",{"$nulls":28},0,15]
[575,"VICHERES","CHASSIN Jean-Paul",11,"HAS",null,10,14,10,{"$nulls":4},15,null,10,null,10,null,10,null,null,16,null,null,10,null,10,{"$nulls":3},12,null,127,15]
[576,"VICHERES","COHIN Nicolas",5,"HAS",{"$nulls":3},12,{"$nulls":4},20,{"$nulls":3},15,null,10,{"$nulls":11},15,null,72,15]
[577,"VICHERES","CORMIER - JALU Léa",{"$f":"COUNTIF(F579:AG579,\">1\")","v":5},"FAS",{"$nulls":12},12,null,10,{"$nulls":3},10,null,12,null,12,{"$nulls":5},{"$f":"SUM(F579:AG579)","v":56},15]
[578,"VICHERES","DECAYEUX Lauralée",5,"FAS",null,null,10,10,null,null,18,22,null,null,10,{"$nulls":17},70,15]
[579,"VICHERES","DENIS Yoann",1,"HAS",{"$nulls":3},10,{"$nulls":24},10,15]
[580,"VICHERES","DENIS Joachim",1,"HAS",12,{"$nulls":27},12,15]
[581,"VICHERES","DORDOIGNE Jérome",7,"HAS",12,{"$nulls":6},15,{"$nulls":4},30,{"$nulls":3},10,12,{"$nulls":4},10,null,10,{"$nulls":3},99,15]
[582,"VICHERES","DUBILLOT Théo",5,"HAS",null,null,25,{"$nulls":5},10,{"$nulls":6},15,{"$nulls":4},25,null,20,{"$nulls":5},95,15]
[583,"VICHERES","DUBRE Pascal",6,"HAS",{"$nulls":3},10,null,10,{"$nulls":8},10,null,null,20,{"$nulls":3},10,null,15,{"$nulls":4},75,15]
[584,"VICHERES","EGGER Bruno",4,"HVS",{"$nulls":15},15,null,15,null,20,null,14,{"$nulls":6},64,15]
[585,"VICHERES","EGGER Ludovic",7,"HAD",null,null,15,{"$nulls":4},10,30,{"$nulls":3},15,{"$nulls":4},10,null,20,null,null,25,{"$nulls":5},125,15]
[586,"VICHERES","ESCULIER Christian",12,"HVS",10,null,12,20,{"$nulls":3},15,30,null,10,{"$nulls":3},10,null,10,null,null,18,15,null,12,null,10,{"$nulls":3},172,15]
[587,"VICHERES","ESNAULT Didier",6,"HVS",18,null,14,12,18,null,null,10,null,null,10,{"$nulls":17},82,15]
[588,"VICHERES","FONTAINE Enzo",5,"HJS",{"$nulls":14},10,null,null,10,10,null,12,null,12,{"$nulls":5},54,15]
[589,"VICHERES","GIRARD Laurent",18,"HAS",10,15,22,null,null,15,null,30,10,{"$nulls":3},10,null,10,20,null,12,10,18,10,15,12,null,10,12,null,22,263,15]
[590,"VICHERES","GIRONDEAU Nicolas",0,"HAS",{"$nulls":28},0,15]
[591,"VICHERES","GUILLOU Mayvis",7,"HAS",null,null,25,{"$nulls":5},10,{"$nulls":3},25,null,12,{"$nulls":3},15,null,25,null,20,{"$nulls":5},132,15]
[592,"VICHERES","HEUZE Nans",7,"HAS",{"$nulls":8},18,null,20,null,12,null,10,{"$nulls":3},10,null,10,null,20,{"$nulls":5},100,15]
[593,"VICHERES","LE TEXIER Pascal ",7,"HVS",10,15,null,10,{"$nulls":3},10,{"$nulls":8},10,{"$nulls":3},10,{"$nulls":5},10,null,75,15]
[594,"VICHERES","LEBACLE Sébastien",9,"HAS",10,null,null,10,{"$nulls":3},15,10,null,10,{"$nulls":3},20,null,10,null,10,null,10,{"$nulls":7},105,15]
[595,"VICHERES","LEBOSSE Brice",15,"HAS",null,null,22,{"$nulls":4},10,30,null,15,null,14,null,20,15,null,15,10,20,10,14,25,null,10,null,20,null,250,15]
[596,"VICHERES","LETOURNEUR Annick",12,"FVS",10,null,12,10,15,null,null,10,null,25,null,null,10,null,10,null,10,20,null,15,null,null,10,{"$nulls":5},157,15]
[597,"VICHERES","LETOURNEUR Christian",14,"HVS",10,null,15,10,15,null,null,15,15,{"$nulls":3},15,null,12,null,10,20,null,15,null,null,10,{"$nulls":3},12,15,189,15]
[598,"VICHERES","MENAGER Antoine",7,"HAS",{"$nulls":8},18,null,22,null,12,null,10,{"$nulls":3},10,null,10,null,20,{"$nulls":5},102,15]
[599,"VICHERES","PASQUET Sylvie",6,"FVS",null,10,{"$nulls":5},15,null,25,10,null,10,{"$nulls":4},16,{"$nulls":10},86,15]
[600,"VICHERES","PODWOJEWSKI Murielle",8,"FVS",{"$nulls":3},10,{"$nulls":4},10,{"$nulls":5},10,20,{"$nulls":4},10,null,null,18,10,null,null,10,98,15]
[601,"VICHERES","PODWOJEWSKI Patrice",17,"HVD",{"$nulls":3},20,{"$nulls":3},22,10,null,20,null,30,null,10,20,null,12,10,12,10,null,10,18,10,10,12,10,246,15]
[602,"VICHERES","POIRIER Anthony",7,"HAS",{"$nulls":8},18,null,22,{"$nulls":3},10,15,null,null,10,null,10,null,20,{"$nulls":5},105,15]
[603,"VICHERES","PROUST Julien",9,"HAS",10,15,15,10,15,15,null,15,20,{"$nulls":3},10,{"$nulls":15},125,15]
[604,"VICHERES","RIQUET André",9,"HVS",10,10,{"$nulls":5},10,null,null,10,null,14,null,10,null,null,16,null,null,10,null,10,{"$nulls":5},100,15]
[605,"VICHERES","SAGOT Didier",17,"HVS",18,null,12,10,18,{"$nulls":3},10,null,10,null,30,null,20,null,10,12,10,12,10,10,10,null,10,null,null,15,227,15]
[606,"VICHERES","SALOMON Carine",7,"FAD",12,null,null,10,{"$nulls":3},30,null,null,10,{"$nulls":3},18,{"$nulls":5},15,{"$nulls":3},10,{"$nulls":3},105,15]
[607,"VICHERES","SALOMON Dimitri",8,"HAD",{"$nulls":3},20,{"$nulls":3},22,null,null,15,null,14,null,18,{"$nulls":4},12,10,{"$nulls":3},10,{"$nulls":3},121,15]
[608,"VICHERES","SEDILLOT-BUISSON Mael",8,"HJS",null,null,10,10,null,10,null,15,15,null,15,{"$nulls":10},10,10,{"$nulls":5},95,15]
[609,"VICHERES","SIMONKLEIN Lola",6,"FAS",{"$nulls":8},10,{"$nulls":3},25,null,10,{"$nulls":3},10,null,12,null,12,{"$nulls":5},79,15]
[610,"VICHERES","SURCIN Tanguy",7,"HAS",null,null,25,{"$nulls":7},10,null,25,null,12,{"$nulls":3},15,null,25,null,20,{"$nulls":5},132,15]
[611,"VICHERES","THIROUARD Christian",1,"HVS",{"$nulls":7},10,{"$nulls":20},10,15]
[612,"VICHERES","TUFFIER Benoist",7,"HAS",18,null,null,12,18,{"$nulls":5},10,{"$nulls":5},10,{"$nulls":7},10,null,15,null,93,15]
[613,"VICHERES","WEHRLE Jocelyne",8,"FVS",10,null,14,10,{"$nulls":6},10,null,10,{"$nulls":9},10,{"$nulls":3},12,15,91,15,{"$f":"SUM(AH570:AH615)","v":5096}]
[614,"YEVRES","ALLARD Jean Marie",7,"HVD",{"$nulls":4},10,null,null,12,10,{"$nulls":6},12,null,10,{"$nulls":3},10,{"$nulls":4},10,null,74,16]
[615,"YEVRES","ALLARD Madeleine",1,"FVS",{"$nulls":10},10,{"$nulls":17},10,16]
[616,"YEVRES","BRUNET Matthias",4,"HAD",{"$nulls":7},15,{"$nulls":4},12,{"$nulls":10},22,null,null,30,null,79,16]
[617,"YEVRES","BRUNET Pascal",6,"HAS",{"$nulls":7},10,{"$nulls":4},10,{"$nulls":4},10,null,10,null,null,10,{"$nulls":3},10,null,60,16]
[618,"YEVRES","BRUNET Yoan",3,"HAS",{"$nulls":19},10,null,null,10,{"$nulls":3},10,null,30,16]
[619,"YEVRES","CALVET Serge",0,"HVS",{"$nulls":28},0,16]
[620,"YEVRES","CHEVALLIER Ludovic",8,"HAS",{"$nulls":7},15,{"$nulls":4},12,null,10,null,null,12,{"$nulls":3},10,15,22,null,null,30,null,126,16]
[621,"YEVRES","DEMAIS Serge",3,"HVS",{"$nulls":8},10,{"$nulls":6},12,{"$nulls":5},10,{"$nulls":6},32,16]
[622,"YEVRES","FORT Philippe",1,"HVS",{"$nulls":19},10,{"$nulls":8},10,16]
[623,"YEVRES","GUIBERT Quentin",3,"HAS",{"$nulls":7},12,null,null,12,{"$nulls":7},10,{"$nulls":9},34,16]
[624,"YEVRES","HOUDIERE Alain",6,"HVD",{"$nulls":7},12,10,{"$nulls":6},12,null,10,null,10,null,10,{"$nulls":6},64,16]
[625,"YEVRES","HOUDIERE Michele",0,"FVS",{"$nulls":28},0,16]
[626,"YEVRES","LAURENT Carole",3,"FAS",{"$nulls":7},12,null,null,12,{"$nulls":7},10,{"$nulls":9},34,16]
[627,"YEVRES","LEFEBVRE Benoit",5,"HAS",{"$nulls":7},10,{"$nulls":4},10,{"$nulls":4},10,null,10,null,null,10,{"$nulls":5},50,16]
[628,"YEVRES","LEFEBVRE Marjorie",3,"FAS",{"$nulls":7},10,{"$nulls":4},12,{"$nulls":6},10,{"$nulls":8},32,16]
[629,"YEVRES","LETERTRE Christian",9,"HVS",{"$nulls":7},15,null,null,12,null,12,null,10,null,null,12,{"$nulls":3},10,15,22,null,null,20,null,128,16]
[630,"YEVRES","LETERTRE Claudine",0,"FVS",{"$nulls":28},0,16]
[631,"YEVRES","LETERTRE Marion",3,"FAS",{"$nulls":7},15,{"$nulls":4},12,{"$nulls":8},10,{"$nulls":6},37,16]
[632,"YEVRES","LOISELET Daniel",1,"HVD",{"$nulls":26},10,null,10,16]
[633,"YEVRES","POTHIER Romain",2,"HAS",{"$nulls":21},15,10,{"$nulls":5},25,16]
[634,"YEVRES","RENARD Dominique",4,"HVS",{"$nulls":4},10,{"$nulls":12},10,null,10,null,10,{"$nulls":6},40,16]
[635,"YEVRES","RENARD Maryline",3,"FVS",{"$nulls":4},10,{"$nulls":5},10,{"$nulls":8},10,{"$nulls":8},30,16]
[636,"YEVRES","ROUSSEAU Julien",3,"HAS",{"$nulls":18},10,null,null,15,10,{"$nulls":5},35,16]
[637,"YEVRES","SOUCHARD Kevin",4,"HAS",{"$nulls":7},10,{"$nulls":4},10,{"$nulls":4},10,null,10,{"$nulls":8},40,16]
[638,"YEVRES","THERY Yoann",2,"HAS",{"$nulls":21},15,10,{"$nulls":5},25,16]
[639,"YEVRES","TOUPET Pierre-Jean",0,"HVS",{"$nulls":28},0,16]
[640,"YEVRES","VEAU Gaetan",6,"HAS",{"$nulls":10},12,null,12,null,10,null,null,12,{"$nulls":4},15,{"$nulls":3},20,null,81,16,{"$f":"SUM(AH616:AH642)","v":1086}]
[null,"Z     Nombre","de participant",{"$f":"SUM(F643:AG643)","v":3823},null,{"$f":"COUNTA(F3:F642)","v":131},130,134,186,92,120,42,141,194,30,128,149,86,0,{"$f":"COUNTA(T3:T642)","v":172},163,194,81,252,193,177,138,248,68,183,107,132,152]
[null,"Z    Moyenne","de participant",{"$f":"AVERAGE(F643:AH643)","v":{"v":136.53571428571428,"d":"137"}}]

{"sheet":"Joueur","index":1,"n_rows":642,"n_cols":34,"rows_kept":642,"merged":[[0,10,0,11],[0,13,0,14]]}
[{"$nulls":5},"Chuisnes","B.O.C.","Crécy","Charpont","Bonneval","Luray",null,"Vichères","Challet - Bailleau",null,"Cloyes","St G.M.","Bonneval","Yèvres","St Eliph","Blévy M","Challet - B","Cloyes","Charpont","Chuisnes","Cheminots","Cheminots","B.O.C.","Ouarville","Luray","St G.M.","La Gauloise","Gas","TOTAL"]
[null,"Club","nom prénom","concours nbs",{"$f":"NumCouleur(D2)","v":{"$error":"#NAME?"}},"2024-09-01","2024-09-07","2024-09-08","2024-09-14","2024-09-15","21/09/2024   TRI","21/09/2024         DM","22/09/2024    QUA","28/09/2024   TRI","28/09/2024         DF","2024-09-29","2024-10-05","2024-10-06","2024-10-12","2024-10-13","2024-10-19","2024-10-20","2024-10-26","2024-10-27","2024-11-02","2024-11-03","2024-11-09","2024-11-10","2024-11-16","2024-11-17","2024-11-23","2024-11-24","2024-11-30","individuel"]
[1,"VICHERES","BROZILLE Benoît",{"$f":"COUNTIF(F3:AG3,\">1\")","v":22},"HAS",10,null,22,10,null,null,18,30,20,null,15,null,15,null,18,15,10,15,10,15,15,15,10,18,10,12,20,22,{"$f":"SUM(F3:AG3)","v":345}]
[2,"CRECY- COUVE","LE HELLEY Marcel",19,"HVS",10,15,15,null,null,10,null,10,{"$nulls":3},22,22,null,10,10,10,null,20,10,30,20,15,null,20,20,15,30,314]
[3,"CRECY- COUVE","COLOMBEL Jean François",15,"HVD",null,15,15,25,null,null,30,null,25,null,null,15,null,null,30,null,25,null,25,10,30,10,10,null,18,30,null,null,313]
[4,"CRECY- COUVE","BROU David",20,"HAD",15,15,30,null,null,15,null,10,15,null,null,10,22,null,10,10,10,null,22,10,10,10,15,null,30,20,10,15,304]
[5,"BLEVY MAILLEBOIS","FREMONT Benoît",19,"HVS",22,20,16,30,null,10,null,null,10,null,null,20,null,null,15,10,10,null,null,30,12,20,10,15,10,15,10,10,295]
[6,"BLEVY MAILLEBOIS","FREMONT Stéphane",19,"HAS",22,20,16,30,null,10,null,null,10,null,null,20,null,null,15,10,10,null,null,30,12,20,10,15,10,15,10,10,295]
[7,"LURAY","POIRIER Philippe",19,"HAS",15,30,10,null,30,12,null,10,null,null,15,null,20,null,15,20,10,null,10,10,null,10,10,null,20,10,10,18,285]
[8,"BOUGLAINVAL","LE BRIS Fabrice",22,"HVS",15,18,null,null,10,15,null,10,10,null,12,14,null,null,10,25,10,10,10,10,10,10,12,20,22,10,10,10,283]
[9,"CHARPONT","CEULEMANS Cédric",19,"HAS",null,10,10,null,null,30,null,25,10,null,null,10,null,null,15,10,15,12,10,20,10,22,15,null,10,15,22,12,283]
[10,"VICHERES","GIRARD Laurent",18,"HAS",10,15,22,null,null,15,null,30,10,{"$nulls":3},10,null,10,20,null,12,10,18,10,15,12,null,10,12,null,22,263]
[11,"CRECY- COUVE","GOSNET Franck",14,"HAD",null,15,null,25,null,20,null,15,25,null,10,15,null,null,30,{"$nulls":3},25,null,null,10,10,null,18,30,null,10,258]
[12,"BOUGLAINVAL","LOREILLER Bruno",18,"HVD",10,null,10,10,null,12,null,16,10,null,null,10,null,null,15,25,12,null,10,25,null,10,10,20,22,12,null,15,254]
[13,"VICHERES","LEBOSSE Brice",15,"HAS",null,null,22,{"$nulls":4},10,30,null,15,null,14,null,20,15,null,15,10,20,10,14,25,null,10,null,20,null,250]
[14,"LURAY","MARECHAL Maxime",18,"HAS",10,null,10,10,12,10,null,12,15,null,25,null,20,null,12,20,20,18,10,10,10,15,10,{"$nulls":5},249]
[15,"VICHERES","PODWOJEWSKI Patrice",17,"HVD",{"$nulls":3},20,{"$nulls":3},22,10,null,20,null,30,null,10,20,null,12,10,12,10,null,10,18,10,10,12,10,246]
[16,"LURAY","VALLEE Louis",17,"HAS",15,30,10,null,null,12,null,10,20,null,10,null,20,null,15,20,10,null,10,15,10,{"$nulls":3},10,null,10,18,245]
[17,"CRECY- COUVE","LE MEUR Yoan",18,"HAS",10,15,20,10,null,15,null,null,15,null,null,22,null,null,10,10,12,null,12,10,10,10,15,null,20,null,10,15,241]
[18,"LURAY","BURSON Ghislaine",18,"FAS",10,null,12,12,15,null,10,12,null,20,15,{"$nulls":4},15,20,null,10,10,14,15,10,null,10,12,null,18,240]
[19,"CRECY- COUVE","TACHAT Bruno",16,"HVD",null,15,{"$nulls":3},20,null,12,10,null,10,{"$nulls":4},10,10,null,10,16,15,15,15,null,10,22,18,30,238]
[20,"BOUGLAINVAL","ALLOUIS Corentin",18,"HAD",10,15,18,10,10,15,null,10,10,null,10,10,18,null,15,{"$nulls":3},10,null,20,null,null,20,10,10,12,null,233]
[21,"SAINT GEORGES MOTEL","POINÇON Stéphane",12,"HA",{"$nulls":3},12,null,22,{"$nulls":5},20,{"$nulls":4},18,null,10,22,15,25,30,null,12,25,null,20,231]
[22,"LURAY","ROULEAU Jean-Charles",18,"HVS",30,12,12,12,12,10,null,10,12,null,15,{"$nulls":3},10,10,null,null,15,15,10,null,10,null,10,10,null,14,229]
[23,"VICHERES","SAGOT Didier",17,"HVS",18,null,12,10,18,{"$nulls":3},10,null,10,null,30,null,20,null,10,12,10,12,10,10,10,null,10,null,null,15,227]
[24,"LURAY","LIGAVAN Karine",16,"FAS",10,null,12,10,30,10,null,20,null,20,10,null,15,null,12,15,10,10,null,null,14,12,10,{"$nulls":5},220]
[25,"CRECY- COUVE","PIREAULT Christian",14,"HVD",15,null,15,{"$nulls":4},12,10,{"$nulls":5},12,10,null,null,20,16,10,15,15,null,16,22,null,30,218]
[26,"CHARPONT","DELAMARE Hervé",19,"HVD",10,{"$nulls":4},10,null,10,15,null,null,10,10,null,10,12,12,12,10,null,10,10,10,15,12,10,14,10,212]
[27,"LURAY","BURSON Denis",15,"HVS",10,10,10,10,30,10,null,20,15,null,20,{"$nulls":4},10,{"$nulls":5},15,10,null,10,18,null,10,208]
[28,"CHARPONT","JOSSE Marcel",18,"HVS",null,10,12,10,10,15,null,18,{"$nulls":6},10,12,null,null,10,10,10,10,10,15,10,12,10,10,204]
[29,"CRECY- COUVE","GASSE MARGAT Jacky",13,"HVD",{"$nulls":3},15,null,20,null,null,10,{"$nulls":6},10,null,null,22,15,15,15,15,null,25,20,10,12,204]
[30,"CHARPONT","BOUVIER Carl",18,"HVS",15,10,10,10,null,10,null,12,15,{"$nulls":5},10,10,10,null,10,10,10,null,10,null,12,10,10,15,199]
[31,"CHARPONT","JOSSE Marie Helene",17,"FVS",null,16,10,10,10,null,16,10,{"$nulls":7},10,null,null,10,10,10,22,10,10,10,15,10,10,199]
[32,"BOUGLAINVAL","ALLOUIS Stéphane",14,"HVS",20,18,null,12,null,15,null,10,10,{"$nulls":5},15,{"$nulls":3},10,null,10,null,12,20,22,14,10,null,198]
[33,"LURAY","MARCHIORI Joel",16,"HVS",30,10,10,15,10,12,null,10,12,null,15,10,{"$nulls":3},10,null,null,10,12,10,{"$nulls":3},10,null,null,12,198]
[34,"CHARPONT","LAUVRAY sébastien",18,"HAS",15,14,10,10,null,null,16,10,10,{"$nulls":5},10,10,10,null,10,10,null,10,10,10,12,10,10,null,197]
[35,"LURAY","LIGAVAN Philippe",14,"HVD",10,10,15,10,15,null,null,20,null,null,20,15,15,null,25,null,null,10,null,10,{"$nulls":4},10,12,null,null,197]
[36,"BOUGLAINVAL","MARTIN Gérard",16,"HVD",20,12,null,null,10,10,null,10,10,null,10,{"$nulls":4},15,14,null,10,null,20,null,10,15,10,null,10,10,196]
[37,"BOULES CLUB CLOYSIEN","MAURICE Marc",15,"HVS",{"$nulls":4},20,null,null,12,14,null,12,10,null,null,10,22,14,22,10,10,10,null,10,null,10,null,10,null,196]
[38,"CRECY- COUVE","LANOE Christophe",15,"HVD",15,15,15,10,null,10,null,15,10,null,15,10,null,null,10,{"$nulls":3},10,{"$nulls":3},15,null,15,null,15,15,195]
[39,"VICHERES","BRISSONNET Angelique",16,"FAS",null,10,10,null,null,15,null,10,{"$nulls":4},15,null,10,15,null,12,10,18,10,15,12,null,10,12,null,10,194]
[40,"CHARPONT","NICHOLAS Thierry",17,"HVS",10,10,10,10,null,10,null,18,10,{"$nulls":6},10,10,null,15,20,10,null,10,null,10,10,10,10,193]
[41,"LURAY","PAPIN Jasmine",15,"FVD",15,10,15,10,null,null,25,10,null,16,10,{"$nulls":4},10,null,null,18,12,10,null,10,null,10,null,null,10,191]
[42,"VICHERES","LETOURNEUR Christian",14,"HVS",10,null,15,10,15,null,null,15,15,{"$nulls":3},15,null,12,null,10,20,null,15,null,null,10,{"$nulls":3},12,15,189]
[43,"LURAY","SORTAIS Luc",15,"HVS",15,12,null,10,{"$nulls":4},12,null,null,10,null,null,10,18,10,18,12,10,10,12,null,null,15,10,null,null,184]
[44,"CHARPONT","TOULOUSE Louis",12,"HAD",null,null,10,null,null,30,null,25,{"$nulls":6},15,null,15,15,10,null,10,22,null,null,10,10,10,null,182]
[45,"CHARPONT","JEANNOT Lucie",15,"FAS",null,10,10,{"$nulls":3},14,25,null,15,{"$nulls":4},10,10,15,null,10,10,10,null,10,null,null,12,10,10,181]
[46,"BOULES CLUB CLOYSIEN","PATEYRON Michel",15,"HVS",{"$nulls":4},20,null,null,12,null,null,12,10,10,null,10,22,14,null,10,10,10,null,10,null,10,null,10,10,180]
[47,"BOUGLAINVAL","CHARTIER Bernard",15,"HVS",null,25,10,12,10,{"$nulls":3},10,null,null,12,{"$nulls":3},10,null,10,10,10,10,null,10,15,null,14,10,null,178]
[48,"BOUGLAINVAL","COUELLAUD Walter",16,"HAS",null,10,null,10,10,10,null,10,10,null,10,10,null,null,10,null,10,10,10,25,{"$nulls":4},10,10,12,null,177]
[49,"LURAY","BOUDVIN Jérome",16,"HAS",10,12,10,10,null,null,10,null,10,null,null,10,null,null,10,10,20,null,15,null,10,10,10,null,10,null,10,null,177]
[50,"BOUGLAINVAL","MARTIN Nadine",15,"FVD",10,10,null,null,10,10,null,10,null,15,10,{"$nulls":4},15,null,null,10,null,20,null,10,15,10,null,10,10,175]
[51,"CHARPONT","ROUSSEAU Patrick",13,"HVS",null,12,null,15,20,{"$nulls":3},16,null,10,{"$nulls":7},10,10,15,15,10,null,15,15,12,null,175]
[52,"LURAY","GLIZE Elisabheth",13,"FVD",null,null,15,10,{"$nulls":5},18,10,{"$nulls":3},10,10,null,null,10,12,14,30,10,null,10,null,null,14,173]
[53,"VICHERES","ESCULIER Christian",12,"HVS",10,null,12,20,{"$nulls":3},15,30,null,10,{"$nulls":3},10,null,10,null,null,18,15,null,12,null,10,{"$nulls":3},172]
[54,"CRECY- COUVE","LE HELLEY Kevin",12,"HAS",10,{"$nulls":4},14,{"$nulls":5},10,22,null,10,null,12,null,12,10,10,20,null,null,30,null,10,null,170]
[55,"BLEVY MAILLEBOIS","GREVIN Michel",16,"HVS",null,10,10,10,{"$nulls":4},10,null,null,12,null,null,10,15,10,null,10,12,10,10,10,null,10,10,10,null,169]
[56,"SAINT ELIPH","LOMBARD Richard",15,"HAD",12,null,10,10,{"$nulls":7},10,20,null,10,10,12,10,10,null,10,null,10,12,10,null,12,null,168]
[57,"CHARPONT","DELAHAYE Mickael",13,"HAS",15,14,null,10,null,null,14,null,10,null,null,15,{"$nulls":4},15,null,10,20,null,null,10,null,10,12,null,12,167]
[58,"CHARPONT","PITOT Cédric",15,"HAD",null,10,10,10,null,null,10,12,{"$nulls":8},15,15,10,10,10,null,15,null,10,10,10,10,167]
[59,"SAINT ELIPH","BOUJU Marion",14,"FAS",10,null,10,10,null,null,20,{"$nulls":3},12,{"$nulls":3},14,10,15,15,10,null,10,{"$nulls":3},10,10,10,null,166]
[60,"BOUGLAINVAL","FABRY Emmanuel",10,"HVS",null,25,null,22,{"$nulls":4},10,null,15,{"$nulls":3},15,14,null,null,14,15,null,10,{"$nulls":5},25,165]
[61,"BOULES CLUB CLOYSIEN","GERARD Frederique",9,"HAS",20,{"$nulls":3},22,null,20,null,10,null,18,{"$nulls":3},22,10,null,30,null,12,{"$nulls":8},164]
[62,"CHALLET-BAILLEAU L'EVEQUE","DEMONCAY Patrick",14,"HVS",10,10,null,10,null,null,15,10,10,null,10,15,{"$nulls":4},10,{"$nulls":5},14,12,12,16,null,10,164]
[63,"CHARPONT","LOYER Jean François",14,"HVD",16,null,null,10,null,12,null,null,15,null,null,10,10,null,10,{"$nulls":4},10,15,10,10,null,12,10,14,null,164]
[64,"BLEVY MAILLEBOIS","VAZQUEZ Baptiste",11,"HAS",null,20,16,null,null,10,{"$nulls":5},20,{"$nulls":3},10,10,null,null,30,12,null,null,15,10,null,null,10,163]
[65,"BOULES CLUB CLOYSIEN","HOUE Jean Pierre",{"$f":"COUNTIF(F67:AG67,\">1\")","v":11},"HVS",{"$nulls":4},20,{"$nulls":5},10,10,{"$nulls":3},22,14,22,10,{"$nulls":3},10,null,10,null,25,10,{"$f":"SUM(F67:AG67)","v":163}]
[66,"CHARPONT","COMPAIN Francois",15,"HVS",null,10,10,10,null,15,null,null,10,{"$nulls":5},10,{"$nulls":3},10,10,10,null,10,10,10,10,12,15,162]
[67,"LURAY","BAZEMONT Bruno",13,"HAD",null,22,10,10,{"$nulls":4},10,null,null,10,null,null,10,10,10,null,12,null,22,{"$nulls":3},10,10,null,15,161]
[68,"BLEVY MAILLEBOIS","FREMONT Denis",13,"HVS",null,null,12,10,null,10,null,null,10,null,null,16,null,null,15,{"$nulls":3},10,10,10,10,null,null,15,10,null,20,158]
[69,"CHARPONT","FOSSE Emeline",15,"FJS",null,12,10,10,null,null,10,12,10,null,null,10,null,null,10,{"$nulls":4},10,12,null,10,null,12,10,10,10,158]
[70,"LURAY","FORET Christelle",13,"FAS",15,10,null,10,{"$nulls":4},10,null,null,10,null,null,15,10,10,18,null,10,null,15,null,null,15,10,null,null,158]
[71,"VICHERES","LETOURNEUR Annick",12,"FVS",10,null,12,10,15,null,null,10,null,25,null,null,10,null,10,null,10,20,null,15,null,null,10,{"$nulls":5},157]
[72,"CRECY- COUVE","LECONTE Sylvain",9,"HAS",null,15,30,15,{"$nulls":3},10,10,{"$nulls":9},20,15,10,{"$nulls":4},30,null,null,155]
[73,"SAINT ELIPH","LOMBARD Roméo",11,"HAS",{"$nulls":8},22,null,null,10,20,null,20,10,15,15,10,10,null,10,null,12,{"$nulls":4},154]
[74,"BOUGLAINVAL","CHALLE Sébastien",14,"HAS",10,10,10,14,10,10,null,15,null,null,12,{"$nulls":3},10,null,12,null,10,null,null,10,10,null,null,10,null,null,153]
[75,"BOULES CLUB CLOYSIEN","PEAUGER Christian",12,"HVS",null,null,10,null,10,18,null,null,10,null,10,null,15,null,10,10,10,null,30,10,null,null,10,{"$nulls":5},153]
[76,"CRECY- COUVE","BAZIRE Cédric",7,"HAD",25,null,null,18,{"$nulls":4},25,null,null,15,null,null,30,{"$nulls":5},30,{"$nulls":6},10,153]
[77,"LURAY","LE BRIERE Michel",12,"HAD",null,22,null,10,null,12,null,12,{"$nulls":3},10,null,null,10,10,10,{"$nulls":3},22,{"$nulls":3},10,10,null,15,153]
[78,"BOUGLAINVAL","ESLAN Pierre",13,"HVD",{"$nulls":3},10,12,10,null,null,10,{"$nulls":5},15,10,null,10,10,null,null,10,10,null,10,10,null,25,152]
[79,"BOULES CLUB CLOYSIEN","TRIAU Fabrice",9,"HAS",20,{"$nulls":3},22,{"$nulls":3},10,null,10,{"$nulls":3},10,null,10,null,30,{"$nulls":3},10,30,{"$nulls":4},152]
[80,"LURAY","DESESQUELLES Philippe",14,"HVS",10,10,null,16,10,12,null,10,12,{"$nulls":6},10,10,null,10,{"$nulls":3},10,null,10,10,null,12,152]
[81,"CHALLET-BAILLEAU L'EVEQUE","LATIMIER Pascal",14,"HVS",10,10,12,10,null,10,null,15,10,null,null,10,{"$nulls":4},10,null,null,10,null,null,12,null,10,12,null,10,151]
[82,"LA GAULOISE","CABART Georgette",14,"FVS",{"$nulls":9},15,10,null,16,null,10,10,10,10,10,10,null,10,10,10,null,null,10,10,151]
[83,"BLEVY MAILLEBOIS","GILLOT Moïse",12,"HVS",null,null,12,10,null,10,null,null,10,null,null,16,null,null,15,{"$nulls":3},10,10,10,10,null,null,15,null,null,20,148]
[84,"BLEVY MAILLEBOIS","MAIA Christophe",14,"HAS",null,null,12,12,null,10,null,null,10,null,null,12,null,null,10,10,null,null,10,10,10,10,null,null,12,10,null,10,148]
[85,"BOUGLAINVAL","GARGASSON Jacky",12,"HVD",20,12,{"$nulls":6},10,null,10,{"$nulls":4},10,14,null,10,null,10,null,10,20,10,null,10,null,146]
[86,"SAINT ELIPH","COMTAMIN Jonathan",13,"HAD",{"$nulls":8},10,{"$nulls":3},20,null,10,10,12,10,10,10,10,10,10,12,null,null,12,null,146]
[87,"CHARPONT","PITOT Didier",12,"HVS",10,null,10,15,20,null,null,12,16,{"$nulls":7},10,null,10,10,10,null,10,{"$nulls":3},10,null,143]
[88,"CHARPONT","PRESTVOINE Mickael",13,"HAS",{"$nulls":3},15,{"$nulls":6},10,{"$nulls":4},10,10,null,10,10,12,null,10,15,10,10,10,10,142]
[89,"BOUGLAINVAL","CAUSERET Gilles",12,"HVD",{"$nulls":3},10,12,10,null,null,10,null,10,{"$nulls":6},25,10,10,null,10,12,null,null,10,12,null,141]
[90,"BOUGLAINVAL","DENEFF Guillaume",11,"HAS",10,15,{"$nulls":4},10,15,{"$nulls":3},12,{"$nulls":3},10,22,null,null,10,null,null,10,null,null,12,null,15,141]
[91,"LURAY","PELTRIAUX Frédéric",11,"HAS",12,22,10,null,12,12,null,null,10,null,null,10,{"$nulls":3},10,{"$nulls":6},18,null,10,null,null,15,141]
[92,"BOUGLAINVAL","MENAGER Jean Paul",12,"HVD",null,20,null,10,{"$nulls":4},12,null,10,{"$nulls":5},14,null,10,10,10,10,12,null,null,10,12,null,140]
[93,"BOULES CLUB CLOYSIEN","LALLIOT Gildas",9,"HAS",20,null,10,null,12,{"$nulls":5},10,null,15,null,22,null,10,null,30,{"$nulls":3},10,{"$nulls":5},139]
[94,"LURAY","ROSSIGNOL Pascal",11,"HVS",30,12,12,{"$nulls":5},10,null,null,10,null,null,10,10,10,null,15,null,10,{"$nulls":3},10,{"$nulls":3},139]
[95,"CHARPONT","PITOT Micheline",12,"FVS",16,null,10,10,10,null,null,12,null,15,{"$nulls":6},10,null,10,10,15,null,10,{"$nulls":3},10,null,138]
[96,"CRECY- COUVE","GERMAIN Stéphane",10,"HAD",15,null,null,15,null,14,null,10,15,null,null,22,12,null,10,{"$nulls":3},10,{"$nulls":3},15,{"$nulls":5},138]
[97,"BOUGLAINVAL","GAUDEFROY Patrice",10,"HVS",15,20,{"$nulls":3},15,null,null,10,null,null,10,{"$nulls":3},25,{"$nulls":3},10,null,10,10,{"$nulls":4},10,135]
[98,"CHARPONT","LE MANACH Pascal",12,"HVD",10,null,10,10,null,12,null,10,16,null,null,10,10,null,null,12,10,{"$nulls":3},15,null,10,{"$nulls":5},135]
[99,"CRECY- COUVE","LECOMTE Alexandra",8,"FAS",null,null,20,{"$nulls":3},30,15,{"$nulls":3},15,{"$nulls":3},10,25,null,10,10,{"$nulls":8},135]
[100,"CHARPONT","PERRIN Cyril",10,"HAD",14,10,{"$nulls":3},30,{"$nulls":10},10,null,10,10,null,15,{"$nulls":3},10,15,10,134]
[101,"CHALLET-BAILLEAU L'EVEQUE","DEMONCAY Florence",10,"FAS",10,null,null,10,null,null,15,null,null,30,10,{"$nulls":5},10,{"$nulls":5},10,null,12,16,null,10,133]
[102,"VICHERES","GUILLOU Mayvis",7,"HAS",null,null,25,{"$nulls":5},10,{"$nulls":3},25,null,12,{"$nulls":3},15,null,25,null,20,{"$nulls":5},132]
[103,"VICHERES","SURCIN Tanguy",7,"HAS",null,null,25,{"$nulls":7},10,null,25,null,12,{"$nulls":3},15,null,25,null,20,{"$nulls":5},132]
[104,"CRECY- COUVE","BEGAL William",10,"HVS",null,null,10,null,15,null,null,20,15,{"$nulls":5},10,10,15,null,10,{"$nulls":3},10,null,16,{"$nulls":3},131]
[105,"BOUGLAINVAL","POLVE Jacques",11,"HVD",10,10,{"$nulls":3},10,null,16,{"$nulls":6},10,{"$nulls":3},10,10,{"$nulls":3},20,null,14,10,10,130]
[106,"BOULES CLUB CLOYSIEN","GAUGUIN Alain",9,"HAS",{"$nulls":8},10,{"$nulls":7},20,20,10,10,10,10,10,30,{"$nulls":4},130]
[107,"CHARPONT","PITOT Wilfrid",9,"HAS",null,10,{"$nulls":5},25,{"$nulls":6},15,{"$nulls":3},10,null,10,null,15,null,null,10,22,12,129]
[108,"LURAY","NICHAU Jonathan",8,"HAS",{"$nulls":3},20,null,null,25,null,12,null,null,10,{"$nulls":3},18,{"$nulls":4},22,12,null,null,10,{"$nulls":3},129]
[109,"SAINT GEORGES MOTEL","RANDRIANTAHINA Roger",9,"HV",{"$nulls":5},15,null,null,10,null,null,12,{"$nulls":3},10,null,null,15,null,15,null,22,null,15,15,null,null,129]
[110,"CHARPONT","PRIEUR Alain",12,"HVS",10,null,10,10,10,null,null,10,10,null,10,{"$nulls":4},12,10,null,10,null,16,null,10,{"$nulls":5},128]
[111,"SAINT ELIPH","HARDY Aurelien",9,"HAS",12,{"$nulls":7},22,null,14,10,null,null,20,10,15,15,10,{"$nulls":9},128]
[112,"YEVRES","LETERTRE Christian",9,"HVS",{"$nulls":7},15,null,null,12,null,12,null,10,null,null,12,{"$nulls":3},10,15,22,null,null,20,null,128]
[113,"VICHERES","CHASSIN Jean-Paul",11,"HAS",null,10,14,10,{"$nulls":4},15,null,10,null,10,null,10,null,null,16,null,null,10,null,10,{"$nulls":3},12,null,127]
[114,"BOUGLAINVAL","HICGUET Anne-Claire",12,"FAS",10,10,10,14,10,{"$nulls":5},10,{"$nulls":3},10,null,12,null,10,null,null,10,10,null,null,10,null,null,126]
[115,"YEVRES","CHEVALLIER Ludovic",8,"HAS",{"$nulls":7},15,{"$nulls":4},12,null,10,null,null,12,{"$nulls":3},10,15,22,null,null,30,null,126]
[116,"CRECY- COUVE","HEBERT Ludovic",8,"HAS",25,15,20,null,null,25,null,null,10,{"$nulls":6},10,null,null,10,{"$nulls":3},10,{"$nulls":5},125]
[117,"LURAY","LARUE  Franck",12,"HVS",10,null,null,10,null,10,null,null,10,null,null,10,{"$nulls":3},10,null,null,10,null,10,15,10,null,10,null,null,10,125]
[118,"VICHERES","PROUST Julien",9,"HAS",10,15,15,10,15,15,null,15,20,{"$nulls":3},10,{"$nulls":15},125]
[119,"VICHERES","EGGER Ludovic",7,"HAD",null,null,15,{"$nulls":4},10,30,{"$nulls":3},15,{"$nulls":4},10,null,20,null,null,25,{"$nulls":5},125]
[120,"BOULES CLUB CLOYSIEN","TANCRE Catherine",11,"FVS",null,null,10,{"$nulls":4},12,10,null,10,null,10,null,10,null,10,22,10,10,null,null,10,{"$nulls":5},124]
[121,"BOULES CLUB CLOYSIEN","TRIAU Lucas",9,"HAS",{"$nulls":4},10,18,{"$nulls":4},16,{"$nulls":3},10,null,10,30,10,{"$nulls":3},10,null,10,{"$nulls":3},124]
[122,"CRECY- COUVE","LECONTE Steven",8,"HAD",{"$nulls":3},15,null,14,{"$nulls":5},15,{"$nulls":4},25,null,null,15,10,null,10,null,20,{"$nulls":3},124]
[123,"BONNEVAL","LACOSTE Phillippe",9,"HVD",{"$nulls":4},15,{"$nulls":5},10,null,15,null,null,10,null,15,null,10,{"$nulls":3},25,null,null,10,12,122]
[124,"CHALLET-BAILLEAU L'EVEQUE","DUMONT Isabelle",11,"FVS",null,null,12,10,10,null,null,15,10,null,null,10,null,null,10,null,15,{"$nulls":3},10,{"$nulls":3},10,null,null,10,122]
[125,"CRECY- COUVE","LOPES Carlos",9,"HAS",null,null,15,{"$nulls":4},12,{"$nulls":6},12,null,10,15,10,null,15,null,15,{"$nulls":3},18,null,122]
[126,"BOUGLAINVAL","GOLLION Stephane",10,"HAS",null,10,{"$nulls":5},16,null,null,10,{"$nulls":3},10,null,10,null,10,25,null,null,10,null,10,10,null,null,121]
[127,"VICHERES","SALOMON Dimitri",8,"HAD",{"$nulls":3},20,{"$nulls":3},22,null,null,15,null,14,null,18,{"$nulls":4},12,10,{"$nulls":3},10,{"$nulls":3},121]
[128,"LURAY","AZEVEDO Antonio",7,"HVD",{"$nulls":3},15,null,10,null,null,20,null,null,15,null,null,25,{"$nulls":4},15,20,{"$nulls":7},120]
[129,"CHARPONT","RIBEIRO Manuel",{"$f":"COUNTIF(F131:AG131,\">1\")","v":10},"HVS",12,null,10,10,{"$nulls":3},12,10,null,null,18,null,null,10,{"$nulls":3},15,{"$nulls":3},10,null,null,12,null,null,{"$f":"SUM(F131:AG131)","v":119}]
[130,"SAINT GEORGES MOTEL","RUELLE Dominique",9,"HV",null,null,10,{"$nulls":8},12,{"$nulls":3},12,null,null,15,10,15,null,10,null,null,15,null,20,119]
[131,"CHARPONT","PALARIC Nathalie",10,"FVS",{"$nulls":3},10,10,null,null,18,null,15,{"$nulls":5},10,null,null,10,10,15,{"$nulls":5},10,10,118]
[132,"CHARPONT","PRIEUR Laure",10,"FVS",16,null,10,10,{"$nulls":3},10,null,15,10,{"$nulls":4},12,null,null,15,null,10,null,10,{"$nulls":5},118]
[133,"CHUISNES","DEPUSSAY Thierry",10,"HVS",{"$nulls":14},16,15,null,null,10,10,10,10,16,null,10,null,10,10,117]
[134,"CRECY- COUVE","CAMART Michel",8,"HAS",15,null,30,{"$nulls":4},10,{"$nulls":3},10,null,null,10,10,null,null,12,null,null,20,{"$nulls":6},117]
[135,"CRECY- COUVE","GAUDIN Jean Marc",9,"HVD",null,null,10,10,15,null,null,20,{"$nulls":7},12,10,{"$nulls":3},15,null,10,null,15,{"$nulls":3},117]
[136,"CRECY- COUVE","LAMY Laurent",9,"HVS",15,15,20,10,{"$nulls":3},10,15,null,10,null,12,{"$nulls":5},10,{"$nulls":9},117]
[137,"BLEVY MAILLEBOIS","MARTIN Eric",9,"HVS",null,10,10,{"$nulls":5},10,null,null,12,null,null,12,30,10,null,null,12,10,{"$nulls":7},116]
[138,"SAINT GEORGES MOTEL","ABDELESSELAMI Kader",8,"HA",{"$nulls":11},20,null,null,12,null,18,null,10,22,12,null,10,null,12,{"$nulls":3},116]
[139,"SAINT GEORGES MOTEL","PLESSIS Emmanuel  ",8,"HA",{"$nulls":11},20,null,null,12,null,15,null,10,null,12,25,10,null,12,{"$nulls":3},116]
[140,"CRECY- COUVE","ELIE Christine",9,"FVD",{"$nulls":3},15,{"$nulls":11},12,10,null,10,15,15,18,10,null,10,{"$nulls":3},115]
[141,"LURAY","TRUBERT Jacky",7,"HVD",{"$nulls":5},10,null,null,20,null,null,15,null,null,25,{"$nulls":4},15,20,null,10,{"$nulls":5},115]
[142,"VICHERES","CAILLON Jérome",10,"HAS",10,10,{"$nulls":3},10,null,10,{"$nulls":4},15,null,10,null,10,null,15,{"$nulls":4},15,null,null,10,null,115]
[143,"BOUGLAINVAL","MANIEZ Hugo",9,"HAS",null,null,10,10,{"$nulls":11},10,null,25,10,14,null,10,10,{"$nulls":3},15,null,114]
[144,"CHARPONT","ONDO Jean-Hilaire",11,"HVD",{"$nulls":3},10,null,10,null,null,10,{"$nulls":5},10,null,12,null,10,null,12,10,10,null,10,10,null,null,114]
[145,"LURAY","GOSSE Amandine",9,"FAD",15,null,12,null,null,12,{"$nulls":9},15,null,null,10,null,10,10,null,null,20,10,null,null,114]
[146,"LURAY","MAZAS Pascal",11,"HVD",10,null,null,10,null,10,null,10,10,null,10,{"$nulls":4},10,null,null,10,null,10,null,10,{"$nulls":4},14,114]
[147,"CRECY- COUVE","BUCHET Gwendal",9,"HJD",null,null,15,{"$nulls":5},10,null,null,10,{"$nulls":3},10,null,null,20,16,null,10,10,{"$nulls":4},12,113]
[148,"LURAY","GLIZE Joel",8,"HVD",null,null,15,16,{"$nulls":4},10,{"$nulls":5},10,{"$nulls":3},10,null,null,30,null,null,10,null,null,12,113]
[149,"BOUGLAINVAL","CRETON Michel",11,"HVD",10,10,null,10,12,10,{"$nulls":5},10,{"$nulls":4},10,10,10,10,null,null,10,{"$nulls":5},112]
[150,"BOUGLAINVAL","CRETON Renée",11,"FVD",10,10,null,10,12,10,{"$nulls":5},10,{"$nulls":4},10,10,10,10,null,null,10,{"$nulls":5},112]
[151,"BOUGLAINVAL","DENEFF Anne",10,"FAS",10,15,{"$nulls":4},10,15,{"$nulls":3},10,{"$nulls":3},10,10,null,null,10,null,null,10,null,null,12,null,null,112]
[152,"BOUGLAINVAL","MEHANECHE Roger",11,"HVS",10,10,null,12,null,10,{"$nulls":10},10,null,10,10,10,null,10,null,10,null,null,10,112]
[153,"CHARPONT","ROUSSEAU Marielle",11,"FVS",null,12,null,10,{"$nulls":4},10,null,10,{"$nulls":7},10,10,10,10,10,null,10,null,10,null,112]
[154,"CRECY- COUVE","LE COINT Frédéric",9,"HAD",22,null,10,10,{"$nulls":3},10,15,{"$nulls":5},10,10,null,null,15,{"$nulls":5},10,{"$nulls":3},112]
[155,"BOUGLAINVAL","HERY Vincent",8,"HVS",{"$nulls":3},22,10,{"$nulls":3},10,null,15,{"$nulls":3},15,{"$nulls":3},14,15,{"$nulls":4},10,{"$nulls":3},111]
[156,"SAINT GEORGES MOTEL","NGAMBE Guy",8,"HV",{"$nulls":5},15,null,null,10,null,null,12,{"$nulls":3},10,12,null,15,{"$nulls":3},22,null,15,{"$nulls":3},111]
[157,"BOUGLAINVAL","MANIEZ Grégory",9,"HAS",15,null,10,{"$nulls":5},10,{"$nulls":6},10,{"$nulls":3},14,null,10,10,null,null,16,15,null,110]
[158,"LURAY","ROSSIGNOL Françoise",11,"FVS",10,10,10,{"$nulls":5},10,null,null,10,null,null,10,10,10,10,10,null,10,{"$nulls":7},110]
[159,"CHARPONT","FAURE Christophe",9,"HVS",null,16,10,10,{"$nulls":7},18,null,null,10,12,10,null,10,{"$nulls":8},12,108]
[160,"CHEMINOTS","HIRIEL Fabrice",8,"HAS",10,{"$nulls":14},16,30,null,null,12,10,10,10,{"$nulls":4},10,108]
[161,"CHEMINOTS","MOREAU Maxime",8,"HAS",{"$nulls":4},10,{"$nulls":10},16,30,null,null,12,10,null,10,{"$nulls":3},10,10,108]
[162,"CRECY- COUVE","BEFFROY Daniel",9,"HVD",10,{"$nulls":6},20,{"$nulls":7},12,10,null,null,10,16,10,10,null,10,{"$nulls":3},108]
[163,"SAINT ELIPH","GAGNEBIEN Boris",10,"HAS",10,null,10,10,{"$nulls":6},12,{"$nulls":3},14,{"$nulls":3},12,null,10,{"$nulls":3},10,null,10,10,108]
[164,"BLEVY MAILLEBOIS","BIDARD Philippe",10,"HVS",{"$nulls":14},12,15,10,null,10,10,10,10,10,null,10,null,10,null,107]
[165,"BONNEVAL","BOUILLY Eric",8,"HVS",{"$nulls":4},15,{"$nulls":5},10,{"$nulls":4},10,null,15,null,10,{"$nulls":3},25,null,null,10,12,107]
[166,"CHARPONT","NOVEL Jean François",10,"HVD",10,null,null,10,{"$nulls":3},10,{"$nulls":4},10,{"$nulls":3},10,null,10,null,15,null,10,null,10,null,null,12,107]
[167,"CHUISNES","BASTHISTE Kevin",10,"HAS",{"$nulls":14},10,15,10,null,10,10,10,12,10,{"$nulls":3},10,10,107]
[168,"CHARPONT","BROSCRITTO Luigi",9,"HVS",12,null,10,null,null,12,{"$nulls":5},18,null,null,10,{"$nulls":3},10,{"$nulls":3},10,null,12,12,null,null,106]
[169,"CRECY- COUVE","CANELAS David",8,"HVD",{"$nulls":4},15,{"$nulls":10},12,15,null,10,null,10,18,10,null,15,{"$nulls":3},105]
[170,"CRECY- COUVE","LECONTE Luc",6,"HVS",null,15,20,25,{"$nulls":4},15,null,null,15,{"$nulls":7},15,{"$nulls":8},105]
[171,"VICHERES","LEBACLE Sébastien",9,"HAS",10,null,null,10,{"$nulls":3},15,10,null,10,{"$nulls":3},20,null,10,null,10,null,10,{"$nulls":7},105]
[172,"VICHERES","POIRIER Anthony",7,"HAS",{"$nulls":8},18,null,22,{"$nulls":3},10,15,null,null,10,null,10,null,20,{"$nulls":5},105]
[173,"VICHERES","SALOMON Carine",7,"FAD",12,null,null,10,{"$nulls":3},30,null,null,10,{"$nulls":3},18,{"$nulls":5},15,{"$nulls":3},10,{"$nulls":3},105]
[174,"BOUGLAINVAL","PENON Damien",7,"HAS",null,25,null,null,10,{"$nulls":3},10,{"$nulls":9},14,null,null,10,null,null,10,null,null,25,104]
[175,"LURAY","OVERMANN Guy",8,"HVS",null,null,12,12,null,10,{"$nulls":5},10,{"$nulls":3},10,null,null,10,null,null,30,null,null,10,{"$nulls":3},104]
[176,"BOULES CLUB CLOYSIEN","GERARD Marie-Laure",8,"FAS",{"$nulls":4},12,10,{"$nulls":3},22,10,null,15,null,12,10,{"$nulls":3},12,{"$nulls":8},103]
[177,"VICHERES","BELT Alban",6,"HAD",null,null,18,{"$nulls":4},30,10,{"$nulls":5},10,null,null,10,{"$nulls":4},25,{"$nulls":5},103]
[178,"CHARPONT","GUERZA Ylies",8,"HAS",{"$nulls":3},30,null,10,{"$nulls":10},10,null,null,10,null,null,10,null,10,12,null,10,102]
[179,"LURAY","PERCHER Patrick",9,"HVS",null,10,null,10,null,10,null,20,{"$nulls":3},10,{"$nulls":4},10,null,10,null,null,12,null,null,10,{"$nulls":3},102]
[180,"VICHERES","MENAGER Antoine",7,"HAS",{"$nulls":8},18,null,22,null,12,null,10,{"$nulls":3},10,null,10,null,20,{"$nulls":5},102]
[181,"BLEVY MAILLEBOIS","JURE Eric",7,"HVS",{"$nulls":8},10,null,null,16,null,null,15,{"$nulls":3},10,{"$nulls":5},15,15,null,20,101]
[182,"BOULES CLUB CLOYSIEN","ROLANDEAU Mehdi",5,"HAS",{"$nulls":4},25,{"$nulls":5},30,{"$nulls":7},10,{"$nulls":3},10,{"$nulls":3},25,null,100]
[183,"CRECY- COUVE","LHEMERY Mathieu",6,"HAS",null,15,20,null,null,25,null,null,10,{"$nulls":9},20,{"$nulls":3},10,{"$nulls":5},100]
[184,"LURAY","GUYON Thierry",7,"HVS",null,10,null,20,null,null,22,{"$nulls":8},10,null,null,18,{"$nulls":5},10,null,null,10,100]
[185,"VICHERES","HEUZE Nans",7,"HAS",{"$nulls":8},18,null,20,null,12,null,10,{"$nulls":3},10,null,10,null,20,{"$nulls":5},100]
[186,"VICHERES","RIQUET André",9,"HVS",10,10,{"$nulls":5},10,null,null,10,null,14,null,10,null,null,16,null,null,10,null,10,{"$nulls":5},100]
[187,"LURAY","MARECHAL Eric",7,"HVS",null,null,10,10,15,null,null,12,null,null,25,null,15,null,12,{"$nulls":13},99]
[188,"VICHERES","DORDOIGNE Jérome",7,"HAS",12,{"$nulls":6},15,{"$nulls":4},30,{"$nulls":3},10,12,{"$nulls":4},10,null,10,{"$nulls":3},99]
[189,"LURAY","NICHAU Gerard",8,"HVD",{"$nulls":3},20,null,10,null,null,12,null,null,10,{"$nulls":3},10,{"$nulls":4},16,null,10,null,10,{"$nulls":3},98]
[190,"SAINT ELIPH","LE BLANC Frédéric",8,"HAD",{"$nulls":6},20,null,12,{"$nulls":5},14,null,null,10,12,{"$nulls":5},10,10,null,10,98]
[191,"VICHERES","PODWOJEWSKI Murielle",8,"FVS",{"$nulls":3},10,{"$nulls":4},10,{"$nulls":5},10,20,{"$nulls":4},10,null,null,18,10,null,null,10,98]
[192,"BOUGLAINVAL","BOILLOD Sylvain",9,"HVS",null,10,{"$nulls":3},12,null,null,10,null,null,10,{"$nulls":3},15,null,null,10,10,null,10,{"$nulls":5},10,97]
[193,"CRECY- COUVE","COUTANCE Martine",{"$f":"COUNTIF(F195:AG195,\">1\")","v":8},"FVD",10,{"$nulls":6},20,{"$nulls":7},12,10,null,null,10,15,null,10,null,10,{"$nulls":3},{"$f":"SUM(F195:AG195)","v":97}]
[194,"LURAY","DUPONT Michel",9,"HVS",10,12,null,10,null,10,{"$nulls":5},10,null,null,15,10,null,null,10,null,10,{"$nulls":7},97]
[195,"SAINT GEORGES MOTEL","PESQUEUX Olivier",5,"HA",{"$nulls":5},22,{"$nulls":10},18,null,10,22,{"$nulls":5},25,null,null,97]
[196,"CRECY- COUVE","DEMEGLIO Yves",7,"HVD",10,null,18,18,null,15,null,null,10,null,15,10,{"$nulls":16},96]
[197,"CRECY- COUVE","FASSEUR Jean Michel",6,"HVD",{"$nulls":8},10,{"$nulls":9},25,null,null,10,null,null,18,22,null,10,95]
[198,"CRECY- COUVE","LE GARREC Mauricette",8,"FVD",{"$nulls":7},10,null,12,{"$nulls":8},10,15,10,18,10,null,10,{"$nulls":3},95]
[199,"VICHERES","DUBILLOT Théo",5,"HAS",null,null,25,{"$nulls":5},10,{"$nulls":6},15,{"$nulls":4},25,null,20,{"$nulls":5},95]
[200,"VICHERES","SEDILLOT-BUISSON Mael",8,"HJS",null,null,10,10,null,10,null,15,15,null,15,{"$nulls":10},10,10,{"$nulls":5},95]
[201,"BOULES CLUB CLOYSIEN","GERARD MARINE",7,"FAS",{"$nulls":4},22,null,15,null,null,15,10,{"$nulls":3},12,10,{"$nulls":6},10,{"$nulls":5},94]
[202,"CHARPONT","MAILLARD Guy",9,"HVS",null,null,12,10,null,10,null,null,10,null,null,10,{"$nulls":3},10,null,null,12,{"$nulls":3},10,null,10,{"$nulls":3},94]
[203,"CRECY- COUVE","GANDON Chantal",7,"FVD",null,null,15,{"$nulls":4},10,{"$nulls":6},12,{"$nulls":3},22,null,10,10,15,{"$nulls":5},94]
[204,"LURAY","LAVERGNE Alain",9,"HVS",12,null,null,12,null,10,null,10,{"$nulls":3},10,null,null,10,null,10,{"$nulls":3},10,{"$nulls":3},10,{"$nulls":3},94]
[205,"VICHERES","TUFFIER Benoist",7,"HAS",18,null,null,12,18,{"$nulls":5},10,{"$nulls":5},10,{"$nulls":7},10,null,15,null,93]
[206,"BOUGLAINVAL","FRESNEDA Angelo",8,"HVD",null,10,null,10,null,null,10,{"$nulls":8},10,22,null,null,10,null,null,10,{"$nulls":4},10,92]
[207,"CHALLET-BAILLEAU L'EVEQUE","LATIMIER Jean Jacques",8,"HVS",{"$nulls":8},10,null,null,10,{"$nulls":4},12,null,null,10,null,16,12,null,10,12,null,null,92]
[208,"LURAY","VILLETTE ALAIN",6,"HVD",12,30,{"$nulls":6},12,{"$nulls":6},18,{"$nulls":5},10,null,null,10,{"$nulls":3},92]
[209,"CRECY- COUVE","DAAGE Laetitia",7,"FAD",null,null,15,{"$nulls":4},12,null,12,null,10,{"$nulls":6},20,null,null,10,{"$nulls":5},12,91]
[210,"VICHERES","WEHRLE Jocelyne",8,"FVS",10,null,14,10,{"$nulls":6},10,null,10,{"$nulls":9},10,{"$nulls":3},12,15,91]
[211,"BOUGLAINVAL","DENEFF Estéban",8,"HJS",10,10,{"$nulls":4},15,15,{"$nulls":3},10,{"$nulls":3},10,10,{"$nulls":5},10,{"$nulls":5},90]
[212,"CHALLET-BAILLEAU L'EVEQUE","ROBILLARD Gilles",8,"HVS",null,10,{"$nulls":6},10,null,null,10,{"$nulls":4},12,null,null,10,null,16,12,{"$nulls":4},10,90]
[213,"CRECY- COUVE","LE FLOHIC Bruno",8,"HVD",null,null,15,15,null,10,null,10,10,null,10,10,{"$nulls":6},10,{"$nulls":9},90]
[214,"CRECY- COUVE","SAULU Christophe",6,"HAS",25,{"$nulls":4},25,null,null,10,{"$nulls":6},10,null,null,10,{"$nulls":3},10,{"$nulls":5},90]
[215,"SAINT GEORGES MOTEL","AUFFRET Stéphane",4,"HA",{"$nulls":18},15,{"$nulls":3},30,null,null,25,null,20,90]
[216,"VICHERES","CAILLEZ Bruno",6,"HVS",null,10,{"$nulls":5},22,{"$nulls":8},10,12,{"$nulls":3},14,{"$nulls":5},22,90]
[217,"SAINT GEORGES MOTEL","ADE Jeremy",6,"HA",{"$nulls":3},12,{"$nulls":7},10,null,null,12,{"$nulls":3},15,{"$nulls":3},30,null,10,{"$nulls":3},89]
[218,"SAINT GEORGES MOTEL","RATSIMBASAFY Hajalalaina",8,"HA",{"$nulls":5},12,{"$nulls":5},10,{"$nulls":6},10,null,10,10,10,null,12,15,null,null,89]
[219,"BOUGLAINVAL","RANVIER Marcel",8,"HVD",null,10,null,10,12,10,{"$nulls":5},10,{"$nulls":3},10,null,null,10,{"$nulls":8},16,88]
[220,"CHALLET-BAILLEAU L'EVEQUE","BOISSAY Agès",8,"FVS",null,null,12,null,10,{"$nulls":4},16,null,10,{"$nulls":4},10,null,null,10,{"$nulls":4},10,null,null,10,88]
[221,"CRECY- COUVE","BEGAL Pascal",8,"HVD",null,null,10,10,{"$nulls":4},10,{"$nulls":5},10,12,null,null,10,{"$nulls":3},10,null,16,{"$nulls":3},88]
[222,"LA GAULOISE","BROSSIN Irène",8,"FVS",{"$nulls":10},10,null,10,null,null,10,null,14,12,12,{"$nulls":3},10,null,null,10,null,88]
[223,"BOULES CLUB CLOYSIEN","CHAUVEAU Denis",5,"HVS",{"$nulls":4},25,{"$nulls":5},30,{"$nulls":5},12,null,10,{"$nulls":7},10,null,87]
[224,"BOULES CLUB CLOYSIEN","TOURNAY Quentin",7,"HAS",{"$nulls":4},10,null,15,null,10,null,10,{"$nulls":3},22,10,{"$nulls":6},10,{"$nulls":5},87]
[225,"CHALLET-BAILLEAU L'EVEQUE","IMPERIALE Claude",8,"HVS",null,10,{"$nulls":4},12,null,10,null,10,15,null,null,10,null,10,null,null,10,{"$nulls":8},87]
[226,"CHARPONT","CASSAGNABERE Franck",8,"HVS",null,null,10,10,null,10,{"$nulls":5},15,null,null,10,null,10,{"$nulls":3},12,{"$nulls":3},10,{"$nulls":3},87]
[227,"LURAY","GRECO Florian",7,"HAD",{"$nulls":3},10,null,12,null,null,10,null,null,10,{"$nulls":6},12,null,null,15,{"$nulls":3},18,null,null,87]
[228,"VICHERES","PASQUET Sylvie",6,"FVS",null,10,{"$nulls":5},15,null,25,10,null,10,{"$nulls":4},16,{"$nulls":10},86]
[229,"CRECY- COUVE","FERREIRA CORREIA Paulo",6,"HAD",{"$nulls":11},10,null,null,10,null,10,{"$nulls":3},10,null,15,null,30,{"$nulls":3},85]
[230,"LURAY","RICOIS Clara",6,"FJS",null,null,15,{"$nulls":3},22,{"$nulls":11},18,null,10,null,10,null,10,{"$nulls":3},85]
[231,"BOULES CLUB CLOYSIEN","LALLIOT Priscilla",7,"FAS",null,null,10,null,null,10,{"$nulls":3},22,10,null,10,null,12,{"$nulls":4},10,{"$nulls":8},84]
[232,"CHARPONT","MATHURIN Odile",8,"FVD",{"$nulls":11},10,{"$nulls":4},10,null,10,{"$nulls":3},10,null,12,10,10,12,84]
[233,"LURAY","TEILLEUX BENJAMIN",7,"HAS",12,null,10,null,12,{"$nulls":3},12,null,null,10,{"$nulls":10},18,null,10,{"$nulls":3},84]
[234,"SAINT GEORGES MOTEL","RATSIMBASAFY Patricia",8,"FV",{"$nulls":5},12,{"$nulls":5},10,{"$nulls":6},10,10,10,10,10,null,12,{"$nulls":3},84]
[235,"BLEVY MAILLEBOIS","MARTIN Gaëtan",6,"HAS",null,null,10,{"$nulls":5},10,{"$nulls":5},12,30,10,{"$nulls":3},10,{"$nulls":7},82]
[236,"BOUGLAINVAL","GESTIN Emmanuelle",7,"FAD",{"$nulls":3},10,null,null,10,null,null,20,null,12,{"$nulls":4},10,null,null,10,null,null,10,{"$nulls":5},82]
[237,"BOUGLAINVAL","GESTIN Jean Philippe",7,"HVD",{"$nulls":3},10,null,null,10,null,10,{"$nulls":6},10,22,null,null,10,null,null,10,{"$nulls":5},82]
[238,"CHARPONT","COMPAIN Xavier",8,"HAD",{"$nulls":8},10,{"$nulls":5},10,{"$nulls":4},10,10,12,10,null,10,null,10,null,82]
[239,"CHARPONT","PERRIN Raphael",7,"HJS",14,10,{"$nulls":3},16,{"$nulls":10},10,null,10,10,null,12,{"$nulls":6},82]
[240,"GAS","FROMENTIN Alain",8,"HVD",null,12,{"$nulls":5},10,10,{"$nulls":6},10,null,null,10,null,null,10,null,null,10,null,null,10,82]
[241,"LA GAULOISE","CABART LUAN",8,"FJS",{"$nulls":10},10,null,12,null,10,null,10,10,10,{"$nulls":3},10,{"$nulls":3},10,null,82]
[242,"LA GAULOISE","COLIN Jérome",8,"HAS",{"$nulls":10},12,null,10,null,10,null,10,null,null,10,null,null,10,10,null,null,10,null,82]
[243,"LURAY","SORTAIS Guy",8,"HVS",12,null,10,null,null,10,null,null,10,null,null,10,null,null,10,10,{"$nulls":4},10,{"$nulls":7},82]
[244,"VICHERES","ESNAULT Didier",6,"HVS",18,null,14,12,18,null,null,10,null,null,10,{"$nulls":17},82]
[245,"CHALLET-BAILLEAU L'EVEQUE","SOIRAT Philippe",7,"HVD",{"$nulls":3},10,null,10,null,null,10,null,null,15,{"$nulls":4},10,{"$nulls":5},14,12,{"$nulls":4},81]
[246,"GAS","BUZZI Sandra",7,"FVS",{"$nulls":3},10,null,null,15,14,{"$nulls":3},12,{"$nulls":10},10,10,{"$nulls":3},10,81]
[247,"GAS","MORIN Laurent",7,"HAS",{"$nulls":3},10,null,null,15,14,{"$nulls":3},12,{"$nulls":10},10,10,{"$nulls":3},10,81]
[248,"LA GAULOISE","COLOMINA Laetitia",7,"FAS",{"$nulls":9},15,null,null,16,{"$nulls":3},10,10,10,{"$nulls":3},10,{"$nulls":4},10,81]
[249,"YEVRES","VEAU Gaetan",6,"HAS",{"$nulls":10},12,null,12,null,10,null,null,12,{"$nulls":4},15,{"$nulls":3},20,null,81]
[250,"BLEVY MAILLEBOIS","GAUTIER Laurent",8,"HVS",{"$nulls":14},10,10,10,null,10,10,null,null,10,null,10,null,10,null,80]
[251,"CHALLET-BAILLEAU L'EVEQUE","CATTANEO Didier",7,"HVS",null,10,{"$nulls":5},15,10,{"$nulls":7},15,{"$nulls":3},10,null,10,{"$nulls":3},10,null,80]
[252,"CHALLET-BAILLEAU L'EVEQUE","DENIEAULT Patrice",8,"HVS",10,10,{"$nulls":6},10,null,null,10,null,null,10,null,10,{"$nulls":5},10,{"$nulls":4},10,80]
[253,"CHARPONT","JOLIBOIS Jérome",7,"HAS",{"$nulls":3},10,null,10,{"$nulls":5},15,{"$nulls":8},10,null,10,null,15,10,null,null,80]
[254,"LA GAULOISE","BROQUIN Michel",8,"HVS",{"$nulls":12},10,null,10,10,10,10,{"$nulls":3},10,null,10,null,null,10,null,80]
[255,"LA GAULOISE","LABRUYÈRE Patricia",8,"FAS",{"$nulls":10},10,null,10,null,10,null,10,null,null,10,null,null,10,{"$nulls":3},10,10,80]
[256,"LURAY","MONTEIRO Joaquina",8,"FVS",10,null,10,null,10,null,null,10,null,null,10,{"$nulls":7},10,null,10,{"$nulls":3},10,{"$nulls":3},80]
[257,"SAINT GEORGES MOTEL","DIEU Joël",{"$f":"COUNTIF(F259:AG259,\">1\")","v":6},"HV",{"$nulls":5},15,{"$nulls":12},10,null,10,null,10,null,25,10,null,null,{"$f":"SUM(F259:AG259)","v":80}]
[258,"CHARPONT","BECHE Roland",7,"HVS",null,14,null,15,{"$nulls":4},10,{"$nulls":6},10,10,null,10,{"$nulls":7},10,null,79]
[259,"CHARPONT","SRIPRAMONG Maitri",7," HVS",12,10,10,null,null,15,null,12,10,null,10,{"$nulls":17},79]
[260,"SAINT GEORGES MOTEL","DUPART Didier",7,"HV",{"$nulls":3},15,{"$nulls":7},12,{"$nulls":3},12,null,null,10,10,10,{"$nulls":3},10,{"$nulls":3},79]
[261,"VICHERES","SIMONKLEIN Lola",6,"FAS",{"$nulls":8},10,{"$nulls":3},25,null,10,{"$nulls":3},10,null,12,null,12,{"$nulls":5},79]
[262,"YEVRES","BRUNET Matthias",4,"HAD",{"$nulls":7},15,{"$nulls":4},12,{"$nulls":10},22,null,null,30,null,79]
[263,"BOULES CLUB CLOYSIEN","BELAN Christophe",7,"HAS",{"$nulls":4},10,18,null,null,10,null,10,{"$nulls":4},10,{"$nulls":3},10,null,null,10,{"$nulls":5},78]
[264,"LA GAULOISE","TRIGUEL Alexandre",7,"HAS",{"$nulls":14},10,null,10,14,null,12,null,12,null,10,null,null,10,null,78]
[265,"SAINT GEORGES MOTEL","RAMDANI Karim",5,"HA",{"$nulls":11},25,{"$nulls":4},15,null,10,null,18,null,10,{"$nulls":5},78]
[266,"SAINT GEORGES MOTEL","REDON Wesley",5,"HA",{"$nulls":11},25,{"$nulls":4},15,null,10,null,18,null,10,{"$nulls":5},78]
[267,"BOUGLAINVAL","GARGASSON Patricia",7,"FVD",10,12,{"$nulls":7},15,10,{"$nulls":9},10,{"$nulls":3},10,null,10,null,77]
[268,"BOUGLAINVAL","GASTINEL Patrice",6,"HVS",null,10,null,22,null,15,null,null,10,{"$nulls":13},10,null,10,{"$nulls":3},77]
[269,"CHARPONT","PITOT Jean Patrick",7,"HVS",null,null,10,15,{"$nulls":3},12,{"$nulls":10},10,null,10,null,10,null,10,{"$nulls":3},77]
[270,"SAINT GEORGES MOTEL","PICHON Bernard",7,"HV",{"$nulls":3},15,{"$nulls":11},12,null,null,10,10,10,null,10,null,null,10,null,null,77]
[271,"BOULES CLUB CLOYSIEN","GERARD Michel",7,"HVS",{"$nulls":4},12,null,null,12,10,null,10,{"$nulls":3},10,{"$nulls":4},12,{"$nulls":4},10,{"$nulls":3},76]
[272,"CHALLET-BAILLEAU L'EVEQUE","WINGEL Lionel",7,"HVS",null,10,{"$nulls":4},10,10,10,{"$nulls":7},10,null,null,10,null,16,{"$nulls":6},76]
[273,"CHARPONT","OCHI Samy",6,"HAD",{"$nulls":5},16,null,null,10,{"$nulls":7},15,null,10,{"$nulls":7},15,10,76]
[274,"BOUGLAINVAL","PREVOST Francoise",7,"FVD",10,null,10,10,null,null,15,{"$nulls":4},10,{"$nulls":10},10,{"$nulls":4},10,75]
[275,"BOULES CLUB CLOYSIEN","LALLIOT Manon",6,"FAS",null,null,10,{"$nulls":3},20,null,null,15,10,{"$nulls":5},10,null,null,10,{"$nulls":8},75]
[276,"LURAY","AUBRY Michel",7,"HVD",null,10,15,10,{"$nulls":7},10,{"$nulls":7},10,null,10,{"$nulls":5},10,75]
[277,"VICHERES","DUBRE Pascal",6,"HAS",{"$nulls":3},10,null,10,{"$nulls":8},10,null,null,20,{"$nulls":3},10,null,15,{"$nulls":4},75]
[278,"VICHERES","LE TEXIER Pascal ",7,"HVS",10,15,null,10,{"$nulls":3},10,{"$nulls":8},10,{"$nulls":3},10,{"$nulls":5},10,null,75]
[279,"BOUGLAINVAL","TOUTAIN Sylvie",6,"FVS",null,10,null,14,{"$nulls":5},20,{"$nulls":6},10,null,null,10,{"$nulls":7},10,74]
[280,"LA GAULOISE","TOURNEREAU COLIN Arthur",7,"HJS",{"$nulls":10},12,null,12,null,10,{"$nulls":4},10,null,null,10,{"$nulls":3},10,10,74]
[281,"SAINT ELIPH","LELONG Lilian",6,"HAD",{"$nulls":4},12,20,null,null,12,{"$nulls":5},10,{"$nulls":3},10,null,10,{"$nulls":7},74]
[282,"YEVRES","ALLARD Jean Marie",7,"HVD",{"$nulls":4},10,null,null,12,10,{"$nulls":6},12,null,10,{"$nulls":3},10,{"$nulls":4},10,null,74]
[283,"LURAY","BLIN Jean-Jacques",6,"HVD",{"$nulls":3},16,{"$nulls":14},10,15,null,12,null,null,10,10,null,null,73]
[284,"BONNEVAL","MAUGET Bruno",5,"HVS",{"$nulls":4},15,{"$nulls":10},10,{"$nulls":3},10,{"$nulls":3},25,{"$nulls":3},12,72]
[285,"CHALLET-BAILLEAU L'EVEQUE","CATTANEO Brigitte",6,"FVS",{"$nulls":7},15,null,12,{"$nulls":6},15,{"$nulls":3},10,null,10,{"$nulls":3},10,null,72]
[286,"CHALLET-BAILLEAU L'EVEQUE","COUDIER Alain",7,"HVS",null,10,null,10,null,10,null,null,10,null,10,{"$nulls":3},10,{"$nulls":8},12,{"$nulls":4},72]
[287,"CHARPONT","EMILE Antoine",7,"HVS",null,10,12,{"$nulls":7},10,null,10,{"$nulls":3},10,null,10,{"$nulls":5},10,{"$nulls":3},72]
[288,"CHARPONT","FLORIN Terry",6,"HAS",{"$nulls":3},10,{"$nulls":7},15,{"$nulls":4},10,15,null,null,12,{"$nulls":3},10,{"$nulls":3},72]
[289,"LA GAULOISE","CHANTEAU Didier",7,"HVS",{"$nulls":10},10,null,12,null,10,null,10,{"$nulls":5},10,{"$nulls":3},10,10,72]
[290,"LURAY","POINÇON Gaétan",7,"HAS",10,null,10,10,null,12,{"$nulls":12},10,10,{"$nulls":4},10,{"$nulls":3},72]
[291,"VICHERES","COHIN Nicolas",5,"HAS",{"$nulls":3},12,{"$nulls":4},20,{"$nulls":3},15,null,10,{"$nulls":11},15,null,72]
[292,"BLEVY MAILLEBOIS","LEMAIRE Raphael",7,"HAS",null,null,10,10,{"$nulls":4},10,{"$nulls":5},10,{"$nulls":3},10,null,null,10,{"$nulls":3},10,null,null,70]
[293,"BLEVY MAILLEBOIS","MACHADO Federico",7,"HVD",{"$nulls":14},10,10,10,null,10,{"$nulls":3},10,null,10,null,10,null,70]
[294,"BOUGLAINVAL","ROLLET Patrick",7,"HAS",null,10,null,10,null,10,null,null,10,null,null,10,{"$nulls":4},10,null,10,{"$nulls":9},70]
[295,"BOULES CLUB CLOYSIEN","VIMEUX Rene",5,"HVS",{"$nulls":8},10,null,10,{"$nulls":6},30,{"$nulls":5},10,{"$nulls":3},10,70]
[296,"BOULES CLUB CLOYSIEN","VINCENZI Julie",7,"FAS",null,null,10,null,10,10,{"$nulls":4},10,{"$nulls":3},10,{"$nulls":3},10,10,{"$nulls":8},70]
[297,"LA GAULOISE","ANGELY Ludovic",7,"HAS",{"$nulls":12},10,null,10,10,null,10,{"$nulls":3},10,null,10,{"$nulls":3},10,70]
[298,"LA GAULOISE","CABART CLEM",7,"FJS",{"$nulls":10},10,null,10,null,10,null,10,{"$nulls":5},10,10,null,null,10,null,70]
[299,"LA GAULOISE","GALLAY David",7,"HAS",{"$nulls":10},10,null,10,null,10,10,{"$nulls":6},10,{"$nulls":3},10,10,70]
[300,"LURAY","LE MEUR Fabrice",7,"HVS",{"$nulls":11},10,null,null,10,{"$nulls":3},10,null,10,null,10,null,10,null,10,null,70]
[301,"LURAY","MAUVAIS Eric",7,"HVS",null,10,null,10,{"$nulls":7},10,{"$nulls":7},10,null,10,10,null,10,{"$nulls":3},70]
[302,"VICHERES","DECAYEUX Lauralée",5,"FAS",null,null,10,10,null,null,18,22,null,null,10,{"$nulls":17},70]
[303,"BONNEVAL","FAVRÉ Mickael",5,"HAD",{"$nulls":4},16,{"$nulls":7},15,{"$nulls":10},16,null,null,10,12,69]
[304,"SAINT ELIPH","FERREIRA Daniel",6,"HAS",{"$nulls":4},12,{"$nulls":3},10,{"$nulls":7},10,null,12,{"$nulls":7},15,10,69]
[305,"BOUGLAINVAL","LIBERT Didier",6,"HAD",null,10,null,10,12,10,null,null,10,{"$nulls":18},16,68]
[306,"CHUISNES","DODIN Joris",6,"HAS",{"$nulls":18},10,10,10,10,16,{"$nulls":3},12,null,68]
[307,"GAS","DESILES Ludovic",6,"HAS",{"$nulls":7},14,10,null,null,10,{"$nulls":10},10,14,{"$nulls":3},10,68]
[308,"LA GAULOISE","VERRIER Nicolas",6,"HAS",{"$nulls":10},10,null,16,{"$nulls":3},10,null,12,10,null,null,10,{"$nulls":5},68]
[309,"BOULES CLUB CLOYSIEN","QUINTAIS LUCIA",5,"FVS",{"$nulls":4},25,{"$nulls":5},10,{"$nulls":5},12,null,10,{"$nulls":7},10,null,67]
[310,"BOUGLAINVAL","MARTEL Laurent",5,"HAS",null,18,{"$nulls":10},18,{"$nulls":3},10,{"$nulls":4},10,{"$nulls":5},10,66]
[311,"LA GAULOISE","GRISVAL Sébastien",6,"HAS",{"$nulls":17},14,null,10,null,12,10,{"$nulls":3},10,10,66]
[312,"LURAY","GEHAN Michel",5,"HAS",{"$nulls":4},12,{"$nulls":3},15,{"$nulls":6},10,{"$nulls":6},18,null,10,{"$nulls":3},65]
[313,"CHARPONT","ROUSSELET Pascal",6,"HVD",{"$nulls":3},10,{"$nulls":3},10,{"$nulls":9},12,12,10,null,null,10,{"$nulls":5},64]
[314,"GAS","BROU Jean-Claude",6,"HVS",null,12,null,10,{"$nulls":3},10,10,{"$nulls":14},12,{"$nulls":3},10,64]
[315,"GAS","BROU Marie-France",6,"FVS",null,12,null,10,{"$nulls":3},10,10,{"$nulls":14},12,{"$nulls":3},10,64]
[316,"LA GAULOISE","FEZARD Magaly",6,"FAS",{"$nulls":14},10,null,10,null,null,12,null,12,null,10,null,null,10,null,64]
[317,"VICHERES","EGGER Bruno",4,"HVS",{"$nulls":15},15,null,15,null,20,null,14,{"$nulls":6},64]
[318,"YEVRES","HOUDIERE Alain",6,"HVD",{"$nulls":7},12,10,{"$nulls":6},12,null,10,null,10,null,10,{"$nulls":6},64]
[319,"BONNEVAL","GALLAIS Janny",6,"HVD",{"$nulls":4},10,{"$nulls":7},10,{"$nulls":4},10,null,10,{"$nulls":3},10,{"$nulls":3},12,62]
[320,"CHALLET-BAILLEAU L'EVEQUE","BRABANT Annick",4,"FVS",null,10,{"$nulls":4},12,null,null,30,10,{"$nulls":17},62]
[321,"CHARPONT","MATHURIN Alain",{"$f":"COUNTIF(F323:AG323,\">1\")","v":6},"HVS",{"$nulls":11},10,10,{"$nulls":3},12,null,10,{"$nulls":3},10,null,null,10,null,null,{"$f":"SUM(F323:AG323)","v":62}]
[322,"CHEMINOTS","BARBERA Alain",6,"HVS",10,{"$nulls":18},12,10,10,10,{"$nulls":4},10,62]
[323,"CHUISNES","LAURENCE HAULTCOEUR Laetitia",6,"FAS",0,{"$nulls":13},10,null,10,null,null,10,null,null,10,{"$nulls":3},12,10,62]
[324,"GAS","BRIANCEAU Frederique",6,"FVS",null,12,{"$nulls":5},10,{"$nulls":10},10,null,null,10,null,null,10,null,null,10,62]
[325,"LURAY","LIGAVAN Cyril",6,"HAS",10,{"$nulls":3},12,null,null,10,null,null,10,{"$nulls":7},10,null,10,{"$nulls":7},62]
[326,"SAINT GEORGES MOTEL","DAUTRICHE Philippe",5,"HV",{"$nulls":3},10,null,22,{"$nulls":5},10,{"$nulls":6},10,{"$nulls":3},10,{"$nulls":5},62]
[327,"BLEVY MAILLEBOIS","GUGGENBUHL Claude",6,"HVS",{"$nulls":3},10,{"$nulls":6},10,{"$nulls":4},10,{"$nulls":5},10,{"$nulls":3},10,10,null,60]
[328,"BLEVY MAILLEBOIS","MARTIN Pierre",5,"HAS",null,null,10,{"$nulls":13},10,{"$nulls":3},10,20,{"$nulls":3},10,null,null,60]
[329,"BOUGLAINVAL","CHALLE Stéphane",5,"HAS",null,10,{"$nulls":6},12,null,null,14,{"$nulls":3},14,{"$nulls":3},10,{"$nulls":8},60]
[330,"LURAY","GRANDIAU Dominique",4,"HVD",{"$nulls":3},15,null,10,{"$nulls":13},15,20,{"$nulls":7},60]
[331,"LURAY","MAZAS Nadine",5,"FVS",12,null,null,10,{"$nulls":3},10,null,18,10,{"$nulls":17},60]
[332,"SAINT GEORGES MOTEL","RAJOT Pascal",6,"HA",{"$nulls":3},10,{"$nulls":7},10,{"$nulls":6},10,10,null,null,10,null,null,10,null,null,60]
[333,"YEVRES","BRUNET Pascal",6,"HAS",{"$nulls":7},10,{"$nulls":4},10,{"$nulls":4},10,null,10,null,null,10,{"$nulls":3},10,null,60]
[334,"SAINT GEORGES MOTEL","NOURRY Gilles",5,"HV",{"$nulls":3},15,{"$nulls":7},12,{"$nulls":6},10,10,null,null,12,{"$nulls":5},59]
[335,"CHARPONT","PEGO Lisandro",5,"HJ",{"$nulls":5},16,{"$nulls":10},10,null,10,10,null,12,{"$nulls":6},58]
[336,"GAS","DESILES Bernard",5,"HVS",{"$nulls":7},14,10,null,null,10,{"$nulls":10},10,14,{"$nulls":4},58]
[337,"LURAY","GRASSAUD Charline",5,"FAS",null,null,10,12,null,null,10,null,null,16,{"$nulls":15},10,null,null,58]
[338,"BOUGLAINVAL","BREMAUD André",5,"HVD",null,null,10,null,null,12,{"$nulls":9},10,10,{"$nulls":10},15,57]
[339,"SAINT GEORGES MOTEL","BALLAND Olivier",5,"HA",{"$nulls":11},12,{"$nulls":6},10,{"$nulls":3},10,null,10,15,null,null,57]
[340,"SAINT GEORGES MOTEL","TECHER Joserh",4,"HV",{"$nulls":18},10,10,null,null,22,null,15,{"$nulls":3},57]
[341,"BOUGLAINVAL","CANALES Corinne",3,"FVD",{"$nulls":24},25,15,null,16,56]
[342,"BOULES CLUB CLOYSIEN","LALLIOT Clement",5,"HAS",{"$nulls":4},10,{"$nulls":5},16,{"$nulls":3},10,{"$nulls":3},10,{"$nulls":5},10,{"$nulls":3},56]
[343,"CHALLET-BAILLEAU L'EVEQUE","DURQUETY Catherine",5,"FVS",null,10,{"$nulls":4},10,null,null,16,null,10,{"$nulls":7},10,{"$nulls":8},56]
[344,"CHUISNES","BIGOT Sebastien",5,"HAS",0,{"$nulls":13},16,null,10,null,10,10,10,{"$nulls":7},56]
[345,"CHUISNES","DUBESSET Aurelien",5,"HAS",0,{"$nulls":13},16,{"$nulls":3},10,10,10,null,10,{"$nulls":5},56]
[346,"GAS","TOMAS Lydie",5,"FVS",{"$nulls":8},10,null,null,10,{"$nulls":6},16,{"$nulls":3},10,{"$nulls":4},10,56]
[347,"SAINT ELIPH","BLANCHE Julien",4,"HAS",{"$nulls":8},12,null,14,{"$nulls":3},20,10,{"$nulls":12},56]
[348,"VICHERES","CORMIER - JALU Léa",5,"FAS",{"$nulls":12},12,null,10,{"$nulls":3},10,null,12,null,12,{"$nulls":5},56]
[349,"CHUISNES","HERNANDEZ Patrice",5,"HVS",0,{"$nulls":14},15,null,null,10,10,10,{"$nulls":5},10,null,55]
[350,"BONNEVAL","VINCENZI Sylvain",4,"HVS",{"$nulls":4},16,{"$nulls":18},16,null,null,10,12,54]
[351,"CHALLET-BAILLEAU L'EVEQUE","TAUPIN Maxime",5,"HJS",{"$nulls":4},10,null,null,10,14,{"$nulls":7},10,{"$nulls":5},10,{"$nulls":5},54]
[352,"LURAY","GRASSAUD Maxime",5,"HAS",null,null,10,12,null,null,10,null,12,{"$nulls":16},10,null,null,54]
[353,"VICHERES","FONTAINE Enzo",5,"HJS",{"$nulls":14},10,null,null,10,10,null,12,null,12,{"$nulls":5},54]
[354,"BOUGLAINVAL","HALGRAIN Francis",3,"HVS",{"$nulls":8},10,{"$nulls":3},18,{"$nulls":4},25,{"$nulls":10},53]
[355,"CHUISNES","DODIN Thibault",5,"HAS",{"$nulls":14},10,{"$nulls":3},10,10,null,12,{"$nulls":4},10,null,52]
[356,"CHUISNES","LEITE CASTRO Enzo",5,"HAS",{"$nulls":16},10,{"$nulls":4},12,null,null,10,null,10,10,52]
[357,"BLEVY MAILLEBOIS","LARHANTEC Louis",3,"HVS",null,10,{"$nulls":6},10,{"$nulls":6},30,{"$nulls":12},50]
[358,"BLEVY MAILLEBOIS","LAUVRAY Raymonde",5,"FVD",{"$nulls":15},10,10,null,10,10,{"$nulls":4},10,{"$nulls":3},50]
[359,"BLEVY MAILLEBOIS","MOREAU Baptiste",5,"HAS",{"$nulls":3},10,{"$nulls":6},10,{"$nulls":10},10,null,null,10,null,10,null,50]
[360,"BONNEVAL","VAUGLIN Marcel",5,"HVD",{"$nulls":4},10,{"$nulls":5},10,null,10,{"$nulls":4},10,{"$nulls":5},10,{"$nulls":4},50]
[361,"BOUGLAINVAL","LE BARS Didier",4,"HVD",null,10,null,18,{"$nulls":14},10,{"$nulls":3},12,{"$nulls":5},50]
[362,"BOULES CLUB CLOYSIEN","BOSSOIS Christian",3,"HAD",{"$nulls":16},20,20,{"$nulls":4},10,{"$nulls":5},50]
[363,"BOULES CLUB CLOYSIEN","VINCENT Cyril",3,"HAD",{"$nulls":16},20,20,{"$nulls":4},10,{"$nulls":5},50]
[364,"CHALLET-BAILLEAU L'EVEQUE","BORGES DE MORAIS José",5,"HVS",10,{"$nulls":6},10,10,{"$nulls":5},10,null,10,{"$nulls":11},50]
[365,"CHARPONT","POMMEREUIL Johann",5,"HAS",{"$nulls":8},10,null,null,10,{"$nulls":3},10,null,null,10,null,10,{"$nulls":7},50]
[366,"CHEMINOTS","DREAN Julien",3,"HAS",{"$nulls":4},10,{"$nulls":11},30,{"$nulls":9},10,null,50]
[367,"CRECY- COUVE","LE BIHAN Olivier",4,"HAD",null,null,10,{"$nulls":5},15,{"$nulls":9},15,{"$nulls":5},10,{"$nulls":3},50]
[368,"LA GAULOISE","CABART BENOIT",5,"HAS",{"$nulls":10},10,null,10,null,10,null,10,{"$nulls":5},10,{"$nulls":5},50]
[369,"LA GAULOISE","CABART Myriam",5,"FAS",{"$nulls":10},10,{"$nulls":10},10,10,{"$nulls":3},10,10,50]
[370,"LURAY","AUBERT Olivier",5,"HVS",null,10,null,10,{"$nulls":7},10,{"$nulls":7},10,null,10,{"$nulls":6},50]
[371,"LURAY","RUDEAUX Olivier",4,"HAS",null,null,10,{"$nulls":4},10,{"$nulls":10},10,{"$nulls":5},20,{"$nulls":3},50]
[372,"SAINT GEORGES MOTEL","AUCHERIE Jean Marc",5,"HV",{"$nulls":3},10,{"$nulls":7},10,{"$nulls":6},10,10,null,null,10,{"$nulls":5},50]
[373,"SAINT GEORGES MOTEL","HEULAND Arnaud",5,"HA",{"$nulls":11},10,{"$nulls":6},10,10,null,null,10,null,null,10,null,null,50]
[374,"VICHERES","CAILLON Tom",4,"HAS",10,{"$nulls":6},15,{"$nulls":8},10,{"$nulls":6},15,{"$nulls":4},50]
[375,"YEVRES","LEFEBVRE Benoit",5,"HAS",{"$nulls":7},10,{"$nulls":4},10,{"$nulls":4},10,null,10,null,null,10,{"$nulls":5},50]
[376,"BOUGLAINVAL","POUSSET Alexandre",4,"HAS",null,10,null,10,{"$nulls":7},14,{"$nulls":3},14,{"$nulls":12},48]
[377,"CHARPONT","MOREL Didier",3,"HVS",{"$nulls":4},20,null,null,18,{"$nulls":10},10,{"$nulls":9},48]
[378,"CHARPONT","FERE Olivier",4,"HAS",{"$nulls":11},15,{"$nulls":6},10,null,12,{"$nulls":3},10,{"$nulls":3},47]
[379,"CRECY- COUVE","FOURE James",4,"HAD",{"$nulls":12},12,null,10,{"$nulls":3},10,{"$nulls":3},15,{"$nulls":5},47]
[380,"BLEVY MAILLEBOIS","BURSON Anthony",4,"HAS",{"$nulls":3},12,{"$nulls":7},12,{"$nulls":3},10,{"$nulls":8},12,{"$nulls":3},46]
[381,"CHARPONT","MILLET Valentin",4,"HJS",null,16,null,10,10,{"$nulls":13},10,{"$nulls":9},46]
[382,"CHUISNES","DUBOIS Thiefaine",4,"HAS",0,{"$nulls":13},10,{"$nulls":4},10,10,null,16,{"$nulls":5},46]
[383,"GAS","LIENARD Franck",5,"HVS",{"$nulls":8},10,null,null,10,{"$nulls":6},16,{"$nulls":3},10,{"$nulls":4},10,56]
[384,"GAS","PEZET Michel",5,"HVS",{"$nulls":8},10,null,null,10,{"$nulls":6},16,{"$nulls":3},10,{"$nulls":4},10,56]
[385,"BOUGLAINVAL","GUILLAMOT David",{"$f":"COUNTIF(F387:AG387,\">1\")","v":4},"HAS",{"$nulls":3},10,10,{"$nulls":14},15,{"$nulls":4},10,{"$nulls":3},{"$f":"SUM(F387:AG387)","v":45}]
[386,"CHARPONT","FAYARD Lionel",4,"HVS",{"$nulls":3},15,{"$nulls":12},10,null,10,{"$nulls":5},10,{"$nulls":3},45]
[387,"CRECY- COUVE","BEGAL Dimitri",4,"HAS",null,null,10,{"$nulls":4},10,{"$nulls":10},15,{"$nulls":5},10,{"$nulls":3},45]
[388,"SAINT GEORGES MOTEL","KEROMNES Michel",3,"HV",{"$nulls":11},25,{"$nulls":6},10,{"$nulls":3},10,{"$nulls":5},45]
[389,"BLEVY MAILLEBOIS","GILLOT Julien",4,"HAS",{"$nulls":3},12,{"$nulls":10},10,10,{"$nulls":8},12,{"$nulls":3},44]
[390,"BOUGLAINVAL","MANIEZ Evan",4,"HJS",null,null,10,{"$nulls":12},10,{"$nulls":3},14,null,null,10,{"$nulls":5},44]
[391,"CHALLET-BAILLEAU L'EVEQUE","IMPERIALE Chantal",4,"FVS",{"$nulls":6},12,null,null,12,10,{"$nulls":5},10,{"$nulls":11},44]
[392,"GAS","GAGNEBIEN René",4,"HVS",null,12,{"$nulls":6},10,{"$nulls":14},12,{"$nulls":3},10,44]
[393,"SAINT ELIPH","GOBLET Alexis",3,"HAS",12,null,10,{"$nulls":5},22,{"$nulls":19},44]
[394,"LURAY","GRECO Benoit",3,"HVD",{"$nulls":8},10,{"$nulls":15},15,18,null,null,43]
[395,"BLEVY MAILLEBOIS","HANDZICH Maryse",4,"FVS",{"$nulls":15},10,10,null,10,12,{"$nulls":8},42]
[396,"BONNEVAL","THOMAS Eric",4,"HVD",{"$nulls":12},10,{"$nulls":6},10,12,null,null,10,{"$nulls":4},42]
[397,"BOUGLAINVAL","DHERVILLIERS Patrice",4,"HVS",null,10,null,10,{"$nulls":4},12,null,null,10,{"$nulls":16},42]
[398,"CHALLET-BAILLEAU L'EVEQUE","VAN ELSLANDER Paul",4,"HAS",10,10,null,10,null,null,12,{"$nulls":21},42]
[399,"GAS","BRIANCEAU Patrice",4,"HVS",null,12,{"$nulls":16},10,null,null,10,null,null,10,{"$nulls":3},42]
[400,"GAS","LE FLOCH Isabelle",4,"HVS",{"$nulls":11},12,{"$nulls":10},10,10,{"$nulls":3},10,42]
[401,"LURAY","LAVIGNE Daniel",4,"HVS",{"$nulls":5},10,{"$nulls":12},10,null,null,12,null,null,10,{"$nulls":3},42]
[402,"SAINT ELIPH","MARAS Alexandre",4,"HA",{"$nulls":15},10,12,{"$nulls":3},10,10,{"$nulls":6},42]
[403,"SAINT ELIPH","RIACAUX Joel",4,"HVD",{"$nulls":4},12,{"$nulls":10},10,{"$nulls":3},10,{"$nulls":5},10,null,null,42]
[404,"SAINT GEORGES MOTEL","AZEAMBOURG Ginette",4,"FV",{"$nulls":3},10,{"$nulls":4},10,{"$nulls":9},10,{"$nulls":3},12,{"$nulls":5},42]
[405,"SAINT GEORGES MOTEL","SIMONELLI Nathalie",4,"FV",{"$nulls":3},10,{"$nulls":7},10,{"$nulls":10},12,null,10,{"$nulls":3},42]
[406,"BONNEVAL","LINGET Martine",4,"FVS",{"$nulls":10},10,null,10,{"$nulls":4},10,{"$nulls":5},10,{"$nulls":4},40]
[407,"BOUGLAINVAL","CRAMPOND Yannick",4,"HVD",{"$nulls":18},10,10,10,{"$nulls":6},10,40]
[408,"BOULES CLUB CLOYSIEN","CAVALLI Hervé",3,"HAS",{"$nulls":10},18,{"$nulls":5},12,null,10,{"$nulls":9},40]
[409,"CHALLET-BAILLEAU L'EVEQUE","BORGES DE MORAIS Frédéric",4,"HAS",{"$nulls":3},10,{"$nulls":4},10,{"$nulls":5},10,null,10,{"$nulls":11},40]
[410,"CHALLET-BAILLEAU L'EVEQUE","LATIMIER Michel",4,"HVS",{"$nulls":5},10,null,null,10,null,null,10,{"$nulls":7},10,{"$nulls":8},40]
[411,"CHALLET-BAILLEAU L'EVEQUE","MOISSON David",4,"HAS",null,10,null,10,null,10,null,null,10,{"$nulls":19},40]
[412,"CHARPONT","EMILE Béatrice",4,"FVS",null,10,{"$nulls":14},10,null,10,{"$nulls":5},10,{"$nulls":3},40]
[413,"CHUISNES","BASTHISTE Olivier",4,"HVS",0,{"$nulls":15},10,null,null,10,{"$nulls":4},10,null,10,null,40]
[414,"CHUISNES","MALBET Aline",4,"FVS",0,{"$nulls":13},10,null,10,{"$nulls":4},10,{"$nulls":5},10,40]
[415,"CRECY- COUVE","BRAUD Claude",3,"HVS",{"$nulls":7},15,{"$nulls":9},15,null,null,10,{"$nulls":7},40]
[416,"LA GAULOISE","CABART KAREN",4,"HAS",{"$nulls":10},10,null,10,null,10,null,10,{"$nulls":11},40]
[417,"SAINT ELIPH","LAISNÉ Florian",3,"HAD",{"$nulls":5},20,{"$nulls":13},10,10,{"$nulls":7},40]
[418,"SAINT ELIPH","LAISNÉ Jonathan",3,"HAD",{"$nulls":5},20,{"$nulls":13},10,10,{"$nulls":7},40]
[419,"SAINT ELIPH","LEPROUST Olivier",4,"HAS",{"$nulls":14},10,null,10,null,10,10,{"$nulls":8},40]
[420,"SAINT GEORGES MOTEL","LAIZÉ Christophe",3,"HA",{"$nulls":18},15,{"$nulls":3},10,null,null,15,null,null,40]
[421,"YEVRES","RENARD Dominique",4,"HVS",{"$nulls":4},10,{"$nulls":12},10,null,10,null,10,{"$nulls":6},40]
[422,"YEVRES","SOUCHARD Kevin",4,"HAS",{"$nulls":7},10,{"$nulls":4},10,{"$nulls":4},10,null,10,{"$nulls":8},40]
[423,"BONNEVAL","BEDOT Frédéric",3,"HVS",{"$nulls":4},14,{"$nulls":5},10,{"$nulls":6},15,{"$nulls":10},39]
[424,"CHALLET-BAILLEAU L'EVEQUE","TAUPIN Arnaud",3,"HAS",{"$nulls":8},14,{"$nulls":7},10,{"$nulls":5},14,{"$nulls":5},38]
[425,"BOUGLAINVAL","GOURDAIN Pascal",3,"HVD",{"$nulls":5},15,{"$nulls":16},12,{"$nulls":4},10,37]
[426,"YEVRES","LETERTRE Marion",3,"FAS",{"$nulls":7},15,{"$nulls":4},12,{"$nulls":8},10,{"$nulls":6},37]
[427,"BLEVY MAILLEBOIS","SMIESCZAK Thibaut",3,"HAS",null,null,10,{"$nulls":12},15,{"$nulls":4},10,{"$nulls":7},35]
[428,"CHARPONT","DERANGERE Patricia",3,"FVS",{"$nulls":8},10,{"$nulls":13},10,{"$nulls":4},15,35]
[429,"CHARPONT","JANNIN Luc",3,"HAD",{"$nulls":11},15,{"$nulls":4},10,{"$nulls":8},10,null,null,35]
[430,"CRECY- COUVE","GOUVEIA DE OLIVERA Maria",3,"FVS",{"$nulls":8},15,{"$nulls":6},10,{"$nulls":8},10,{"$nulls":3},35]
[431,"SAINT ELIPH","LEPROUST Kelian",3,"HAS",{"$nulls":14},10,{"$nulls":3},10,{"$nulls":7},15,null,35]
[432,"SAINT GEORGES MOTEL","DEFRANCE Jean-Charles",3,"HA",{"$nulls":11},10,{"$nulls":12},10,15,null,null,35]
[433,"SAINT GEORGES MOTEL","REDON Mathys",2,"HA",{"$nulls":21},25,10,{"$nulls":5},35]
[434,"YEVRES","ROUSSEAU Julien",3,"HAS",{"$nulls":18},10,null,null,15,10,{"$nulls":5},35]
[435,"SAINT GEORGES MOTEL","LOISON Nicolas",3,"HA",{"$nulls":20},12,null,10,null,12,{"$nulls":3},34]
[436,"YEVRES","GUIBERT Quentin",3,"HAS",{"$nulls":7},12,null,null,12,{"$nulls":7},10,{"$nulls":9},34]
[437,"YEVRES","LAURENT Carole",3,"FAS",{"$nulls":7},12,null,null,12,{"$nulls":7},10,{"$nulls":9},34]
[438,"BONNEVAL","MATHIEU Maxime",2,"HAS",{"$nulls":4},16,{"$nulls":18},16,{"$nulls":4},32]
[439,"CHALLET-BAILLEAU L'EVEQUE","PRIEUR Patrice",3,"HAS",null,10,{"$nulls":3},10,{"$nulls":19},12,null,null,32]
[440,"CHUISNES","DUBESSET Noel",3,"HVS",{"$nulls":16},10,{"$nulls":4},12,null,null,10,{"$nulls":3},32]
[441,"CHUISNES","GILLET Arnaud",3,"HAS",{"$nulls":19},10,10,12,{"$nulls":6},32]
[442,"CHUISNES","LEITE CASTRO Bruno",3,"HAS",{"$nulls":16},10,{"$nulls":4},12,{"$nulls":4},10,null,32]
[443,"LA GAULOISE","VERRIER Hugo",3,"HJS",{"$nulls":16},10,10,12,{"$nulls":9},32]
[444,"SAINT GEORGES MOTEL","RATSIMBASAFY Raphël",3,"HA",{"$nulls":5},12,{"$nulls":5},10,{"$nulls":9},10,{"$nulls":6},32]
[445,"YEVRES","DEMAIS Serge",3,"HVS",{"$nulls":8},10,{"$nulls":6},12,{"$nulls":5},10,{"$nulls":6},32]
[446,"YEVRES","LEFEBVRE Marjorie",3,"FAS",{"$nulls":7},10,{"$nulls":4},12,{"$nulls":6},10,{"$nulls":8},32]
[447,"BONNEVAL","COUDRAY Sylvain",3,"HAD",{"$nulls":12},10,{"$nulls":6},10,{"$nulls":3},10,{"$nulls":4},30]
[448,"BOUGLAINVAL","COUPECHOUX Gérard",2,"HVS",null,20,{"$nulls":25},10,30]
[449,"BOUGLAINVAL","GARNIER Michel",{"$f":"COUNTIF(F451:AG451,\">1\")","v":3},"HVS",10,10,{"$nulls":5},10,{"$nulls":20},{"$f":"SUM(F451:AG451)","v":30}]
[450,"BOUGLAINVAL","POUPEAU Henri",3,"HVS",{"$nulls":4},10,{"$nulls":16},10,10,{"$nulls":5},30]
[451,"BOULES CLUB CLOYSIEN","ALEXANDRE Marc",3,"HVS",{"$nulls":21},10,null,10,null,null,10,null,30]
[452,"BOULES CLUB CLOYSIEN","ALEXANDRE Maxence",3,"HAS",{"$nulls":21},10,null,10,null,null,10,null,30]
[453,"BOULES CLUB CLOYSIEN","BOULARD Christophe",1,"HVS",{"$nulls":23},30,{"$nulls":4},30]
[454,"CHARPONT","BOUILLON Isabelle",3,"FVD",{"$nulls":15},10,10,{"$nulls":5},10,{"$nulls":5},30]
[455,"CHARPONT","BRETON Gerard",3,"HAS",{"$nulls":18},10,{"$nulls":3},10,null,10,{"$nulls":3},30]
[456,"CHARPONT","BRETON Timéo",3,"HJS",{"$nulls":18},10,{"$nulls":3},10,null,10,{"$nulls":3},30]
[457,"CHARPONT","GUERITAULT Micheline",3,"FVS",{"$nulls":3},10,{"$nulls":7},10,{"$nulls":6},10,{"$nulls":9},30]
[458,"CHEMINOTS","MOREAU Frédéric",3,"HAS",{"$nulls":16},10,{"$nulls":3},10,{"$nulls":5},10,null,30]
[459,"CHUISNES","BAZOGE Nicilas",3,"HAS",{"$nulls":18},10,10,10,{"$nulls":7},30]
[460,"CHUISNES","FLESCH Alain",3,"HVS",0,{"$nulls":15},10,null,null,10,{"$nulls":4},10,{"$nulls":3},30]
[461,"CHUISNES","VIVIEN Cédric",3,"HAS",{"$nulls":18},10,{"$nulls":7},10,10,30]
[462,"CRECY- COUVE","TACHEAU Jacques",2,"HVD",{"$nulls":16},15,15,{"$nulls":10},30]
[463,"GAS","CASTILLO Philippe",3,"HVS",{"$nulls":3},10,{"$nulls":4},10,{"$nulls":6},10,{"$nulls":12},30]
[464,"GAS","FERRAND Claude",3,"HVS",{"$nulls":3},10,{"$nulls":11},10,{"$nulls":11},10,30]
[465,"GAS","HAMELIN Serge",3,"HVS",{"$nulls":8},10,null,null,10,{"$nulls":15},10,30]
[466,"GAS","LIENARD Gerard",3,"HVS",{"$nulls":8},10,null,null,10,{"$nulls":10},10,{"$nulls":5},30]
[467,"SAINT ELIPH","FERREIRA BARATTTE Nathalie",3,"FAS",null,null,10,{"$nulls":5},10,{"$nulls":7},10,{"$nulls":11},30]
[468,"YEVRES","BRUNET Yoan",3,"HAS",{"$nulls":19},10,null,null,10,{"$nulls":3},10,null,30]
[469,"YEVRES","RENARD Maryline",3,"FVS",{"$nulls":4},10,{"$nulls":5},10,{"$nulls":8},10,{"$nulls":8},30]
[470,"SAINT GEORGES MOTEL","BLONDEL Julien",2,"HA",{"$nulls":20},18,null,10,{"$nulls":5},28]
[471,"BONNEVAL","PERRICHOT Denis",2,"HVS",{"$nulls":12},15,{"$nulls":7},12,{"$nulls":7},27]
[472,"CHEMINOTS","HAYE-BARBERA Amelie",2,"FAS",{"$nulls":15},16,{"$nulls":4},10,{"$nulls":7},26]
[473,"CHARPONT","DULOQUIN Dominique",2,"HVS",{"$nulls":10},10,{"$nulls":10},15,{"$nulls":6},25]
[474,"CHARPONT","RICOLLEAU Laurent",2,"HAS",{"$nulls":18},10,{"$nulls":5},15,{"$nulls":3},25]
[475,"OUARVILLE PETANQUE","LACHAL Frederic",2,"HAD",{"$nulls":26},10,15,25]
[476,"YEVRES","POTHIER Romain",2,"HAS",{"$nulls":21},15,10,{"$nulls":5},25]
[477,"YEVRES","THERY Yoann",2,"HAS",{"$nulls":21},15,10,{"$nulls":5},25]
[478,"BONNEVAL","BRETON Gilbert",2,"HVD",{"$nulls":4},14,{"$nulls":5},10,{"$nulls":17},24]
[479,"BONNEVAL","COURTOIS Victor",2,"HJS",{"$nulls":4},14,{"$nulls":5},10,{"$nulls":17},24]
[480,"GAS","DELAHAYE Eric",2,"HVS",{"$nulls":23},14,{"$nulls":3},10,24]
[481,"BONNEVAL","DUVIGNEAU Jean François",2,"HVD",{"$nulls":20},12,null,null,10,{"$nulls":4},22]
[482,"CHALLET-BAILLEAU L'EVEQUE","BOIS Daniel",2,"HVS",{"$nulls":8},10,{"$nulls":7},12,{"$nulls":11},22]
[483,"BLEVY MAILLEBOIS","DUFOSSE Anthony",2,"HAS",{"$nulls":15},10,{"$nulls":5},10,{"$nulls":6},20]
[484,"BLEVY MAILLEBOIS","WEISS Julien",2,"HAS",{"$nulls":8},10,{"$nulls":6},10,{"$nulls":12},20]
[485,"BOUGLAINVAL","GESTIN Luyana",2,"FJD",{"$nulls":6},10,10,{"$nulls":20},20]
[486,"CHALLET-BAILLEAU L'EVEQUE","FROGER Cédric",2,"HAS",{"$nulls":16},10,{"$nulls":5},10,{"$nulls":5},20]
[487,"CHALLET-BAILLEAU L'EVEQUE","LE PAGE Jean Pierre",2,"HVS",{"$nulls":8},10,{"$nulls":13},10,{"$nulls":5},20]
[488,"CHALLET-BAILLEAU L'EVEQUE","NICOLAS Brigitte",2,"FVS",{"$nulls":8},10,{"$nulls":7},10,{"$nulls":11},20]
[489,"CHARPONT","BOUCHERY Anne Marie",2,"FVS",{"$nulls":11},10,{"$nulls":6},10,{"$nulls":9},20]
[490,"CHARPONT","BOUCHERY Michel",2,"HVS",{"$nulls":11},10,{"$nulls":6},10,{"$nulls":9},20]
[491,"CHARPONT","DAVIAU Noel",2,"HVS",null,10,null,10,{"$nulls":24},20]
[492,"CHARPONT","MATHURIN Elodie",2,"FAD",{"$nulls":25},10,10,null,20]
[493,"CHARPONT","POTIER Frédéric",2,"HAS",{"$nulls":3},10,null,10,{"$nulls":22},20]
[494,"CHEMINOTS","BOUCHEREAU Quentin",2,"HAS",{"$nulls":4},10,{"$nulls":21},10,null,20]
[495,"CHEMINOTS","PERRIOT Vanessa",2,"FAS",{"$nulls":20},10,10,{"$nulls":6},20]
[496,"CHUISNES","AUGER Jean Batiste",2,"HAS",0,{"$nulls":13},10,{"$nulls":4},10,{"$nulls":8},20]
[497,"CRECY- COUVE","BRAUD Stephanie",2,"FAS",{"$nulls":7},10,{"$nulls":12},10,{"$nulls":7},20]
[498,"GAS","MALHADO Pédro",2,"HVS",{"$nulls":11},10,{"$nulls":15},10,20]
[499,"LA GAULOISE","TRIGUEL Flavie",2,"FJS",{"$nulls":14},10,null,10,{"$nulls":11},20]
[500,"LURAY","BLONDEL Jacky",2,"HVD",{"$nulls":11},10,{"$nulls":12},10,{"$nulls":3},20]
[501,"LURAY","CARNEVALE VINCENZO",2,"HVS",{"$nulls":3},10,{"$nulls":14},10,{"$nulls":9},20]
[502,"LURAY","MACHAL Pierre",2,"HVS",{"$nulls":5},10,{"$nulls":12},10,{"$nulls":9},20]
[503,"OUARVILLE PETANQUE","BOUVET Remy",2,"HVD",{"$nulls":26},10,10,20]
[504,"OUARVILLE PETANQUE","LAHAYE Philippe",2,"HVD",{"$nulls":26},10,10,20]
[505,"OUARVILLE PETANQUE","MALEPART Mathieu",2,"HAD",{"$nulls":26},10,10,20]
[506,"SAINT ELIPH","GAGNEBIEN Clement ",2,"HAS",10,{"$nulls":19},10,{"$nulls":7},20]
[507,"SAINT ELIPH","SEVER Guillaume",2,"HAD",{"$nulls":15},10,null,null,10,{"$nulls":9},20]
[508,"SAINT GEORGES MOTEL","ANDRIANDRAINIBE Rasamoelinary",2,"HA",{"$nulls":18},10,10,{"$nulls":8},20]
[509,"SAINT GEORGES MOTEL","BALLAND Alexis",2,"HA",{"$nulls":11},10,{"$nulls":12},10,{"$nulls":3},20]
[510,"SAINT GEORGES MOTEL","CHARPIN Jean-Yves",2,"HV",{"$nulls":3},10,{"$nulls":14},10,{"$nulls":9},20]
[511,"SAINT GEORGES MOTEL","LOCQUENEUX Sylvain",2,"HV",{"$nulls":19},10,{"$nulls":5},10,null,null,20]
[512,"SAINT GEORGES MOTEL","MARCHESSEAU Philippe",2,"HV",{"$nulls":19},10,null,null,10,{"$nulls":5},20]
[513,"BOUGLAINVAL","GAMMUTO Giovanna",{"$f":"COUNTIF(F515:AG515,\">1\")","v":1},"FAS",{"$nulls":7},16,{"$nulls":20},{"$f":"SUM(F515:AG515)","v":16}]
[514,"OUARVILLE PETANQUE","REGNIER Michel",1,"HVD",{"$nulls":26},16,null,16]
[515,"OUARVILLE PETANQUE","VANSTEENKISTE Emmanuelle",1,"FVS",{"$nulls":26},16,null,16]
[516,"BOUGLAINVAL","MINET Serge",1,"HVS",{"$nulls":25},15,null,null,15]
[517,"BOUGLAINVAL","TRICHET Anthony",1,"HAD",{"$nulls":25},15,null,null,15]
[518,"OUARVILLE PETANQUE","GOUSSARD Eric",1,"HVD",{"$nulls":27},15,15]
[519,"OUARVILLE PETANQUE","MARTIN Robert",1,"HVS",{"$nulls":27},15,15]
[520,"BLEVY MAILLEBOIS","GLOTIN Julien",1,"HAS",{"$nulls":11},12,{"$nulls":16},12]
[521,"BLEVY MAILLEBOIS","GREVIN Kaëlig",1,"HJS",{"$nulls":11},12,{"$nulls":16},12]
[522,"CHARPONT","PAROT Jean-Louis",1,"HVS",{"$nulls":18},12,{"$nulls":9},12]
[523,"SAINT ELIPH","DE ALMEIDE NEVES Lilyan",1,"HAS",{"$nulls":8},12,{"$nulls":19},12]
[524,"SAINT ELIPH","DURAND Florian",1,"HAS",{"$nulls":8},12,{"$nulls":19},12]
[525,"SAINT ELIPH","PELLE Cyprien",1,"HAS",{"$nulls":8},12,{"$nulls":19},12]
[526,"SAINT GEORGES MOTEL","GARNIER Denis",1,"HV",{"$nulls":3},12,{"$nulls":24},12]
[527,"VICHERES","DENIS Joachim",1,"HAS",12,{"$nulls":27},12]
[528,"BLEVY MAILLEBOIS","BRETAGNE Fabien",1,"HAS",{"$nulls":15},10,{"$nulls":12},10]
[529,"BLEVY MAILLEBOIS","MARTIN Antoine",1,"HAS",{"$nulls":15},10,{"$nulls":12},10]
[530,"BONNEVAL","BRETON Patricia",1,"FVD",{"$nulls":10},10,{"$nulls":17},10]
[531,"BOULES CLUB CLOYSIEN","BOULARD Celia",1,"FAS",{"$nulls":10},10,{"$nulls":17},10]
[532,"BOULES CLUB CLOYSIEN","FRANCOIS André",1,"HVD",{"$nulls":10},10,{"$nulls":17},10]
[533,"CHALLET-BAILLEAU L'EVEQUE","FROGER Didier",1,"HVS",{"$nulls":16},10,{"$nulls":11},10]
[534,"CHALLET-BAILLEAU L'EVEQUE","FROGER Muriel",1,"FVS",{"$nulls":16},10,{"$nulls":11},10]
[535,"CHALLET-BAILLEAU L'EVEQUE","PAMBRUN Anthony",1,"HAS",{"$nulls":8},10,{"$nulls":19},10]
[536,"CHALLET-BAILLEAU L'EVEQUE","SOIRAT Brigitte",1,"FVS",{"$nulls":8},10,{"$nulls":19},10]
[537,"CHARPONT","CHAMPAGNAT Jean Pierre",1,"HV",{"$nulls":3},10,{"$nulls":24},10]
[538,"CHARPONT","FREBOURG Dominique",1,"HVS",{"$nulls":18},10,{"$nulls":9},10]
[539,"CHARPONT","HENRY Fabrice",1,"HVS",{"$nulls":3},10,{"$nulls":24},10]
[540,"CHARPONT","LEGOFF Philippe",1,"HVS",{"$nulls":3},10,{"$nulls":24},10]
[541,"CHARPONT","LELOUTRE André",1,"HVS",{"$nulls":18},10,{"$nulls":9},10]
[542,"CHARPONT","ORIARD Sylvain",1,"HVS",null,10,{"$nulls":26},10]
[543,"CHARPONT","ROUX Gérard",1,"HVS",{"$nulls":3},10,{"$nulls":24},10]
[544,"CHEMINOTS","DAVID Charly",1,"HVS",{"$nulls":20},10,{"$nulls":7},10]
[545,"CHEMINOTS","DUBOIS Bruno",1,"HAS",{"$nulls":16},10,{"$nulls":11},10]
[546,"CHEMINOTS","GAMET David",1,"HAS",10,{"$nulls":27},10]
[547,"CHEMINOTS","LHOTE Jérome",1,"HVS",{"$nulls":20},10,{"$nulls":7},10]
[548,"CHEMINOTS","PEIGNEAU Richard",1,"HVS",{"$nulls":16},10,{"$nulls":11},10]
[549,"GAS","ESCALDA Carlos",1,"HVS",{"$nulls":27},10,10]
[550,"GAS","MARCHAND Patrick",1,"HVS",{"$nulls":11},10,{"$nulls":16},10]
[551,"SAINT ELIPH","GATEAU Dominiqe",1,"HAD",{"$nulls":22},10,{"$nulls":5},10]
[552,"SAINT GEORGES MOTEL","CUSTODIO MENDES Frédéric",1,"HA",{"$nulls":22},10,{"$nulls":5},10]
[553,"SAINT GEORGES MOTEL","DESJARDINS Kevin",1,"HA",{"$nulls":24},10,{"$nulls":3},10]
[554,"SAINT GEORGES MOTEL","TASSERIE Gérard",1,"HV",{"$nulls":25},10,null,null,10]
[555,"VICHERES","DENIS Yoann",1,"HAS",{"$nulls":3},10,{"$nulls":24},10]
[556,"VICHERES","THIROUARD Christian",1,"HVS",{"$nulls":7},10,{"$nulls":20},10]
[557,"YEVRES","ALLARD Madeleine",1,"FVS",{"$nulls":10},10,{"$nulls":17},10]
[558,"YEVRES","FORT Philippe",1,"HVS",{"$nulls":19},10,{"$nulls":8},10]
[559,"YEVRES","LOISELET Daniel",1,"HVD",{"$nulls":26},10,null,10]
[560,"BLEVY MAILLEBOIS","BOULAY Christophe",0,"HAD",{"$nulls":28},0]
[561,"BLEVY MAILLEBOIS","GAJAS Gaspard",0,"HAS",{"$nulls":28},0]
[562,"BLEVY MAILLEBOIS","MORIN Anthony",0,"HAS",{"$nulls":28},0]
[563,"BLEVY MAILLEBOIS","TROUILLET Baptiste",0,"HAS",{"$nulls":28},0]
[564,"BONNEVAL","BEDOT Marie Claire",0,"FVS",{"$nulls":28},0]
[565,"BOUGLAINVAL","BATAYER Gilberte",0,"FVS",{"$nulls":28},0]
[566,"BOUGLAINVAL","BATAYER Yves",0,"HVS",{"$nulls":28},0]
[567,"BOUGLAINVAL","MACHILS Didier",0,"HVD",{"$nulls":28},0]
[568,"BOUGLAINVAL","SANCHEZ Antoine",0,"HVS",{"$nulls":28},0]
[569,"BOULES CLUB CLOYSIEN","BORTOLI cyril",0,"HAS",{"$nulls":28},0]
[570,"BOULES CLUB CLOYSIEN","LASCAUX Yohann",0,"HAS",{"$nulls":28},0]
[571,"BOULES CLUB CLOYSIEN","SOLLET Stéphane",0,"HVS",{"$nulls":28},0]
[572,"BOULES CLUB CLOYSIEN","TRIAN Annie",0,"FVS",{"$nulls":28},0]
[573,"CHALLET-BAILLEAU L'EVEQUE","BOUFFERAIT Dominique",0,"HVS",{"$nulls":28},0]
[574,"CHALLET-BAILLEAU L'EVEQUE","MEUNIER Michel",0,"HVS",{"$nulls":28},0]
[575,"CHARPONT","BESSONEAU Lionel",0,"HVS",{"$nulls":28},0]
[576,"CHARPONT","BOISSEAU Laurent",0,"HVS",{"$nulls":28},0]
[577,"CHARPONT","BONHOMME Loic",{"$f":"COUNTIF(F579:AG579,\">1\")","v":0},"HAS",{"$nulls":28},{"$f":"SUM(F579:AG579)","v":0}]
[578,"CHARPONT","DOERRHOEFER Dominique",0,"HVS",{"$nulls":28},0]
[579,"CHARPONT","FRANCOIS Alex",0,"HVS",{"$nulls":28},0]
[580,"CHARPONT","MARIGNIER Pascal",0,"HVS",{"$nulls":28},0]
[581,"CHARPONT","NICHOLAS Maxime",0,"HAS",{"$nulls":28},0]
[582,"CHARPONT","PANARO Brigitte",0,"FVS",{"$nulls":28},0]
[583,"CHARPONT","PANARO Christophe",0,"HVS",{"$nulls":28},0]
[584,"CHEMINOTS","BEN KADDOUR Cyrille",0,"HAS",{"$nulls":28},0]
[585,"CHEMINOTS","BLANDEL Evan",0,"HJD",{"$nulls":28},0]
[586,"CHEMINOTS","BLANDEL Franck",0,"HAS",{"$nulls":28},0]
[587,"CHEMINOTS","BONTHOUX Bruno",0,"HVS",{"$nulls":28},0]
[588,"CHEMINOTS","CHAPELLE Thomas",0,"HAS",{"$nulls":28},0]
[589,"CHEMINOTS","DAVORY Karl",0,"HAS",{"$nulls":28},0]
[590,"CHEMINOTS","DERRIEN Titouan",0,"HAS",{"$nulls":28},0]
[591,"CHEMINOTS","DUBOURG Nathan",0,"HAD",{"$nulls":28},0]
[592,"CHEMINOTS","ETENNE Pascal",0,"HVS",{"$nulls":28},0]
[593,"CHEMINOTS","FONTAINE Enzo",0,"HAS",{"$nulls":28},0]
[594,"CHEMINOTS","FOUCAULT José",0,"HVS",{"$nulls":28},0]
[595,"CHEMINOTS","FOUCAULT Yoan",0,"HAS",{"$nulls":28},0]
[596,"CHEMINOTS","GARNON Daniel",0,"HVS",{"$nulls":28},0]
[597,"CHEMINOTS","HUDAN Olivia",0,"FAS",{"$nulls":28},0]
[598,"CHEMINOTS","LE BRIS Rodolphe",0,"HAS",{"$nulls":28},0]
[599,"CHEMINOTS","LE BRIS Nino",0,"HAD",{"$nulls":28},0]
[600,"CHEMINOTS","LECLERC Jean-Michel",0,"HAS",{"$nulls":28},0]
[601,"CHEMINOTS","LESAGE Benjamin",0,"HAS",{"$nulls":28},0]
[602,"CHEMINOTS","MEISSNER Simon",0,"HAS",{"$nulls":28},0]
[603,"CHEMINOTS","MOREAU Chloé",0,"FAS",{"$nulls":28},0]
[604,"CHEMINOTS","PASQUERON Corentin",0,"HAS",{"$nulls":28},0]
[605,"CHEMINOTS","PASQUERON Denis",0,"HVS",{"$nulls":28},0]
[606,"CHEMINOTS","PICOT Patrick",0,"HVS",{"$nulls":28},0]
[607,"CHEMINOTS","RANDOUILLE Claude",0,"HVS",{"$nulls":28},0]
[608,"CHEMINOTS","RANDOUILLE Nadine",0,"FVS",{"$nulls":28},0]
[609,"CHEMINOTS","RINCON Fabio",0,"HAS",{"$nulls":28},0]
[610,"CHEMINOTS","ROULEAU Julien",0,"HAS",{"$nulls":28},0]
[611,"CHEMINOTS","VASSARD Noé",0,"HAS",{"$nulls":28},0]
[612,"CHUISNES","BLANCHARD Christophe ",0,"HAS",{"$nulls":28},0]
[613,"CHUISNES","BLONDEAU Diane",0,"FAS",{"$nulls":28},0]
[614,"CHUISNES","MALBET Olivier",0,"HVS",0,{"$nulls":27},0]
[615,"CRECY- COUVE","AUVARD Claude",0,"HVD",{"$nulls":28},0]
[616,"CRECY- COUVE","BRAUD Oceanne",0,"FAS",{"$nulls":28},0]
[617,"CRECY- COUVE","DEBERLE Claudine",0,"FVD",{"$nulls":28},0]
[618,"GAS","FAGOT François",0,"HAS",{"$nulls":28},0]
[619,"LA GAULOISE","LEFRANC Bernard",0,"HVS",{"$nulls":28},0]
[620,"LA GAULOISE","LEROUX Bruno",0,"HAS",{"$nulls":28},0]
[621,"LURAY","LHUILLERY Philippe",0,"HVD",{"$nulls":28},0]
[622,"OUARVILLE PETANQUE","BRASIER Zitto",0,"FVS",{"$nulls":28},0]
[623,"OUARVILLE PETANQUE","VEILLARD Eric",0,"HVD",{"$nulls":28},0]
[624,"SAINT ELIPH","GATEAU Armelle",0,"FAD",{"$nulls":28},0]
[625,"SAINT ELIPH","MASSANT Juliette",0,"FAS",{"$nulls":28},0]
[626,"SAINT GEORGES MOTEL","AZEAMBOURG Jacky",0,"HV",{"$nulls":28},0]
[627,"SAINT GEORGES MOTEL","COUVIGNY Nadine",0,"FV",{"$nulls":28},0]
[628,"SAINT GEORGES MOTEL","GOSNET Eric",0,"HA",{"$nulls":28},0]
[629,"SAINT GEORGES MOTEL","LEFEBVRE Robert",0,"HV",{"$nulls":28},0]
[630,"SAINT GEORGES MOTEL","MOLINARI Giovanni",0,"HA",{"$nulls":28},0]
[631,"SAINT GEORGES MOTEL","MOLINARI Sandra",0,"FA",{"$nulls":28},0]
[632,"SAINT GEORGES MOTEL","PIERRE Philippe",0,"HV",{"$nulls":28},0]
[633,"SAINT GEORGES MOTEL","ROSSARD Jean-Michel",0,"HV",{"$nulls":28},0]
[634,"SAINT GEORGES MOTEL","SARPAUX Sonia",0,"FA",{"$nulls":28},0]
[635,"VICHERES","CHALLIER Romain",0,"HAS",{"$nulls":28},0]
[636,"VICHERES","GIRONDEAU Nicolas",0,"HAS",{"$nulls":28},0]
[637,"YEVRES","CALVET Serge",0,"HVS",{"$nulls":28},0]
[638,"YEVRES","HOUDIERE Michele",0,"FVS",{"$nulls":28},0]
[639,"YEVRES","LETERTRE Claudine",0,"FVS",{"$nulls":28},0]
[640,"YEVRES","TOUPET Pierre-Jean",0,"HVS",{"$nulls":28},0]

{"sheet":"classement club","index":2,"n_rows":18,"n_cols":9,"rows_kept":18}
[null,null,"points club","nombre de licenciés club","Index coul"]
[1,"Luray",{"$f":"SUMIF(Club!AI3:AI675,12,Club!AH3:AH675)","v":{"v":6808,"d":"6,808"}},{"$f":"COUNTIF(Club!AI3:AI675,12)","v":59},47,{"$f":"NumCouleur(#REF!)","v":{"$error":"#VALUE!"}},null,"Total de licenciés",{"$f":"SUM(D2:D19)","v":640}]
[2,"Charpont",{"$f":"SUMIF(Club!AI3:AI675,6,Club!AH3:AH675)","v":{"v":6642,"d":"6,642"}},{"$f":"COUNTIF(Club!AI3:AI675,6)","v":82},50,{"$f":"NumCouleur(B2)","v":{"$error":"#NAME?"}},null,"Total de points",{"$f":"SUM(C2:C19)","v":{"v":47688,"d":"47,688"}}]
[3,"Bouglainval",{"$f":"SUMIF(Club!AI3:AI675,4,Club!AH3:AH675)","v":{"v":5857,"d":"5,857"}},{"$f":"COUNTIF(Club!AI3:AI675,4)","v":62},5,{"$f":"NumCouleur(B4)","v":{"$error":"#NAME?"}}]
[4,"Crécy Couvé",{"$f":"SUMIF(Club!AI3:AI675,9,Club!AH3:AH675)","v":{"v":5835,"d":"5,835"}},{"$f":"COUNTIF(Club!AI3:AI675,9)","v":48},6,{"$f":"NumCouleur(B5)","v":{"$error":"#NAME?"}}]
[5,"Vichères",{"$f":"SUMIF(Club!AI3:AI675,15,Club!AH3:AH675)","v":{"v":5096,"d":"5,096"}},{"$f":"COUNTIF(Club!AI3:AI675,15)","v":46},43,{"$f":"NumCouleur(B6)","v":{"$error":"#NAME?"}}]
[6,"Boules Club Cloysien",{"$f":"SUMIF(Club!AI3:AI675,17,Club!AH3:AH675)","v":{"v":2822,"d":"2,822"}},{"$f":"COUNTIF(Club!AI4:AI675,17)","v":35},40,{"$f":"NumCouleur(B7)","v":{"$error":"#NAME?"}}]
[7,"St Georges Motel",{"$f":"SUMIF(Club!AI3:AI675,14,Club!AH3:AH675)","v":{"v":2533,"d":"2,533"}},{"$f":"COUNTIF(Club!AI3:AI675,14)","v":50},14,{"$f":"NumCouleur(B8)","v":{"$error":"#NAME?"}}]
[8,"Blévy-Maillebois",{"$f":"SUMIF(Club!AI3:AI675,2,Club!AH3:AH675)","v":{"v":2523,"d":"2,523"}},{"$f":"COUNTIF(Club!AI3:AI675,2)","v":33},45,{"$f":"NumCouleur(B9)","v":{"$error":"#NAME?"}}]
[9,"Challet Bailleau l'Evêque",{"$f":"SUMIF(Club!AI3:AI675,5,Club!AH3:AH675)","v":{"v":2008,"d":"2,008"}},{"$f":"COUNTIF(Club!AI3:AI675,5)","v":35},48,{"$f":"NumCouleur(B10)","v":{"$error":"#NAME?"}}]
[10,"St Eliph",{"$f":"SUMIF(Club!AI3:AI675,13,Club!AH3:AH675)","v":{"v":1566,"d":"1,566"}},{"$f":"COUNTIF(Club!AI4:AI676,13)","v":26},7,{"$f":"NumCouleur(B11)","v":{"$error":"#NAME?"}}]
[11,"La Gauloise",{"$f":"SUMIF(Club!AI3:AI675,11,Club!AH3:AH675)","v":{"v":1468,"d":"1,468"}},{"$f":"COUNTIF(Club!AI3:AI675,11)","v":23},3,{"$f":"NumCouleur(B12)","v":{"$error":"#NAME?"}}]
[12,"Yèvres",{"$f":"SUMIF(Club!AI3:AI675,16,Club!AH3:AH675)","v":{"v":1086,"d":"1,086"}},{"$f":"COUNTIF(Club!AI3:AI675,16)","v":27},33,{"$f":"NumCouleur(B13)","v":{"$error":"#NAME?"}}]
[13,"Gas",{"$f":"SUMIF(Club!AI3:AI675,10,Club!AH3:AH675)","v":{"v":1040,"d":"1,040"}},{"$f":"COUNTIF(Club!AI3:AI675,10)","v":23}]
[14,"Chuisnes",{"$f":"SUMIF(Club!AI3:AI675,8,Club!AH3:AH675)","v":957},{"$f":"COUNTIF(Club!AI3:AI675,8)","v":22},22,{"$f":"NumCouleur(B15)","v":{"$error":"#NAME?"}}]
[15,"Bonneval",{"$f":"SUMIF(Club!AI3:AI675,3,Club!AH3:AH675)","v":826},{"$f":"COUNTIF(Club!AI3:AI675,3)","v":18},19,{"$f":"NumCouleur(B16)","v":{"$error":"#NAME?"}}]
[16,"Cheminots",{"$f":"SUMIF(Club!AI3:AI675,7,Club!AH3:AH675)","v":474},{"$f":"COUNTIF(Club!AI3:AI675,7)","v":41},37,{"$f":"NumCouleur(B17)","v":{"$error":"#NAME?"}}]
[17,"Ouarville Pétanque",{"$f":"SUMIF(Club!AI4:AI676,18,Club!AH4:AH676)","v":147},{"$f":"COUNTIF(Club!AI4:AI676,18)","v":10}]

{"sheet":"Code couleur","index":3,"n_rows":56,"n_cols":10,"rows_kept":56,"hidden":true}
[{"$nulls":6},10]
[{"$nulls":6},10]
[{"$nulls":4},{"$f":"[1]!no_couleur(D3)","v":{"$error":"#NAME?"}},null,12,{"$f":"SUM(G1:G3)","v":32},3,{"$f":"H3*I3","v":96}]
[{"$nulls":6},12,null,null,0]
[null,{"$f":"NumCouleur(D5)","v":{"$error":"#NAME?"}},{"$nulls":4},10,null,null,0]
[{"$nulls":6},10,null,null,0]
[{"$nulls":6},10,null,null,0]
[{"$nulls":4},{"$f":"+'classement club'!#REF!","v":{"$error":"#REF!"}},null,10,null,null,0]
[{"$nulls":4},{"$f":"+'classement club'!C2","v":{"v":6808,"d":"6,808"}},null,10,null,null,0]
[{"$nulls":4},{"$f":"+'classement club'!C4","v":{"v":5857,"d":"5,857"}},null,25,{"$f":"SUM(G4:G10)","v":87},3,{"$f":"H10*I10","v":261}]
[{"$nulls":4},{"$f":"+'classement club'!C5","v":{"v":5835,"d":"5,835"}},null,15,null,null,{"$f":"H11*I11","v":0}]
[{"$nulls":4},{"$f":"+'classement club'!C6","v":{"v":5096,"d":"5,096"}},null,15,null,null,0]
[{"$nulls":4},{"$f":"+'classement club'!C7","v":{"v":2822,"d":"2,822"}},null,10,null,null,0]
[{"$nulls":4},{"$f":"+'classement club'!C8","v":{"v":2533,"d":"2,533"}},null,10,null,null,0]
[{"$nulls":4},{"$f":"+'classement club'!C9","v":{"v":2523,"d":"2,523"}},null,10,null,null,0]
[{"$nulls":4},{"$f":"+'classement club'!C10","v":{"v":2008,"d":"2,008"}},null,10,null,null,0]
[{"$nulls":4},{"$f":"+'classement club'!C11","v":{"v":1566,"d":"1,566"}},null,20,null,null,0]
[{"$nulls":4},{"$f":"+'classement club'!C12","v":{"v":1468,"d":"1,468"}},null,10,null,null,0]
[{"$nulls":4},{"$f":"+'classement club'!C13","v":{"v":1086,"d":"1,086"}},null,20]
[{"$nulls":4},{"$f":"'classement club'!C15","v":957},null,14,{"$f":"SUM(G11:G20)","v":134},3,{"$f":"H20*I20","v":402}]
[{"$nulls":4},{"$f":"+'classement club'!C16","v":826},null,16,null,null,{"$f":"H21*I21","v":0}]
[{"$nulls":4},{"$f":"+'classement club'!C17","v":474},null,10,null,null,0]
[{"$nulls":4},{"$f":"'classement club'!C18","v":147},null,10,null,null,0]
[{"$nulls":6},10,null,null,0]
[{"$nulls":6},15,null,null,0]
[{"$nulls":6},10,null,null,0]
[{"$nulls":4},{"$f":"SUM(E8:E23)","v":{"$error":"#REF!"}},{"$f":"F30+F29+F31","v":51585},15,null,null,0]
[{"$nulls":6},10,null,null,0]
[{"$nulls":5},50665,10,{"$f":"SUM(G21:G29)","v":106},3,318]
[{"$nulls":5},920,22]
[{"$nulls":5},0,12]
[{"$nulls":6},15]
[{"$nulls":5},{"$f":"F34*F35","v":2211},12]
[{"$nulls":5},3,12]
[{"$nulls":5},737,12]
[{"$nulls":6},10]
[{"$nulls":5},{"$f":"SUM(G1:G60)","v":687},10]
[{"$nulls":6},10]
[{"$nulls":6},10]
[{"$nulls":6},10]
[{"$nulls":6},10]
[{"$nulls":6},10]
[{"$nulls":6},10]
[{"$nulls":6},10]
[{"$nulls":6},10]
[{"$nulls":6},10]
[{"$nulls":6},30]
[{"$nulls":6},15]
[{"$nulls":6},18]
[{"$nulls":6},10]
[{"$nulls":6},10]
[{"$nulls":6},10]
[{"$nulls":6},10]
[{"$nulls":6},10]
[{"$nulls":6},10]
[{"$nulls":6},10]